-- Table structure for table `member_roles`
--

CREATE TABLE `member_roles` (
  `id` int(11) NOT NULL AUTO_INCREMENT,
  `member_id` int(11) NOT NULL,
  `role_id` int(11) NOT NULL,
  `inherited_from` int(11) DEFAULT NULL,
  PRIMARY KEY (`id`),
  KEY `index_member_roles_on_member_id` (`member_id`),
  KEY `index_member_roles_on_role_id` (`role_id`),
  KEY `index_member_roles_on_inherited_from` (`inherited_from`)
) ENGINE=InnoDB AUTO_INCREMENT=340 DEFAULT CHARSET=latin1 COLLATE=latin1_swedish_ci;

--
-- Dumping data for table `member_roles`
--

INSERT INTO `member_roles` VALUES (1,1,4,NULL),(2,2,4,NULL),(3,3,4,NULL),(4,4,6,NULL),(5,5,3,NULL),(7,7,4,NULL),(8,8,4,NULL),(10,10,3,NULL),(11,11,3,NULL),(12,12,3,NULL),(13,13,6,NULL),(14,14,3,NULL),(15,15,4,NULL),(16,16,6,NULL),(17,17,6,NULL),(19,19,4,NULL),(20,20,3,NULL),(21,21,4,NULL),(22,22,4,NULL),(23,23,4,NULL),(24,24,4,NULL),(25,25,4,NULL),(26,26,3,NULL),(27,27,6,NULL),(28,28,4,NULL),(29,29,4,NULL),(30,30,6,NULL),(31,31,4,NULL),(32,32,3,NULL),(33,33,3,NULL),(34,34,4,NULL),(35,35,4,NULL),(36,36,4,NULL),(37,37,4,NULL),(38,38,4,NULL),(39,39,4,NULL),(40,40,4,NULL),(41,41,4,NULL),(42,42,4,NULL),(43,43,4,NULL),(44,44,4,NULL),(45,45,4,NULL),(46,46,4,NULL),(47,47,4,NULL),(48,48,4,NULL),(49,49,3,NULL),(50,50,4,NULL),(51,51,4,NULL),(52,52,4,NULL),(53,53,4,NULL),(54,54,4,NULL),(55,55,4,NULL),(56,56,4,NULL),(57,57,4,NULL),(58,58,4,NULL),(59,59,4,NULL),(60,60,4,NULL),(61,61,4,NULL),(62,62,3,NULL),(63,63,6,NULL),(64,64,6,NULL),(65,65,6,NULL),(66,66,6,NULL),(67,67,4,NULL),(68,68,4,NULL),(69,69,4,NULL),(70,70,4,NULL),(71,71,4,NULL),(72,72,3,NULL),(73,73,3,NULL),(74,74,4,NULL),(75,75,4,NULL),(76,76,4,NULL),(77,77,4,NULL),(78,78,4,NULL),(79,79,4,NULL),(80,80,3,NULL),(81,81,4,NULL),(82,82,4,NULL),(83,83,4,NULL),(84,84,4,NULL),(85,85,4,NULL),(86,86,3,NULL),(87,87,4,NULL),(88,88,4,NULL),(89,89,4,NULL),(90,90,4,NULL),(91,91,4,NULL),(92,92,4,NULL),(93,93,4,NULL),(94,94,4,NULL),(95,95,4,NULL),(96,96,4,NULL),(97,97,3,NULL),(98,98,3,NULL),(99,99,4,NULL),(100,100,6,NULL),(101,101,4,NULL),(102,102,4,NULL),(103,103,4,NULL),(104,104,4,NULL),(105,105,4,NULL),(106,106,6,NULL),(107,107,3,NULL),(108,108,4,NULL),(109,109,4,NULL),(110,110,4,NULL),(111,111,4,NULL),(112,112,4,NULL),(113,113,3,NULL),(114,114,3,NULL),(115,115,4,NULL),(116,116,4,NULL),(117,117,4,NULL),(118,118,4,NULL),(119,119,4,NULL),(120,120,4,NULL),(121,121,4,NULL),(122,122,4,NULL),(124,124,4,NULL),(126,126,3,NULL),(127,127,6,NULL),(128,128,4,NULL),(129,129,4,NULL),(130,130,3,NULL),(131,131,4,NULL),(132,132,4,NULL),(133,133,4,NULL),(134,134,4,NULL),(135,135,4,NULL),(136,136,4,NULL),(137,137,4,NULL),(138,138,4,NULL),(139,139,3,NULL),(140,140,4,NULL),(141,141,4,NULL),(142,142,4,NULL),(143,143,4,NULL),(144,144,4,NULL),(145,145,3,NULL),(146,146,4,NULL),(147,147,4,NULL),(148,148,4,NULL),(149,149,6,NULL),(150,150,6,NULL),(151,150,3,NULL),(152,151,6,NULL),(153,152,4,NULL),(154,153,4,NULL),(155,154,4,NULL),(156,155,3,NULL),(157,156,4,NULL),(158,157,4,NULL),(159,158,4,NULL),(160,159,4,NULL),(173,170,4,NULL),(174,171,4,NULL),(175,172,4,NULL),(177,174,4,NULL),(178,175,4,NULL),(179,176,4,NULL),(180,177,6,NULL),(181,178,4,NULL),(182,179,4,NULL),(183,180,4,NULL),(184,181,4,NULL),(185,182,4,NULL),(186,183,4,NULL),(187,184,3,NULL),(188,185,4,NULL),(189,186,4,NULL),(190,187,3,NULL),(191,177,3,NULL),(193,189,4,NULL),(194,190,4,NULL),(195,191,4,NULL),(196,192,4,NULL),(197,193,4,NULL),(198,194,4,NULL),(199,195,4,NULL),(200,196,4,NULL),(201,197,4,NULL),(202,198,4,NULL),(203,199,4,NULL),(204,200,4,NULL),(206,202,4,NULL),(207,203,4,NULL),(208,204,4,NULL),(209,205,4,NULL),(210,206,4,NULL),(211,207,3,NULL),(212,208,3,NULL),(213,209,4,NULL),(214,210,4,NULL),(215,211,4,NULL),(216,212,4,NULL),(217,213,4,NULL),(218,214,4,NULL),(219,215,4,NULL),(220,216,4,NULL),(221,217,4,NULL),(222,218,4,NULL),(223,219,4,NULL),(224,220,4,NULL),(225,221,6,NULL),(226,222,3,NULL),(227,223,4,NULL),(228,224,5,NULL),(229,225,4,NULL),(230,226,4,NULL),(231,227,4,NULL),(232,228,4,NULL),(233,229,4,NULL),(234,230,3,NULL),(235,230,6,NULL),(236,231,3,NULL),(237,231,6,NULL),(243,237,4,NULL),(249,243,4,NULL),(250,244,4,NULL),(251,245,4,NULL),(252,246,4,NULL),(253,247,3,NULL),(254,248,4,NULL),(255,249,4,NULL),(256,250,4,NULL),(257,251,4,NULL),(258,252,4,NULL),(259,253,4,NULL),(260,254,4,NULL),(261,255,4,NULL),(262,256,4,NULL),(263,257,4,NULL),(264,258,3,NULL),(265,259,3,NULL),(266,259,4,NULL),(267,260,6,NULL),(268,261,6,NULL),(269,262,3,NULL),(270,263,4,NULL),(271,264,4,NULL),(272,265,4,NULL),(273,266,4,NULL),(274,267,4,NULL),(275,268,6,NULL),(276,269,6,NULL),(277,270,6,NULL),(278,271,6,NULL),(279,272,6,NULL),(280,273,6,NULL),(281,274,4,NULL),(282,275,4,NULL),(283,276,4,NULL),(284,277,4,NULL),(285,278,4,NULL),(296,287,3,234),(297,287,6,235),(298,288,3,236),(299,288,6,237),(300,289,4,254),(301,290,4,255),(302,291,4,256),(303,292,4,257),(304,293,4,258),(305,294,6,280),(306,295,4,NULL),(307,268,3,NULL),(308,268,4,NULL),(309,268,5,NULL),(310,296,3,NULL),(311,296,6,NULL),(312,297,4,NULL),(314,299,4,NULL),(315,300,4,NULL),(316,301,4,NULL),(317,302,4,NULL),(318,298,3,NULL),(319,298,6,NULL),(320,301,3,NULL),(321,303,4,NULL),(322,303,5,NULL),(323,261,3,NULL),(324,304,3,NULL),(325,304,6,NULL),(326,305,3,NULL),(327,305,4,NULL),(328,306,3,NULL),(329,306,4,NULL),(330,307,4,NULL),(331,308,4,NULL),(332,309,4,331),(333,310,4,NULL),(334,311,4,NULL),(335,312,3,NULL),(336,312,6,NULL),(337,313,3,NULL),(338,313,6,NULL),(339,311,3,NULL);

--
-- Table structure for table `members`
--

CREATE TABLE `members` (
  `id` int(11) NOT NULL AUTO_INCREMENT,
  `user_id` int(11) NOT NULL DEFAULT 0,
  `project_id` int(11) NOT NULL DEFAULT 0,
  `created_on` datetime DEFAULT NULL,
  `mail_notification` tinyint(1) NOT NULL DEFAULT 0,
  PRIMARY KEY (`id`),
  UNIQUE KEY `index_members_on_user_id_and_project_id` (`user_id`,`project_id`),
  KEY `index_members_on_user_id` (`user_id`),
  KEY `index_members_on_project_id` (`project_id`)
) ENGINE=InnoDB AUTO_INCREMENT=314 DEFAULT CHARSET=latin1 COLLATE=latin1_swedish_ci;

--
-- Dumping data for table `members`
--

INSERT INTO `members` VALUES (1,6,2,'2018-02-20 06:39:23',0),(2,6,1,'2018-02-20 06:40:07',0),(3,6,3,'2018-02-20 06:40:24',0),(4,7,2,'2018-03-15 07:55:42',0),(5,5,2,'2018-03-15 07:55:58',0),(7,8,2,'2018-03-27 05:49:10',0),(8,8,4,'2018-03-28 14:09:48',0),(10,5,3,'2018-03-29 05:50:37',0),(11,5,4,'2018-03-29 05:51:02',0),(12,5,1,'2018-03-29 05:51:34',0),(13,9,2,'2018-04-27 06:55:48',0),(14,5,5,'2018-04-30 21:38:44',0),(15,6,5,'2018-04-30 21:38:56',0),(16,9,5,'2018-04-30 21:39:05',0),(17,7,5,'2018-04-30 21:39:15',0),(19,11,5,'2018-05-21 08:39:18',0),(20,5,6,'2018-06-08 10:17:50',0),(21,6,6,'2018-06-08 10:18:04',0),(22,11,7,'2018-06-22 06:50:53',0),(23,5,7,'2018-06-22 06:50:53',0),(24,6,7,'2018-06-22 06:50:53',0),(25,12,7,'2018-06-22 06:50:53',0),(26,5,8,'2018-06-25 06:56:43',0),(27,13,8,'2018-06-25 06:56:54',0),(28,12,5,'2018-06-25 12:18:11',0),(29,11,2,'2018-07-12 04:58:36',0),(30,14,9,'2018-07-19 08:08:19',0),(31,11,9,'2018-07-19 08:08:53',0),(32,5,9,'2018-07-19 08:09:14',0),(33,5,10,'2018-08-08 05:17:32',0),(34,11,10,'2018-08-08 05:17:43',0),(35,15,10,'2018-08-08 05:17:51',0),(36,15,5,'2018-08-09 05:32:44',0),(37,15,2,'2018-08-28 05:31:39',0),(38,16,5,'2018-09-07 13:58:48',0),(39,16,7,'2018-09-13 06:53:12',0),(40,18,7,'2018-09-13 06:53:12',0),(41,17,7,'2018-09-13 06:53:12',0),(42,15,7,'2018-09-13 06:53:12',0),(43,16,1,'2018-10-04 11:02:49',0),(44,11,8,'2018-10-16 10:26:21',0),(45,18,11,'2018-10-16 10:30:55',0),(46,17,11,'2018-10-16 10:30:55',0),(47,15,11,'2018-10-16 10:30:55',0),(48,11,11,'2018-10-16 10:31:08',0),(49,5,11,'2018-10-16 10:31:19',0),(50,16,2,'2018-12-04 09:33:25',0),(51,18,10,'2018-12-06 08:59:18',0),(52,16,10,'2018-12-06 09:01:48',0),(53,17,10,'2018-12-06 09:01:48',0),(54,18,5,'2019-01-10 07:01:51',0),(55,17,5,'2019-01-10 07:01:51',0),(56,18,2,'2019-01-24 06:38:55',0),(57,17,2,'2019-01-24 06:38:55',0),(58,15,1,'2019-01-30 13:25:49',0),(59,12,1,'2019-02-12 09:11:33',0),(60,18,12,'2019-03-28 13:02:27',0),(61,17,12,'2019-03-28 13:02:27',0),(62,5,12,'2019-03-28 13:02:35',0),(63,20,12,'2019-03-28 13:05:27',0),(64,19,12,'2019-03-28 13:05:27',0),(65,21,12,'2019-04-03 16:55:05',0),(66,22,13,'2019-04-05 21:29:06',0),(67,5,13,'2019-04-05 21:29:43',0),(68,15,13,'2019-04-05 21:29:43',0),(69,18,14,'2019-04-12 12:49:01',0),(70,17,14,'2019-04-12 12:49:01',0),(71,15,14,'2019-04-12 12:49:01',0),(72,5,14,'2019-04-12 12:49:08',0),(73,5,15,'2019-05-03 14:32:49',0),(74,11,12,'2019-05-31 14:20:34',0),(75,23,7,'2019-06-10 11:40:51',0),(76,24,7,'2019-06-10 11:41:23',0),(77,23,10,'2019-06-10 14:55:39',0),(78,24,10,'2019-06-13 07:16:34',0),(79,11,16,'2019-06-18 11:50:24',0),(80,5,16,'2019-06-18 11:50:35',0),(81,17,16,'2019-06-20 08:12:05',0),(82,23,4,'2019-06-21 13:12:49',0),(83,18,4,'2019-06-21 13:12:49',0),(84,24,14,'2019-06-25 09:15:10',0),(85,23,11,'2019-06-25 12:45:17',0),(86,5,17,'2019-06-28 15:47:21',0),(87,23,17,'2019-06-28 15:47:41',0),(88,11,17,'2019-06-28 15:47:41',0),(89,24,17,'2019-06-28 15:47:41',0),(90,15,17,'2019-06-28 15:47:41',0),(91,23,12,'2019-07-01 09:15:58',0),(92,25,10,'2019-07-01 09:39:06',0),(93,25,11,'2019-07-01 09:39:16',0),(94,25,4,'2019-07-01 09:39:28',0),(95,25,7,'2019-07-10 10:03:34',0),(96,24,18,'2019-07-16 12:11:55',0),(97,5,18,'2019-07-16 12:12:09',0),(98,5,19,'2019-07-16 15:29:16',0),(99,17,19,'2019-07-16 15:29:29',0),(100,14,19,'2019-07-16 15:29:37',0),(101,26,10,'2019-07-24 10:03:55',0),(102,27,12,'2019-07-25 17:12:41',0),(103,23,5,'2019-07-30 09:18:28',0),(104,25,12,'2019-08-21 16:43:12',0),(105,16,15,'2019-08-29 08:59:43',0),(106,9,20,'2019-09-10 20:32:42',0),(107,5,20,'2019-09-10 20:32:58',0),(108,18,20,'2019-09-10 20:33:19',0),(109,17,20,'2019-09-10 20:33:19',0),(110,18,21,'2019-10-15 08:18:45',0),(111,17,21,'2019-10-15 08:18:45',0),(112,15,21,'2019-10-15 08:18:45',0),(113,5,21,'2019-10-15 08:18:51',0),(114,5,22,'2020-01-16 12:50:43',0),(115,16,17,'2020-01-17 06:17:29',0),(116,18,22,'2020-01-17 06:18:12',0),(117,28,20,'2020-01-17 07:34:56',0),(118,29,7,'2020-01-17 07:36:00',0),(119,28,7,'2020-01-17 07:36:00',0),(120,16,23,'2020-01-27 06:31:02',0),(121,29,23,'2020-01-27 06:31:02',0),(122,18,23,'2020-01-27 06:31:02',0),(124,28,23,'2020-01-27 06:31:02',0),(126,5,23,'2020-01-27 06:31:11',0),(127,30,24,'2020-02-20 06:39:02',0),(128,18,24,'2020-02-20 06:39:15',0),(129,28,24,'2020-02-20 06:39:15',0),(130,5,24,'2020-02-20 08:20:43',0),(131,17,24,'2020-02-21 08:18:19',0),(132,31,2,'2020-03-02 08:07:00',0),(133,32,7,'2020-03-24 06:38:01',0),(134,16,25,'2020-04-14 09:22:48',0),(135,18,25,'2020-04-14 09:22:48',0),(136,17,25,'2020-04-14 09:22:48',0),(137,28,25,'2020-04-14 09:22:48',0),(138,15,25,'2020-04-14 09:22:48',0),(139,5,25,'2020-04-14 09:22:56',0),(140,17,26,'2020-05-06 08:49:03',0),(141,5,26,'2020-05-06 08:49:13',0),(142,16,27,'2020-05-15 19:57:16',0),(143,17,27,'2020-05-15 19:57:16',0),(144,28,27,'2020-05-15 19:57:16',0),(145,5,27,'2020-05-15 19:57:25',0),(146,17,13,'2020-07-01 12:36:01',0),(147,28,10,'2020-07-07 09:18:44',0),(148,17,28,'2020-07-08 15:32:01',0),(149,33,20,'2020-08-06 05:23:27',0),(150,34,27,'2020-08-11 16:36:03',0),(151,36,30,'2020-12-15 11:03:17',0),(152,35,30,'2020-12-15 11:03:34',0),(153,17,30,'2020-12-15 11:03:34',0),(154,28,30,'2020-12-15 11:03:34',0),(155,5,30,'2020-12-15 11:03:45',0),(156,35,10,'2020-12-23 10:14:55',0),(157,35,7,'2021-01-01 07:48:33',0),(158,37,7,'2021-01-05 07:17:50',0),(159,37,10,'2021-01-05 07:19:06',0),(170,38,10,'2021-02-01 13:35:15',0),(171,38,11,'2021-02-01 13:35:22',0),(172,38,27,'2021-02-01 13:35:33',0),(174,38,7,'2021-02-01 13:35:41',0),(175,28,2,'2021-02-03 07:02:15',0),(176,37,26,'2021-03-01 06:14:44',0),(177,34,34,'2021-03-08 19:31:47',0),(178,38,34,'2021-03-08 19:32:11',0),(179,35,34,'2021-03-08 19:32:11',0),(180,37,34,'2021-03-08 19:32:11',0),(181,17,34,'2021-03-08 19:32:11',0),(182,28,34,'2021-03-08 19:32:11',0),(183,15,34,'2021-03-08 19:32:11',0),(184,5,34,'2021-03-08 19:32:20',0),(185,17,32,'2021-03-11 14:58:51',0),(186,28,32,'2021-03-11 14:58:51',0),(187,5,32,'2021-03-11 14:58:58',0),(189,35,31,'2021-04-09 07:21:30',0),(190,38,17,'2021-05-26 08:22:58',0),(191,35,17,'2021-05-26 08:22:58',0),(192,37,17,'2021-05-26 08:22:58',0),(193,17,17,'2021-05-26 08:22:58',0),(194,28,17,'2021-05-26 08:22:58',0),(195,5,35,'2021-07-02 14:35:55',0),(196,17,35,'2021-07-02 14:35:55',0),(197,15,20,'2021-07-23 13:25:51',0),(198,15,35,'2021-07-28 08:16:21',0),(199,28,35,'2021-08-17 12:41:49',0),(200,15,27,'2021-08-30 08:50:50',0),(202,35,35,'2021-10-13 07:58:48',0),(203,39,27,'2021-10-20 08:06:38',0),(204,39,34,'2021-10-20 08:56:03',0),(205,40,10,'2021-10-21 08:40:52',0),(206,39,10,'2021-10-21 08:40:52',0),(207,34,36,'2021-10-28 13:22:54',0),(208,34,37,'2021-10-28 13:24:09',0),(209,38,36,'2021-11-16 15:50:54',0),(210,40,36,'2021-11-16 15:50:54',0),(211,37,36,'2021-11-16 15:50:54',0),(212,5,36,'2021-11-16 15:50:54',0),(213,28,36,'2021-11-16 15:50:54',0),(214,40,27,'2021-11-19 06:21:53',0),(215,35,27,'2021-11-19 06:21:53',0),(216,37,27,'2021-11-19 06:21:53',0),(217,38,20,'2021-11-23 06:33:46',0),(218,35,38,'2021-12-15 06:40:22',0),(219,5,38,'2021-12-15 06:40:22',0),(220,40,23,'2022-02-01 06:45:45',0),(221,41,31,'2022-02-08 07:22:44',0),(222,5,31,'2022-02-09 08:00:52',0),(223,40,31,'2022-02-09 08:01:03',0),(224,38,31,'2022-02-09 08:01:13',0),(225,28,31,'2022-02-09 08:01:19',0),(226,38,23,'2022-02-10 13:06:33',0),(227,35,23,'2022-02-10 13:06:33',0),(228,37,23,'2022-02-10 13:06:33',0),(229,40,34,'2022-02-11 10:25:59',0),(230,34,29,'2022-04-07 11:52:47',0),(231,5,29,'2022-04-07 11:52:47',0),(237,40,7,'2022-05-06 07:15:34',0),(243,38,39,'2022-05-19 06:17:58',0),(244,40,39,'2022-05-19 06:17:58',0),(245,35,39,'2022-05-19 06:17:58',0),(246,28,39,'2022-05-19 06:17:58',0),(247,5,39,'2022-05-19 06:18:08',0),(248,38,29,'2022-06-24 14:09:14',0),(249,40,29,'2022-06-24 14:09:14',0),(250,35,29,'2022-06-24 14:09:14',0),(251,37,29,'2022-06-24 14:09:14',0),(252,28,29,'2022-06-24 14:09:14',0),(253,38,37,'2022-06-28 11:58:08',0),(254,40,37,'2022-06-28 11:58:08',0),(255,35,37,'2022-06-28 11:58:08',0),(256,37,37,'2022-06-28 11:58:08',0),(257,28,37,'2022-06-28 11:58:08',0),(258,5,37,'2022-07-05 19:29:53',0),(259,5,40,'2022-07-15 10:22:26',0),(260,47,40,'2022-07-15 10:53:19',0),(261,34,42,'2022-09-09 15:56:03',0),(262,5,42,'2022-09-09 15:56:10',0),(263,38,42,'2022-09-09 15:56:38',0),(264,40,42,'2022-09-09 15:56:38',0),(265,35,42,'2022-09-09 15:56:38',0),(266,37,42,'2022-09-09 15:56:38',0),(267,28,42,'2022-09-09 15:56:38',0),(268,34,39,'2022-10-06 14:21:05',0),(269,48,27,'2022-10-06 14:24:26',0),(270,48,39,'2022-10-06 14:24:47',0),(271,48,36,'2022-10-06 14:25:01',0),(272,48,37,'2022-10-06 14:25:23',0),(273,48,29,'2022-10-06 14:25:45',0),(274,35,41,'2022-10-21 07:50:27',0),(275,38,41,'2023-01-04 07:29:35',0),(276,40,41,'2023-01-04 07:29:35',0),(277,37,41,'2023-01-04 07:29:35',0),(278,28,41,'2023-01-04 07:29:35',0),(287,34,43,'2023-01-13 17:01:17',0),(288,5,43,'2023-01-13 17:01:17',0),(289,38,43,'2023-01-13 17:01:17',0),(290,40,43,'2023-01-13 17:01:17',0),(291,35,43,'2023-01-13 17:01:17',0),(292,37,43,'2023-01-13 17:01:17',0),(293,28,43,'2023-01-13 17:01:17',0),(294,48,43,'2023-01-13 17:01:17',0),(295,50,10,'2023-06-16 08:43:49',0),(296,51,41,'2023-10-26 10:40:41',0),(297,38,45,'2023-11-09 07:12:00',0),(298,34,45,'2023-11-09 07:12:00',0),(299,35,45,'2023-11-09 07:12:00',0),(300,37,45,'2023-11-09 07:12:00',0),(301,5,45,'2023-11-09 07:12:00',0),(302,28,45,'2023-11-09 07:12:01',0),(303,52,45,'2023-11-09 07:14:21',0),(304,53,46,'2024-06-21 17:59:09',0),(305,35,46,'2024-06-21 17:59:38',0),(306,5,46,'2024-06-21 17:59:38',0),(307,54,10,'2024-12-03 14:28:50',0),(308,54,29,'2025-03-03 18:23:14',0),(309,54,43,'2025-03-03 18:23:14',0),(310,57,47,'2025-03-11 00:21:18',0),(311,5,47,'2025-03-11 00:21:18',0),(312,55,47,'2025-03-11 00:21:50',0),(313,56,47,'2025-03-11 00:21:50',0);

--
-- Table structure for table `messages`
--

CREATE TABLE `messages` (
  `id` int(11) NOT NULL AUTO_INCREMENT,
  `board_id` int(11) NOT NULL,
  `parent_id` int(11) DEFAULT NULL,
  `subject` varchar(255) NOT NULL DEFAULT '',
  `content` text DEFAULT NULL,
  `author_id` int(11) DEFAULT NULL,
  `replies_count` int(11) NOT NULL DEFAULT 0,
  `last_reply_id` int(11) DEFAULT NULL,
  `created_on` datetime NOT NULL,
  `updated_on` datetime NOT NULL,
  `locked` tinyint(1) DEFAULT 0,
  `sticky` int(11) DEFAULT 0,
  PRIMARY KEY (`id`),
  KEY `messages_board_id` (`board_id`),
  KEY `messages_parent_id` (`parent_id`),
  KEY `index_messages_on_last_reply_id` (`last_reply_id`),
  KEY `index_messages_on_author_id` (`author_id`),
  KEY `index_messages_on_created_on` (`created_on`)
) ENGINE=InnoDB DEFAULT CHARSET=latin1 COLLATE=latin1_swedish_ci;

--
-- Dumping data for table `messages`
--


--
-- Table structure for table `news`
--

CREATE TABLE `news` (
  `id` int(11) NOT NULL AUTO_INCREMENT,
  `project_id` int(11) DEFAULT NULL,
  `title` varchar(60) NOT NULL DEFAULT '',
  `summary` varchar(255) DEFAULT '',
  `description` text DEFAULT NULL,
  `author_id` int(11) NOT NULL DEFAULT 0,
  `created_on` datetime DEFAULT NULL,
  `comments_count` int(11) NOT NULL DEFAULT 0,
  PRIMARY KEY (`id`),
  KEY `news_project_id` (`project_id`),
  KEY `index_news_on_author_id` (`author_id`),
  KEY `index_news_on_created_on` (`created_on`)
) ENGINE=InnoDB AUTO_INCREMENT=2 DEFAULT CHARSET=latin1 COLLATE=latin1_swedish_ci;

--
-- Dumping data for table `news`
--

INSERT INTO `news` VALUES (1,34,'Logo and brand guidelines (in case you need them)','','https://womenenabled-my.sharepoint.com/personal/b_evans_womenenabled_org/_layouts/15/onedrive.aspx?id=%2Fpersonal%2Fb%5Fevans%5Fwomenenabled%5Forg%2FDocuments%2FCommunications%2FBrand%20Evolution%2FDesigner%20Files&originalPath=aHR0cHM6Ly93b21lbmVuYWJsZWQtbXkuc2hhcmVwb2ludC5jb20vOmY6L2cvcGVyc29uYWwvYl9ldmFuc193b21lbmVuYWJsZWRfb3JnL0VpUW80WlBHdzJOTHJtWnhnQ25SZTNFQkdJWmxtbGZyUWt2bml0R2RQV0RfRFE%5FcnRpbWU9eWsydGloVWgyVWc ',34,'2021-05-28 15:06:31',0);

--
-- Table structure for table `projects`
--

CREATE TABLE `projects` (
  `id` int(11) NOT NULL AUTO_INCREMENT,
  `name` varchar(255) NOT NULL DEFAULT '',
  `description` text DEFAULT NULL,
  `homepage` varchar(255) DEFAULT '',
  `is_public` tinyint(1) NOT NULL DEFAULT 1,
  `parent_id` int(11) DEFAULT NULL,
  `created_on` datetime DEFAULT NULL,
  `updated_on` datetime DEFAULT NULL,
  `identifier` varchar(255) DEFAULT NULL,
  `status` int(11) NOT NULL DEFAULT 1,
  `lft` int(11) DEFAULT NULL,
  `rgt` int(11) DEFAULT NULL,
  `inherit_members` tinyint(1) NOT NULL DEFAULT 0,
  `default_version_id` int(11) DEFAULT NULL,
  `default_assigned_to_id` int(11) DEFAULT NULL,
  `default_issue_query_id` int(11) DEFAULT NULL,
  PRIMARY KEY (`id`),
  KEY `index_projects_on_lft` (`lft`),
  KEY `index_projects_on_rgt` (`rgt`)
) ENGINE=InnoDB AUTO_INCREMENT=48 DEFAULT CHARSET=latin1 COLLATE=latin1_swedish_ci;

--
-- Dumping data for table `projects`
--

INSERT INTO `projects` VALUES (1,'Smartcontent','A project to create API for Viihealth','',0,NULL,'2018-02-19 11:48:22','2022-07-07 14:58:13','smartcontent',9,75,76,0,NULL,NULL,NULL),(2,'PurpleChips','A website related to stock exchange ','',0,NULL,'2018-02-20 06:34:44','2019-04-03 16:53:02','purplechips',1,65,66,0,NULL,NULL,NULL),(3,'CMS Based Project','CMS based project for developing cms project for clients of viihealth ','',0,NULL,'2018-02-20 06:35:51','2022-07-07 08:49:58','cms-based-project',9,5,6,0,NULL,NULL,NULL),(4,'PressVeterans ','PressVeterans Theme implementation ','',0,NULL,'2018-03-28 14:09:09','2022-07-07 14:58:01','pressveterans',9,63,64,0,NULL,NULL,NULL),(5,'BreedChamp','BreedChamp is an online listing and bidding service for the equine industry. It connects mare owners and stallion farms through an efficient, approachable platform. This document contains the necessary information to build BreedChamp.com. It is broken into sections based on the requirement and functionality of the website, in chronological order of use.','',0,NULL,'2018-04-30 21:38:08','2022-07-07 08:50:29','breedchamp',1,3,4,0,NULL,NULL,NULL),(6,'MCM builder/New Flowmaker','MCM builder and new flowmaker for creating presentations.','',0,NULL,'2018-06-08 10:17:08','2022-07-07 08:51:35','mcm-builder-new-flowmaker',9,51,52,0,NULL,NULL,NULL),(7,'UpWork Credentails','This project contains credentials for UpWork.','',0,NULL,'2018-06-20 07:28:16','2019-04-03 16:53:20','upwork-credentails',1,81,82,0,NULL,NULL,NULL),(8,'Investorsforbusiness and Flowingbusiness ','This project will be used to manage the issues for Patrick projects investors for my business and flowing business','',0,NULL,'2018-06-25 06:56:22','2020-06-03 13:44:54','investorsforbusiness-and-flowingbusiness',9,35,36,0,NULL,NULL,NULL),(9,'dollyinnovations','We’re committed to safety, efficiency, and injury-prevention in every workplace environment.Employer surveys show that accidents and injuries on stairs are the biggest single cause of back health and accident-related absenteeism from work in manual material handling industries. Poor posture during manual material handling on stairs or steps can cause a loss of  load control and a sudden, unpredictable increase in physical back stress. This often leads to injury and property damage. With the M3 Stair Walker your employees can maintain the natural “S” curve of the spine at all times while using a dolly on stairs. This the neutral position is the injury-free safety zone for the back.','',0,NULL,'2018-07-19 08:06:31','2022-07-07 08:50:23','dollyinnovations',9,15,16,0,NULL,NULL,NULL),(10,'VeteranLogix','VeteranLogix and PressVeterans website maintenance ','',0,NULL,'2018-08-08 05:16:58','2019-04-03 16:53:27','veteranlogix',1,85,86,0,NULL,NULL,NULL),(11,'Veteranpeople','Veteranpeople a network of websites','',0,NULL,'2018-10-16 10:30:24','2022-07-07 14:58:36','veteranpeople',9,87,88,0,NULL,NULL,NULL),(12,'Small Business Trends','Small Business Trends\r\nFounded in 2003, Small Business Trends is an award-winning online publication for small business owners, entrepreneurs and the people who interact with them. It is one of the most popular independent small business publications on the web. Together with hundreds of expert contributors, Small Business Trends brings you the news, advice and resources you need. \"Small business success... delivered daily.\"','',0,NULL,'2019-03-28 13:02:02','2020-06-03 13:45:34','smallbusinesstrends',9,73,74,0,NULL,NULL,NULL),(13,'mediajuicestudios','Mediajuice Studios was founded in the Fall of 2004 by Jeremy Snead. Our first client, Atari, commissioned us to produce many TV spots, trailers, and sizzle reels for the popular anime franchise Dragon Ball Z. Other well known Atari franchises like Backyard Sports, Neverwinter Nights and The Matrix video game were among some of Mediajuice’s early projects. From those early Dragon Ball Z and Atari beginnings, the Mediajuice team has grown and taken on more top-tier clients like Hasbro, Activision, Capcom, Microsoft, Konami, and many more.','',0,NULL,'2019-04-05 21:25:10','2022-07-07 14:58:59','mediajuicestudios',1,53,54,0,NULL,NULL,NULL),(14,'Lifepartnerbook','Lifepartnerbook','',0,NULL,'2019-04-12 12:48:41','2020-06-03 13:45:01','lifepartnerbook',9,45,46,0,NULL,NULL,NULL),(15,'Hubdata','Hubdata project for maintaining customer data related to skating  ','',0,NULL,'2019-05-02 08:15:21','2022-07-07 14:57:49','hubdata',9,29,30,0,NULL,NULL,NULL),(16,'Australian Farming Services','Australian Farming Services','',0,NULL,'2019-06-18 11:49:43','2020-06-03 13:44:27','australian-farming-services',9,1,2,0,NULL,NULL,NULL),(17,'Lolwhoa','lolwhoa is funny website we are building during next couple of months.','',0,NULL,'2019-06-28 15:46:59','2022-07-07 14:58:23','lolwhoa',9,49,50,0,NULL,NULL,NULL),(18,'selfgrowthacademy','http://selfgrowthacademy.com','',0,NULL,'2019-07-16 12:11:45','2020-06-03 13:45:41','http-selfgrowthacademy',9,71,72,0,NULL,NULL,NULL),(19,'ponyos','ponyos.com webstore for horses industry ','',0,NULL,'2019-07-16 15:29:02','2022-07-07 08:51:57','ponyos',9,61,62,0,NULL,NULL,NULL),(20,'commonwealthsaddles','Established in 2019, CommonWealth Saddles proudly announced partnerships with Amerigo Custom Saddles, Meyer Custom Saddles, and Leveza Tack and Apparel. Through these partnerships, CommonWealth Saddles provides fittings, custom saddle orders, and high-end quality tack to clients across Canada involved in the Jumping, Dressage and Eventing disciplines.','',0,NULL,'2019-09-10 20:32:22','2019-09-10 20:32:22','commonwealthsaddles',1,7,8,0,NULL,NULL,NULL),(21,'Cutedresses','Cute dresses for fashion designing ','',0,NULL,'2019-10-14 13:44:29','2022-07-07 08:49:50','cutedresses',9,11,12,0,NULL,NULL,NULL),(22,'Sunday Digital',' \r\nHey there!\r\nI\'m Kaity\r\n\r\nI help businesses grow through a profit focused Google Ads strategy. Let’s work together to identify your ideal customers, and get in front of them when they’re ready to convert.','',0,NULL,'2020-01-16 12:50:25','2022-07-07 08:50:16','sunday-digital',9,79,80,0,NULL,NULL,NULL),(23,'Viihealth','Viihealth website creation','',0,NULL,'2020-01-27 06:27:51','2020-06-03 13:45:15','viihealth',1,89,90,0,NULL,NULL,NULL),(24,'Digital Corner Solutions','Digital Corner Solutions blog management','',0,NULL,'2020-02-20 06:38:45','2022-07-07 08:51:11','digital-corner-solutions',9,13,14,0,NULL,NULL,NULL),(25,'Hosting veterans','WordPress:\r\nmahboob\r\nSrYm5gCHQRJ(mA!CbYYKlH%V\r\n','',0,NULL,'2020-04-14 09:22:19','2022-07-07 14:57:54','hosting-veterans',9,27,28,0,NULL,NULL,NULL),(26,'Lightcolab','Lighcolab project','',0,NULL,'2020-05-06 08:48:49','2022-07-07 14:59:06','lightcolab',1,47,48,0,NULL,NULL,NULL),(27,'UXInnerCircle','UXInnerCircle','',0,NULL,'2020-05-15 19:56:55','2020-05-15 19:57:32','uxinnercircle',1,83,84,0,NULL,NULL,NULL),(28,'FideLitel','Fidelitel','',0,NULL,'2020-07-08 13:58:36','2022-07-07 08:51:19','fidelitel',9,23,24,0,NULL,NULL,NULL),(29,'ED dev','experiencedynamics','https://dev2.experiencedynamics.com/',0,NULL,'2020-10-19 15:49:46','2023-01-30 13:31:26','experiencedynamics',1,17,20,0,NULL,5,NULL),(30,'iron-fire','IRONFIRE FURNITURE IS BEAUTIFUL & VERY AFFORDABLE\r\nSustainable, modern Industrial interior design.\r\nOnline furniture for Office, Home & Garden','',0,NULL,'2020-12-15 11:03:07','2022-07-07 08:51:25','iron-fire',9,37,38,0,NULL,NULL,NULL),(31,'Rentamerd','rentamerd','',0,NULL,'2021-01-07 18:22:42','2022-07-07 14:58:49','rentamerd',9,67,68,0,NULL,NULL,NULL),(32,'consciouscapitalism','consciouscapitalism','',0,NULL,'2021-01-15 08:00:04','2022-07-07 08:49:17','consciouscapitalism',9,9,10,0,NULL,NULL,NULL),(33,'Woman enabled','','',0,NULL,'2021-01-18 07:32:34','2022-07-07 08:51:45','woman-enabled',9,91,92,0,NULL,NULL,NULL),(34,'Women Enabled International','Women Enabled International','',0,NULL,'2021-01-21 14:31:34','2021-03-04 08:15:50','women-enabled-international',5,93,94,1,NULL,NULL,NULL),(35,'kindora','kindora multivendor store','',0,NULL,'2021-07-02 14:35:28','2022-07-07 14:57:44','kindora',9,43,44,0,NULL,NULL,NULL),(36,'MIUSA','','',0,NULL,'2021-10-28 13:22:54','2022-02-02 06:23:22','miusa',1,55,56,0,NULL,NULL,NULL),(37,'Paintworks','','',0,NULL,'2021-10-28 13:24:09','2022-02-02 06:23:30','paintworks',1,59,60,0,NULL,NULL,NULL),(38,'imker24','','',0,NULL,'2021-12-08 11:19:18','2022-07-07 08:55:01','imker24',9,31,32,0,NULL,NULL,NULL),(39,'inclusiveaudit.com','inclusiveaudit.com\r\n','',0,NULL,'2022-05-19 06:17:36','2022-10-06 14:20:45','experiencedynamics-dashboard-project',1,33,34,0,NULL,NULL,NULL),(40,'jbonet-mobilier','','',0,NULL,'2022-07-15 10:22:10','2022-07-15 10:22:10','jbonet-mobilier',1,39,40,0,NULL,NULL,NULL),(41,'Kideno','Kideno for selling products','',0,NULL,'2022-08-25 07:46:26','2022-08-25 07:46:31','kideno',1,41,42,0,NULL,NULL,NULL),(42,'globaldisabilityrightsnow','globaldisabilityrightsnow','',0,NULL,'2022-09-09 15:55:46','2022-09-09 15:55:46','globaldisabilityrightsnow',1,25,26,0,NULL,NULL,NULL),(43,' ED Dev QA',' ED Dev QA','',0,29,'2023-01-13 17:01:17','2023-01-13 17:01:17','ed-dev-qa',1,18,19,1,NULL,NULL,NULL),(44,'Modestmoney','Bob Haegele is in charge of content at Modest Money. He has a bachelor’s degree in information from Marquette University in Milwaukee, Wisconsin. His degree put him in a somewhat unusual place at the time as it was a part of the business school. That had him studying finance, economics, and accounting.','',0,NULL,'2023-05-10 09:06:19','2023-05-10 09:06:19','modestmoney',1,57,58,0,NULL,NULL,NULL),(45,'Email Marketing','Email Marketing for ED,UXIC or any other project for Frank\r\n','',0,NULL,'2023-11-09 07:11:33','2023-11-09 07:11:33','email-marketing',1,21,22,0,NULL,NULL,NULL),(46,'SMS Matrix dev','SMS Matrix dev','',0,NULL,'2024-06-21 17:58:50','2024-06-21 17:59:53','sms-matrix-dev',1,77,78,0,NULL,NULL,NULL),(47,'Rite Innovations','Rite Innovations','',0,NULL,'2025-03-11 00:16:47','2025-03-11 00:16:47','rite-innovations',1,69,70,0,NULL,NULL,NULL);

--
-- Table structure for table `projects_trackers`
--

CREATE TABLE `projects_trackers` (
  `project_id` int(11) NOT NULL DEFAULT 0,
  `tracker_id` int(11) NOT NULL DEFAULT 0,
  UNIQUE KEY `projects_trackers_unique` (`project_id`,`tracker_id`),
  KEY `projects_trackers_project_id` (`project_id`)
) ENGINE=InnoDB DEFAULT CHARSET=latin1 COLLATE=latin1_swedish_ci;

--
-- Dumping data for table `projects_trackers`
--

INSERT INTO `projects_trackers` VALUES (1,1),(1,2),(1,3),(2,1),(2,2),(2,3),(3,1),(3,2),(3,3),(4,1),(4,2),(4,3),(5,1),(5,2),(5,3),(6,1),(6,2),(6,3),(7,1),(7,2),(7,3),(8,1),(8,2),(8,3),(9,1),(9,2),(9,3),(10,1),(10,2),(10,3),(11,1),(11,2),(11,3),(12,1),(12,2),(12,3),(13,1),(13,2),(13,3),(14,1),(14,2),(14,3),(15,1),(15,2),(15,3),(16,1),(16,2),(16,3),(17,1),(17,2),(17,3),(18,1),(18,2),(18,3),(19,1),(19,2),(19,3),(20,1),(20,2),(20,3),(21,1),(21,2),(21,3),(22,1),(22,2),(22,3),(23,1),(23,2),(23,3),(24,1),(24,2),(24,3),(25,1),(25,2),(25,3),(26,1),(26,2),(26,3),(27,1),(27,2),(27,3),(28,1),(28,2),(28,3),(29,1),(29,2),(29,3),(30,1),(30,2),(30,3),(31,1),(31,2),(31,3),(32,1),(32,2),(32,3),(33,1),(33,2),(33,3),(34,1),(34,2),(34,3),(35,1),(35,2),(35,3),(36,1),(36,2),(36,3),(37,1),(37,2),(37,3),(38,1),(38,2),(38,3),(39,1),(39,2),(39,3),(40,1),(40,2),(40,3),(41,1),(41,2),(41,3),(42,1),(42,2),(42,3),(43,1),(43,2),(43,3),(44,1),(44,2),(44,3),(45,1),(45,2),(45,3),(46,1),(46,2),(46,3),(47,1),(47,2),(47,3),(47,4);

--
-- Table structure for table `queries`
--

CREATE TABLE `queries` (
  `id` int(11) NOT NULL AUTO_INCREMENT,
  `project_id` int(11) DEFAULT NULL,
  `name` varchar(255) NOT NULL DEFAULT '',
  `filters` text DEFAULT NULL,
  `user_id` int(11) NOT NULL DEFAULT 0,
  `column_names` text DEFAULT NULL,
  `sort_criteria` text DEFAULT NULL,
  `group_by` varchar(255) DEFAULT NULL,
  `type` varchar(255) DEFAULT NULL,
  `visibility` int(11) DEFAULT 0,
  `options` text DEFAULT NULL,
  PRIMARY KEY (`id`),
  KEY `index_queries_on_project_id` (`project_id`),
  KEY `index_queries_on_user_id` (`user_id`)
) ENGINE=InnoDB DEFAULT CHARSET=latin1 COLLATE=latin1_swedish_ci;

--
-- Dumping data for table `queries`
--


--
-- Table structure for table `queries_roles`
--

CREATE TABLE `queries_roles` (
  `query_id` int(11) NOT NULL,
  `role_id` int(11) NOT NULL,
  UNIQUE KEY `queries_roles_ids` (`query_id`,`role_id`)
) ENGINE=InnoDB DEFAULT CHARSET=latin1 COLLATE=latin1_swedish_ci;

--
-- Dumping data for table `queries_roles`
--


--
-- Table structure for table `repositories`
--

CREATE TABLE `repositories` (
  `id` int(11) NOT NULL AUTO_INCREMENT,
  `project_id` int(11) NOT NULL DEFAULT 0,
  `url` varchar(255) NOT NULL DEFAULT '',
  `login` varchar(60) DEFAULT '',
  `password` varchar(255) DEFAULT '',
  `root_url` varchar(255) DEFAULT '',
  `type` varchar(255) DEFAULT NULL,
  `path_encoding` varchar(64) DEFAULT NULL,
  `log_encoding` varchar(64) DEFAULT NULL,
  `extra_info` longtext DEFAULT NULL,
  `identifier` varchar(255) DEFAULT NULL,
  `is_default` tinyint(1) DEFAULT 0,
  `created_on` datetime DEFAULT NULL,
  PRIMARY KEY (`id`),
  KEY `index_repositories_on_project_id` (`project_id`)
) ENGINE=InnoDB DEFAULT CHARSET=latin1 COLLATE=latin1_swedish_ci;

--
-- Dumping data for table `repositories`
--


--
-- Table structure for table `roles`
--

CREATE TABLE `roles` (
  `id` int(11) NOT NULL AUTO_INCREMENT,
  `name` varchar(255) NOT NULL DEFAULT '',
  `position` int(11) DEFAULT NULL,
  `assignable` tinyint(1) DEFAULT 1,
  `builtin` int(11) NOT NULL DEFAULT 0,
  `permissions` text DEFAULT NULL,
  `issues_visibility` varchar(30) NOT NULL DEFAULT 'default',
  `users_visibility` varchar(30) NOT NULL DEFAULT 'all',
  `time_entries_visibility` varchar(30) NOT NULL DEFAULT 'all',
  `all_roles_managed` tinyint(1) NOT NULL DEFAULT 1,
  `settings` text DEFAULT NULL,
  PRIMARY KEY (`id`)
) ENGINE=InnoDB AUTO_INCREMENT=7 DEFAULT CHARSET=latin1 COLLATE=latin1_swedish_ci;

--
-- Dumping data for table `roles`
--

INSERT INTO `roles` VALUES (1,'Non member',0,1,1,'---\n- :view_issues\n- :add_issues\n- :add_issue_notes\n- :save_queries\n- :view_gantt\n- :view_calendar\n- :view_time_entries\n- :view_news\n- :comment_news\n- :view_documents\n- :view_wiki_pages\n- :view_wiki_edits\n- :view_messages\n- :add_messages\n- :view_files\n- :browse_repository\n- :view_changesets\n','default','all','all',1,NULL),(2,'Anonymous',0,1,2,'---\n- :view_issues\n- :view_gantt\n- :view_calendar\n- :view_time_entries\n- :view_news\n- :view_documents\n- :view_wiki_pages\n- :view_wiki_edits\n- :view_messages\n- :view_files\n- :browse_repository\n- :view_changesets\n','default','all','all',1,NULL),(3,'Manager',1,1,0,'---\n- :add_project\n- :edit_project\n- :close_project\n- :select_project_modules\n- :manage_members\n- :manage_versions\n- :add_subprojects\n- :manage_public_queries\n- :save_queries\n- :view_issues\n- :add_issues\n- :edit_issues\n- :copy_issues\n- :manage_issue_relations\n- :manage_subtasks\n- :set_issues_private\n- :set_own_issues_private\n- :add_issue_notes\n- :edit_issue_notes\n- :edit_own_issue_notes\n- :view_private_notes\n- :set_notes_private\n- :delete_issues\n- :view_issue_watchers\n- :add_issue_watchers\n- :delete_issue_watchers\n- :import_issues\n- :manage_categories\n- :view_time_entries\n- :log_time\n- :edit_time_entries\n- :edit_own_time_entries\n- :manage_project_activities\n- :view_news\n- :manage_news\n- :comment_news\n- :view_documents\n- :add_documents\n- :edit_documents\n- :delete_documents\n- :view_files\n- :manage_files\n- :view_wiki_pages\n- :view_wiki_edits\n- :export_wiki_pages\n- :edit_wiki_pages\n- :rename_wiki_pages\n- :delete_wiki_pages\n- :delete_wiki_pages_attachments\n- :protect_wiki_pages\n- :manage_wiki\n- :view_changesets\n- :browse_repository\n- :commit_access\n- :manage_related_issues\n- :manage_repository\n- :view_messages\n- :add_messages\n- :edit_messages\n- :edit_own_messages\n- :delete_messages\n- :delete_own_messages\n- :manage_boards\n- :view_calendar\n- :view_gantt\n','all','all','all',1,NULL),(4,'Developer',2,1,0,'---\n- :manage_versions\n- :save_queries\n- :view_messages\n- :add_messages\n- :edit_own_messages\n- :view_calendar\n- :view_documents\n- :add_documents\n- :edit_documents\n- :view_files\n- :manage_files\n- :view_gantt\n- :view_issues\n- :add_issues\n- :edit_issues\n- :manage_issue_relations\n- :manage_subtasks\n- :add_issue_notes\n- :view_private_notes\n- :set_notes_private\n- :view_issue_watchers\n- :add_issue_watchers\n- :manage_categories\n- :view_news\n- :comment_news\n- :view_changesets\n- :browse_repository\n- :commit_access\n- :manage_related_issues\n- :view_time_entries\n- :log_time\n- :view_wiki_pages\n- :view_wiki_edits\n- :edit_wiki_pages\n- :delete_wiki_pages\n','default','all','all',1,'--- !ruby/hash:ActiveSupport::HashWithIndifferentAccess\npermissions_all_trackers: !ruby/hash:ActiveSupport::HashWithIndifferentAccess\n  view_issues: \'1\'\n  add_issues: \'1\'\n  edit_issues: \'1\'\n  add_issue_notes: \'1\'\n  delete_issues: \'1\'\npermissions_tracker_ids: !ruby/hash:ActiveSupport::HashWithIndifferentAccess\n  view_issues: []\n  add_issues: []\n  edit_issues: []\n  add_issue_notes: []\n  delete_issues: []\n'),(5,'Reporter',3,1,0,'---\n- :view_issues\n- :add_issues\n- :add_issue_notes\n- :save_queries\n- :view_gantt\n- :view_calendar\n- :log_time\n- :view_time_entries\n- :view_news\n- :comment_news\n- :view_documents\n- :view_wiki_pages\n- :view_wiki_edits\n- :view_messages\n- :add_messages\n- :edit_own_messages\n- :view_files\n- :browse_repository\n- :view_changesets\n','default','all','all',1,NULL),(6,'Client',4,1,0,'---\n- :add_project\n- :edit_project\n- :close_project\n- :select_project_modules\n- :manage_members\n- :manage_versions\n- :add_subprojects\n- :manage_public_queries\n- :save_queries\n- :view_messages\n- :add_messages\n- :edit_messages\n- :edit_own_messages\n- :delete_messages\n- :delete_own_messages\n- :manage_boards\n- :view_calendar\n- :view_documents\n- :add_documents\n- :edit_documents\n- :delete_documents\n- :view_files\n- :manage_files\n- :view_gantt\n- :view_issues\n- :add_issues\n- :edit_issues\n- :copy_issues\n- :manage_issue_relations\n- :manage_subtasks\n- :set_issues_private\n- :set_own_issues_private\n- :add_issue_notes\n- :edit_issue_notes\n- :edit_own_issue_notes\n- :view_private_notes\n- :set_notes_private\n- :delete_issues\n- :view_issue_watchers\n- :add_issue_watchers\n- :delete_issue_watchers\n- :import_issues\n- :manage_categories\n- :view_news\n- :manage_news\n- :comment_news\n- :view_changesets\n- :browse_repository\n- :commit_access\n- :manage_related_issues\n- :manage_repository\n- :view_time_entries\n- :log_time\n- :edit_time_entries\n- :edit_own_time_entries\n- :manage_project_activities\n- :view_wiki_pages\n- :view_wiki_edits\n- :export_wiki_pages\n- :edit_wiki_pages\n- :rename_wiki_pages\n- :delete_wiki_pages\n- :delete_wiki_pages_attachments\n- :protect_wiki_pages\n- :manage_wiki\n','all','all','all',1,'--- !ruby/hash:ActiveSupport::HashWithIndifferentAccess\npermissions_all_trackers: !ruby/hash:ActiveSupport::HashWithIndifferentAccess\n  view_issues: \'1\'\n  add_issues: \'1\'\n  edit_issues: \'1\'\n  add_issue_notes: \'1\'\n  delete_issues: \'1\'\npermissions_tracker_ids: !ruby/hash:ActiveSupport::HashWithIndifferentAccess\n  view_issues: []\n  add_issues: []\n  edit_issues: []\n  add_issue_notes: []\n  delete_issues: []\n');

--
-- Table structure for table `roles_managed_roles`
--

CREATE TABLE `roles_managed_roles` (
  `role_id` int(11) NOT NULL,
  `managed_role_id` int(11) NOT NULL,
  UNIQUE KEY `index_roles_managed_roles_on_role_id_and_managed_role_id` (`role_id`,`managed_role_id`)
) ENGINE=InnoDB DEFAULT CHARSET=latin1 COLLATE=latin1_swedish_ci;

--
-- Dumping data for table `roles_managed_roles`
--


--
-- Table structure for table `schema_migrations`
--

CREATE TABLE `schema_migrations` (
  `version` varchar(255) NOT NULL,
  UNIQUE KEY `unique_schema_migrations` (`version`)
) ENGINE=InnoDB DEFAULT CHARSET=latin1 COLLATE=latin1_swedish_ci;

--
-- Dumping data for table `schema_migrations`
--

INSERT INTO `schema_migrations` VALUES ('1'),('10'),('100'),('101'),('102'),('103'),('104'),('105'),('106'),('107'),('108'),('11'),('12'),('13'),('14'),('15'),('16'),('17'),('18'),('19'),('2'),('20'),('20090214190337'),('20090312172426'),('20090312194159'),('20090318181151'),('20090323224724'),('20090401221305'),('20090401231134'),('20090403001910'),('20090406161854'),('20090425161243'),('20090503121501'),('20090503121505'),('20090503121510'),('20090614091200'),('20090704172350'),('20090704172355'),('20090704172358'),('20091010093521'),('20091017212227'),('20091017212457'),('20091017212644'),('20091017212938'),('20091017213027'),('20091017213113'),('20091017213151'),('20091017213228'),('20091017213257'),('20091017213332'),('20091017213444'),('20091017213536'),('20091017213642'),('20091017213716'),('20091017213757'),('20091017213835'),('20091017213910'),('20091017214015'),('20091017214107'),('20091017214136'),('20091017214236'),('20091017214308'),('20091017214336'),('20091017214406'),('20091017214440'),('20091017214519'),('20091017214611'),('20091017214644'),('20091017214720'),('20091017214750'),('20091025163651'),('20091108092559'),('20091114105931'),('20091123212029'),('20091205124427'),('20091220183509'),('20091220183727'),('20091220184736'),('20091225164732'),('20091227112908'),('20100129193402'),('20100129193813'),('20100221100219'),('20100313132032'),('20100313171051'),('20100705164950'),('20100819172912'),('20101104182107'),('20101107130441'),('20101114115114'),('20101114115359'),('20110220160626'),('20110223180944'),('20110223180953'),('20110224000000'),('20110226120112'),('20110226120132'),('20110227125750'),('20110228000000'),('20110228000100'),('20110401192910'),('20110408103312'),('20110412065600'),('20110511000000'),('20110902000000'),('20111201201315'),('20120115143024'),('20120115143100'),('20120115143126'),('20120127174243'),('20120205111326'),('20120223110929'),('20120301153455'),('20120422150750'),('20120705074331'),('20120707064544'),('20120714122000'),('20120714122100'),('20120714122200'),('20120731164049'),('20120930112914'),('20121026002032'),('20121026003537'),('20121209123234'),('20121209123358'),('20121213084931'),('20130110122628'),('20130201184705'),('20130202090625'),('20130207175206'),('20130207181455'),('20130215073721'),('20130215111127'),('20130215111141'),('20130217094251'),('20130602092539'),('20130710182539'),('20130713104233'),('20130713111657'),('20130729070143'),('20130911193200'),('20131004113137'),('20131005100610'),('20131124175346'),('20131210180802'),('20131214094309'),('20131215104612'),('20131218183023'),('20140228130325'),('20140903143914'),('20140920094058'),('20141029181752'),('20141029181824'),('20141109112308'),('20141122124142'),('20150113194759'),('20150113211532'),('20150113213922'),('20150113213955'),('20150208105930'),('20150510083747'),('20150525103953'),('20150526183158'),('20150528084820'),('20150528092912'),('20150528093249'),('20150725112753'),('20150730122707'),('20150730122735'),('20150921204850'),('20150921210243'),('20151020182334'),('20151020182731'),('20151021184614'),('20151021185456'),('20151021190616'),('20151024082034'),('20151025072118'),('20151031095005'),('20160404080304'),('20160416072926'),('20160529063352'),('20161001122012'),('20161002133421'),('20161010081301'),('20161010081528'),('20161010081600'),('20161126094932'),('20161220091118'),('20170207050700'),('20170302015225'),('20170309214320'),('20170320051650'),('20170418090031'),('20170419144536'),('20170723112801'),('20180501132547'),('20180913072918'),('20180923082945'),('20180923091603'),('20190315094151'),('20190315102101'),('20190510070108'),('20190620135549'),('20200826153401'),('20200826153402'),('20210704125704'),('20210705111300'),('20210728131544'),('20210801145548'),('20210801211024'),('20211213122100'),('20211213122101'),('20211213122102'),('20220224194639'),('21'),('22'),('23'),('24'),('25'),('26'),('27'),('28'),('29'),('3'),('30'),('31'),('32'),('33'),('34'),('35'),('36'),('37'),('38'),('39'),('4'),('40'),('41'),('42'),('43'),('44'),('45'),('46'),('47'),('48'),('49'),('5'),('50'),('51'),('52'),('53'),('54'),('55'),('56'),('57'),('58'),('59'),('6'),('60'),('61'),('62'),('63'),('64'),('65'),('66'),('67'),('68'),('69'),('7'),('70'),('71'),('72'),('73'),('74'),('75'),('76'),('77'),('78'),('79'),('8'),('80'),('81'),('82'),('83'),('84'),('85'),('86'),('87'),('88'),('89'),('9'),('90'),('91'),('92'),('93'),('94'),('95'),('96'),('97'),('98'),('99');

--
-- Table structure for table `settings`
--

CREATE TABLE `settings` (
  `id` int(11) NOT NULL AUTO_INCREMENT,
  `name` varchar(255) NOT NULL DEFAULT '',
  `value` text DEFAULT NULL,
  `updated_on` datetime DEFAULT NULL,
  PRIMARY KEY (`id`),
  KEY `index_settings_on_name` (`name`)
) ENGINE=InnoDB AUTO_INCREMENT=55 DEFAULT CHARSET=latin1 COLLATE=latin1_swedish_ci;

--
-- Dumping data for table `settings`
--

INSERT INTO `settings` VALUES (1,'login_required','1','2018-02-19 11:17:16'),(2,'autologin','0','2018-02-19 11:17:16'),(3,'self_registration','2','2018-02-19 11:17:16'),(4,'show_custom_fields_on_registration','1','2018-02-19 11:17:16'),(5,'unsubscribe','1','2018-02-19 11:17:16'),(6,'password_min_length','8','2018-02-19 11:17:16'),(7,'password_max_age','0','2018-02-19 11:17:16'),(8,'lost_password','1','2018-02-19 11:17:16'),(9,'max_additional_emails','5','2018-02-19 11:17:16'),(11,'session_lifetime','10080','2018-03-15 07:07:31'),(12,'session_timeout','2880','2018-03-15 07:07:31'),(13,'default_users_hide_mail','1','2018-02-19 11:17:16'),(14,'default_users_time_zone','Islamabad','2018-02-19 11:17:16'),(15,'app_title','VeteranLogix','2018-02-19 11:19:47'),(16,'welcome_text','Project Management tool for VeteranLogix','2018-02-19 11:23:26'),(17,'per_page_options','30,50,100','2021-06-03 11:48:39'),(18,'search_results_per_page','20','2021-06-03 11:47:48'),(19,'activity_days_default','30','2018-02-19 11:19:47'),(20,'host_name','redmine.veteranlogix.com','2018-02-19 20:53:49'),(21,'protocol','http','2018-02-19 11:19:47'),(22,'text_formatting','textile','2018-02-19 11:19:47'),(23,'cache_formatted_text','0','2018-02-19 11:19:47'),(24,'wiki_compression','','2018-02-19 11:19:47'),(25,'feeds_limit','15','2018-02-19 11:19:47'),(26,'mail_from','info@veteranlogix.com','2019-03-27 20:47:53'),(28,'plain_text_mail','0','2018-02-19 19:31:47'),(29,'default_notification_option','only_my_events','2018-02-19 19:31:48'),(30,'notified_events','---\n- issue_added\n- issue_updated\n- news_added\n- news_comment_added\n- document_added\n- file_added\n- message_posted\n- wiki_content_added\n- wiki_content_updated\n','2019-03-28 07:50:12'),(31,'emails_header','','2022-07-06 14:00:11'),(32,'emails_footer','You have received this notification because you have either subscribed to it, or are involved in it.\r\nTo change your notification preferences, please click here: http://redmine.veteranlogix.com/my/account','2018-02-19 19:31:48'),(33,'timelog_required_fields','---\n- issue_id\n- comments\n','2018-02-19 20:54:35'),(34,'ui_theme','','2018-03-15 07:10:20'),(35,'default_language','en','2018-03-15 07:10:20'),(36,'force_default_language_for_anonymous','0','2018-03-15 07:10:20'),(37,'force_default_language_for_loggedin','0','2018-03-15 07:10:20'),(38,'start_of_week','','2018-03-15 07:10:20'),(39,'date_format','','2018-03-15 07:10:20'),(40,'time_format','','2018-03-15 07:10:20'),(41,'timespan_format','minutes','2022-07-06 07:01:50'),(42,'user_format','firstname_lastname','2022-07-15 08:43:02'),(43,'gravatar_enabled','1','2018-03-15 07:10:20'),(44,'gravatar_default','','2018-03-15 07:10:20'),(45,'thumbnails_enabled','1','2022-07-06 07:01:50'),(46,'thumbnails_size','100','2018-03-15 07:10:20'),(47,'new_item_menu_tab','2','2018-03-15 07:10:20'),(48,'attachment_max_size','51200','2018-11-28 09:16:35'),(49,'attachment_extensions_allowed','','2018-11-28 09:16:35'),(50,'attachment_extensions_denied','','2018-11-28 09:16:35'),(51,'file_max_size_displayed','512','2018-11-28 09:16:35'),(52,'diff_max_lines_displayed','1500','2018-11-28 09:16:35'),(53,'repositories_encodings','','2018-11-28 09:16:35'),(54,'show_status_changes_in_mail_subject','1','2022-07-06 13:58:19');

--
-- Table structure for table `time_entries`
--

CREATE TABLE `time_entries` (
  `id` int(11) NOT NULL AUTO_INCREMENT,
  `project_id` int(11) NOT NULL,
  `author_id` int(11) DEFAULT NULL,
  `user_id` int(11) NOT NULL,
  `issue_id` int(11) DEFAULT NULL,
  `hours` float NOT NULL,
  `comments` varchar(1024) DEFAULT NULL,
  `activity_id` int(11) NOT NULL,
  `spent_on` date NOT NULL,
  `tyear` int(11) NOT NULL,
  `tmonth` int(11) NOT NULL,
  `tweek` int(11) NOT NULL,
  `created_on` datetime NOT NULL,
  `updated_on` datetime NOT NULL,
  PRIMARY KEY (`id`),
  KEY `time_entries_project_id` (`project_id`),
  KEY `time_entries_issue_id` (`issue_id`),
  KEY `index_time_entries_on_activity_id` (`activity_id`),
  KEY `index_time_entries_on_user_id` (`user_id`),
  KEY `index_time_entries_on_created_on` (`created_on`)
) ENGINE=InnoDB AUTO_INCREMENT=976 DEFAULT CHARSET=latin1 COLLATE=latin1_swedish_ci;

--
-- Dumping data for table `time_entries`
--

INSERT INTO `time_entries` VALUES (2,2,6,6,1,4,'Solved',8,'2018-02-20',2018,2,8,'2018-02-20 12:46:51','2018-02-20 12:46:51'),(3,2,6,6,1,1,'2 column alignment problem solved',8,'2018-02-20',2018,2,8,'2018-02-20 14:50:59','2018-02-20 14:50:59'),(4,2,6,6,1,1.5,'solved US alignment and mobile align center',8,'2018-02-21',2018,2,8,'2018-02-21 06:35:55','2018-02-21 06:35:55'),(5,3,6,6,2,3.5,'Read 3 documents',9,'2018-02-21',2018,2,8,'2018-02-21 10:07:58','2018-02-21 10:07:58'),(6,3,6,6,2,5,'Generate Requirements Report',9,'2018-02-22',2018,2,8,'2018-02-22 11:06:06','2018-02-22 11:06:06'),(7,3,6,6,2,3,'Project Started',9,'2018-02-22',2018,2,8,'2018-02-22 14:07:27','2018-02-22 14:07:27'),(8,3,6,6,3,7.5,'Database design and laravel installation',9,'2018-02-23',2018,2,8,'2018-02-23 12:37:38','2018-02-23 12:37:38'),(9,3,6,6,4,8,'viiHealth Developer functionality',9,'2018-02-26',2018,2,9,'2018-02-26 14:19:28','2018-02-26 14:19:28'),(10,3,6,6,4,8,'work on viiHealth administrator',9,'2018-02-27',2018,2,9,'2018-02-27 14:10:14','2018-02-27 14:10:14'),(11,3,6,6,5,8,'3 user dashboard panel completed',9,'2018-02-28',2018,2,9,'2018-02-28 13:45:51','2018-02-28 13:45:51'),(12,3,6,6,5,8.5,'all users dashboard completed',9,'2018-03-01',2018,3,9,'2018-03-01 14:39:13','2018-03-01 14:39:13'),(13,3,6,6,5,8,'email services and invitation',9,'2018-03-02',2018,3,9,'2018-03-02 12:53:30','2018-03-02 12:53:30'),(14,3,6,6,5,8,'05/03/2018 Report',9,'2018-03-06',2018,3,10,'2018-03-06 12:55:50','2018-03-06 12:55:50'),(15,3,6,6,6,10,'worked on backend content',9,'2018-03-07',2018,3,10,'2018-03-07 14:15:42','2018-03-07 14:15:42'),(16,3,6,6,6,8,'completed for client testing',9,'2018-03-08',2018,3,10,'2018-03-08 13:06:16','2018-03-08 13:06:16'),(17,3,6,6,7,8,'09/03/2018 worked on API',9,'2018-03-12',2018,3,11,'2018-03-12 06:19:20','2018-03-12 06:19:20'),(18,3,6,6,7,8,'created all APIs for patient and caregiver',9,'2018-03-12',2018,3,11,'2018-03-12 14:23:10','2018-03-12 14:23:10'),(19,3,6,6,6,8,'bulk delete and documentation',9,'2018-03-13',2018,3,11,'2018-03-13 14:23:35','2018-03-13 14:23:35'),(20,3,6,6,6,8,'solved issues after first testing',9,'2018-03-14',2018,3,11,'2018-03-14 14:02:29','2018-03-14 14:02:29'),(21,3,6,6,9,4.5,'add quiz 15-03-2018',9,'2018-03-16',2018,3,11,'2018-03-16 04:40:39','2018-03-16 04:40:39'),(22,3,6,6,6,3.5,'Assign content to different user under same sponsor client 15-03-2018',9,'2018-03-16',2018,3,11,'2018-03-16 04:42:50','2018-03-16 04:42:50'),(23,3,6,6,9,8,'quiz and their question management',9,'2018-03-16',2018,3,11,'2018-03-16 12:44:31','2018-03-16 12:44:31'),(24,3,6,6,6,8,'Learning Room 19/03/2018',9,'2018-03-22',2018,3,12,'2018-03-22 05:02:10','2018-03-22 05:02:10'),(25,3,6,6,6,8,'Add Recipe Content',9,'2018-03-22',2018,3,12,'2018-03-22 05:06:12','2018-03-22 05:06:12'),(26,3,6,6,6,8,'Tips and Notification',9,'2018-03-22',2018,3,12,'2018-03-22 05:08:22','2018-03-22 05:08:22'),(27,3,6,6,6,8,'26-03-2018',9,'2018-03-26',2018,3,13,'2018-03-26 14:09:17','2018-03-26 14:09:17'),(28,1,6,6,11,8,'content fetching from google slides API',9,'2018-03-28',2018,3,13,'2018-03-28 14:06:51','2018-03-28 14:06:51'),(29,4,8,8,13,8,'home page development',9,'2018-03-28',2018,3,13,'2018-03-28 14:20:58','2018-03-28 14:20:58'),(30,3,6,6,9,8,'google slides API and text changes issues resolved',9,'2018-03-29',2018,3,13,'2018-03-29 14:04:46','2018-03-29 14:04:46'),(31,1,6,6,11,4,'getting contents from google slides API\'s',9,'2018-03-29',2018,3,13,'2018-03-29 14:16:31','2018-03-29 14:16:31'),(32,2,5,5,10,7,'Konain spent time',9,'2018-03-30',2018,3,13,'2018-03-30 07:49:03','2018-03-30 07:49:03'),(33,2,5,5,12,7,'Konain Worked on it',9,'2018-03-30',2018,3,13,'2018-03-30 07:50:29','2018-03-30 07:50:29'),(34,4,8,8,13,7,'Made dynamic pages set Menu, Header and footer. Make portfolio categories and fetch data from dynamically.',9,'2018-03-30',2018,3,13,'2018-03-30 13:13:41','2018-03-30 13:13:41'),(35,2,5,5,14,2,'Fixed issue on website',9,'2018-04-02',2018,4,14,'2018-04-02 07:40:01','2018-04-02 07:40:01'),(36,2,5,5,15,1,'Fixed issue on website',9,'2018-04-02',2018,4,14,'2018-04-02 08:08:52','2018-04-02 08:08:52'),(37,3,6,6,9,8,'quiz and their question management',9,'2018-04-02',2018,4,14,'2018-04-02 14:48:35','2018-04-02 14:48:35'),(38,3,6,6,9,5.5,'testing and implementation',9,'2018-04-03',2018,4,14,'2018-04-03 14:20:33','2018-04-03 14:20:33'),(39,1,6,6,11,2.5,'show result in Json',9,'2018-04-03',2018,4,14,'2018-04-03 14:22:17','2018-04-03 14:22:17'),(40,1,6,6,11,8,'getting contents from google slides API\'s',9,'2018-04-04',2018,4,14,'2018-04-04 14:15:48','2018-04-04 14:15:48'),(41,2,6,6,12,4,'Display Standby instead of $1 for different widgets ',9,'2018-04-05',2018,4,14,'2018-04-05 13:52:22','2018-04-05 13:52:22'),(42,1,6,6,11,4,'Google slides API content fetching',9,'2018-04-05',2018,4,14,'2018-04-05 13:53:49','2018-04-05 13:53:49'),(43,2,5,5,19,1,'Fixed issue on website',9,'2018-04-17',2018,4,16,'2018-04-17 08:42:53','2018-04-17 08:42:53'),(44,2,5,5,18,1,'Fixed issue on website',9,'2018-04-17',2018,4,16,'2018-04-17 09:14:13','2018-04-17 09:14:13'),(45,2,5,5,16,2,'Fixed issue on website',9,'2018-04-17',2018,4,16,'2018-04-17 10:01:28','2018-04-17 10:01:28'),(46,2,5,5,17,3,'Fixed issue on website',9,'2018-04-17',2018,4,16,'2018-04-17 10:27:34','2018-04-17 10:27:34'),(47,5,11,11,29,0.5,'Finished the small tasks, moving onto the graphics',8,'2018-06-04',2018,6,23,'2018-06-04 07:03:37','2018-06-04 07:03:37'),(48,5,11,11,31,0.2,'Awaiting review',8,'2018-06-04',2018,6,23,'2018-06-04 09:26:54','2018-06-04 09:26:54'),(49,5,11,11,30,0.15,'Adjusted the CSS and some HTML, awaiting QA.',8,'2018-06-04',2018,6,23,'2018-06-04 09:34:14','2018-06-04 09:34:14'),(50,5,11,11,29,2,'Awaiting QA before merging changes',8,'2018-06-05',2018,6,23,'2018-06-05 06:14:30','2018-06-05 06:14:30'),(51,5,11,11,34,0.8,'Most of the changes have been made, follow-up required on the remaining ones',8,'2018-06-11',2018,6,24,'2018-06-11 07:06:30','2018-06-11 07:06:30'),(52,5,11,11,35,0.9,'Changes made, awaiting feedback',8,'2018-06-21',2018,6,25,'2018-06-21 07:24:38','2018-06-21 07:24:38'),(53,5,11,11,36,0.2,'Adjustments made, awaiting QA and feedback',8,'2018-06-21',2018,6,25,'2018-06-21 07:26:12','2018-06-21 07:26:12'),(54,5,11,11,40,0.1,'There was a CSS class interfering with the general styling, removed it and the issue went away. Awaiting QA.',8,'2018-06-21',2018,6,25,'2018-06-21 07:27:29','2018-06-21 07:27:29'),(55,5,11,11,39,0.25,'Adjusted as required, QA needed',8,'2018-06-21',2018,6,25,'2018-06-21 10:10:59','2018-06-21 10:10:59'),(56,5,11,11,37,0.5,'Resolved in coordination with Majid, awaiting feedback.',8,'2018-06-21',2018,6,25,'2018-06-21 10:38:31','2018-06-21 10:38:31'),(57,5,11,11,41,0.1,'Resolved, awaiting the change to be pushed live',8,'2018-06-22',2018,6,25,'2018-06-22 09:32:53','2018-06-22 09:32:53'),(58,5,11,11,43,0.1,'Resolved in coordination with Majid, awaiting feedback.',8,'2018-06-27',2018,6,26,'2018-06-27 07:40:52','2018-06-27 07:40:52'),(59,5,11,11,37,1,'Resolved in coordination with Majid, awaiting feedback.',8,'2018-06-27',2018,6,26,'2018-06-27 07:41:57','2018-06-27 07:41:57'),(60,5,11,11,39,0.7,'Resolved in coordination with Majid, awaiting feedback.',8,'2018-06-27',2018,6,26,'2018-06-27 07:43:00','2018-06-27 07:43:00'),(61,5,11,11,38,3,'The changes have been made, awaiting feedback and QA',8,'2018-06-27',2018,6,26,'2018-06-27 07:48:39','2018-06-27 07:48:39'),(62,2,11,11,53,0.1,'Done for the most part',8,'2018-07-12',2018,7,28,'2018-07-12 05:05:26','2018-07-12 05:05:26'),(63,2,11,11,55,0.2,'Done',8,'2018-07-12',2018,7,28,'2018-07-12 05:38:09','2018-07-12 05:38:09'),(64,2,11,11,54,0.1,'Done',8,'2018-07-12',2018,7,28,'2018-07-12 05:46:05','2018-07-12 05:46:05'),(65,2,11,11,53,0.01,'Done from my end',8,'2018-07-13',2018,7,28,'2018-07-13 04:08:07','2018-07-13 04:08:07'),(66,2,11,11,55,0,'Done from my end',8,'2018-07-13',2018,7,28,'2018-07-13 04:08:33','2018-07-13 04:08:33'),(67,5,11,11,58,0.1,'Done',8,'2018-07-13',2018,7,28,'2018-07-13 04:25:59','2018-07-13 04:25:59'),(68,5,11,11,65,0.1,'Done',8,'2018-07-13',2018,7,28,'2018-07-13 05:34:38','2018-07-13 05:34:38'),(69,5,11,11,78,0,'Edit',9,'2018-07-13',2018,7,28,'2018-07-13 06:52:55','2018-07-13 06:52:55'),(70,5,6,6,57,0.5,'Resolved',9,'2018-07-13',2018,7,28,'2018-07-13 07:14:37','2018-07-13 07:14:37'),(71,5,6,6,59,0.5,'Solved',9,'2018-07-13',2018,7,28,'2018-07-13 10:12:59','2018-07-13 10:12:59'),(72,5,6,6,81,1,'Solved',9,'2018-07-13',2018,7,28,'2018-07-13 11:34:22','2018-07-13 11:34:22'),(73,5,11,11,93,0.1,'Resolved',8,'2018-07-16',2018,7,29,'2018-07-16 08:16:08','2018-07-16 08:16:08'),(74,5,11,11,92,0.1,'Done',8,'2018-07-16',2018,7,29,'2018-07-16 09:42:06','2018-07-16 09:42:06'),(75,5,11,11,67,0.1,'Done',8,'2018-07-16',2018,7,29,'2018-07-16 09:42:25','2018-07-16 09:42:25'),(76,5,11,11,88,1,'Resolved',8,'2018-07-16',2018,7,29,'2018-07-16 12:22:43','2018-07-16 12:22:43'),(77,5,11,11,63,0.3,'Done',8,'2018-07-16',2018,7,29,'2018-07-16 12:23:22','2018-07-16 12:23:22'),(78,5,11,11,95,0.2,'Done',8,'2018-07-16',2018,7,29,'2018-07-16 13:10:48','2018-07-16 13:10:48'),(79,5,11,11,85,0.2,'Done',8,'2018-07-16',2018,7,29,'2018-07-16 13:11:24','2018-07-16 13:11:24'),(80,5,11,11,69,0.1,'Resolved',8,'2018-07-16',2018,7,29,'2018-07-16 13:12:18','2018-07-16 13:12:18'),(81,5,11,11,72,0.1,'Done',8,'2018-07-16',2018,7,29,'2018-07-16 13:29:17','2018-07-16 13:29:17'),(82,5,11,11,64,0.3,'Done',8,'2018-07-17',2018,7,29,'2018-07-17 08:10:12','2018-07-17 08:10:12'),(83,5,11,11,91,0.1,'Almost done',8,'2018-07-17',2018,7,29,'2018-07-17 10:30:10','2018-07-17 10:30:10'),(84,5,11,11,91,0.4,'Done',8,'2018-07-17',2018,7,29,'2018-07-17 11:56:58','2018-07-17 11:56:58'),(85,5,11,11,92,0.1,'Patched a small error',8,'2018-07-17',2018,7,29,'2018-07-17 12:00:54','2018-07-17 12:00:54'),(86,5,11,11,77,0.1,'Done',8,'2018-07-18',2018,7,29,'2018-07-18 04:50:00','2018-07-18 04:50:00'),(87,2,11,11,109,0.1,'Fixed',8,'2018-07-18',2018,7,29,'2018-07-18 05:52:08','2018-07-18 05:52:08'),(88,2,11,11,108,0.5,'Done',8,'2018-07-18',2018,7,29,'2018-07-18 06:25:05','2018-07-18 06:25:05'),(89,2,11,11,110,0.25,'Done',8,'2018-07-18',2018,7,29,'2018-07-18 06:58:37','2018-07-18 06:58:37'),(90,2,11,11,98,0.3,'Done',8,'2018-07-18',2018,7,29,'2018-07-18 09:17:48','2018-07-18 09:17:48'),(91,2,11,11,107,0.3,'Halfway done',8,'2018-07-18',2018,7,29,'2018-07-18 09:35:49','2018-07-18 09:35:49'),(92,2,11,11,97,0.5,'Investigated',8,'2018-07-18',2018,7,29,'2018-07-18 09:48:06','2018-07-18 09:48:06'),(93,2,11,11,119,1,'Tested',8,'2018-07-20',2018,7,29,'2018-07-20 10:16:47','2018-07-20 10:16:47'),(94,5,11,11,122,0.1,'Done',8,'2018-07-23',2018,7,30,'2018-07-23 09:21:54','2018-07-23 09:21:54'),(96,5,11,11,79,0.1,'Done',8,'2018-07-26',2018,7,30,'2018-07-26 07:00:01','2018-07-26 07:00:01'),(97,5,6,6,133,8,'Solved',9,'2018-07-27',2018,7,30,'2018-07-27 06:24:21','2018-07-27 06:24:21'),(98,5,11,11,137,0.1,'Were resolved',8,'2018-07-27',2018,7,30,'2018-07-27 07:53:06','2018-07-27 07:53:06'),(99,5,6,6,136,2,'Solved',9,'2018-07-27',2018,7,30,'2018-07-27 10:05:32','2018-07-27 10:05:32'),(100,5,11,11,138,1,'Redesigned',8,'2018-07-27',2018,7,30,'2018-07-27 10:14:43','2018-07-27 10:14:43'),(101,5,11,11,128,0.3,'Done',9,'2018-07-27',2018,7,30,'2018-07-27 11:59:17','2018-07-27 11:59:17'),(102,5,6,6,139,1,'Solved',8,'2018-07-30',2018,7,31,'2018-07-30 06:40:43','2018-07-30 06:40:43'),(103,5,6,6,141,1,'Done',9,'2018-07-30',2018,7,31,'2018-07-30 07:42:43','2018-07-30 07:42:43'),(104,2,11,11,145,0.5,'Done',8,'2018-07-30',2018,7,31,'2018-07-30 12:02:24','2018-07-30 12:02:24'),(105,5,11,11,140,0.3,'Improved upon',8,'2018-08-01',2018,8,31,'2018-08-01 06:57:22','2018-08-01 06:57:22'),(106,5,11,11,127,0.5,'Updated',8,'2018-08-01',2018,8,31,'2018-08-01 13:18:36','2018-08-01 13:18:36'),(107,5,11,11,132,1,'Update',8,'2018-08-02',2018,8,31,'2018-08-02 06:41:11','2018-08-02 06:41:11'),(108,5,11,11,148,0.2,'Update',9,'2018-08-02',2018,8,31,'2018-08-02 06:57:10','2018-08-02 06:57:10'),(109,5,5,5,32,15,'Implemented this feature ',9,'2018-08-02',2018,8,31,'2018-08-02 11:34:37','2018-08-02 11:34:37'),(110,5,11,11,150,0.3,'Update',8,'2018-08-02',2018,8,31,'2018-08-02 11:41:20','2018-08-02 11:41:20'),(111,5,11,11,134,1,'Update',8,'2018-08-02',2018,8,31,'2018-08-02 11:44:53','2018-08-02 11:44:53'),(112,5,11,11,140,0.2,'Update',8,'2018-08-03',2018,8,31,'2018-08-03 05:57:58','2018-08-03 05:57:58'),(113,5,11,11,137,1,'Update',8,'2018-08-03',2018,8,31,'2018-08-03 11:18:33','2018-08-03 11:18:33'),(114,5,11,11,135,1,'Update',9,'2018-08-03',2018,8,31,'2018-08-03 11:19:00','2018-08-03 11:19:00'),(115,5,11,11,147,1,'Update',8,'2018-08-03',2018,8,31,'2018-08-03 13:21:18','2018-08-03 13:21:18'),(116,5,11,11,130,1.5,'Update',8,'2018-08-06',2018,8,32,'2018-08-06 14:44:50','2018-08-06 14:44:50'),(117,5,11,11,149,0.1,'Update',8,'2018-08-07',2018,8,32,'2018-08-07 04:02:00','2018-08-07 04:02:00'),(118,5,11,11,151,0.5,'Update',9,'2018-08-07',2018,8,32,'2018-08-07 05:08:54','2018-08-07 05:08:54'),(119,5,6,6,133,1,'Solved',9,'2018-08-07',2018,8,32,'2018-08-07 10:54:18','2018-08-07 10:54:18'),(120,5,11,11,138,1.5,'Update',8,'2018-08-07',2018,8,32,'2018-08-07 12:42:43','2018-08-07 12:42:43'),(121,5,11,11,127,0.2,'Update',8,'2018-08-08',2018,8,32,'2018-08-08 11:51:27','2018-08-08 11:51:27'),(122,5,11,11,132,1,'Update',9,'2018-08-08',2018,8,32,'2018-08-08 12:46:02','2018-08-08 12:46:02'),(123,10,15,15,156,5,'Design of pictures has been completed. Categories and popular posts also completed. Pagination is left. ',9,'2018-08-08',2018,8,32,'2018-08-08 13:09:19','2018-08-08 13:09:19'),(124,5,11,11,150,0.3,'Update',8,'2018-08-09',2018,8,32,'2018-08-09 09:08:20','2018-08-09 09:08:20'),(125,5,11,11,132,0.1,'Update',8,'2018-08-09',2018,8,32,'2018-08-09 11:25:08','2018-08-09 11:25:08'),(126,5,6,6,158,4,'issue resolved horse add',9,'2018-08-09',2018,8,32,'2018-08-09 11:43:10','2018-08-09 11:43:10'),(127,5,6,6,133,1,'Solved',9,'2018-08-09',2018,8,32,'2018-08-09 11:47:05','2018-08-09 11:47:05'),(128,5,6,6,130,1,'Solved',9,'2018-08-09',2018,8,32,'2018-08-09 11:53:37','2018-08-09 11:53:37'),(129,5,6,6,164,8,'Done',9,'2018-08-12',2018,8,32,'2018-08-12 07:44:26','2018-08-12 07:44:26'),(130,5,6,6,138,3,'Done',9,'2018-08-12',2018,8,32,'2018-08-12 10:05:10','2018-08-12 10:05:10'),(131,5,6,6,143,2,'Done',9,'2018-08-12',2018,8,32,'2018-08-12 11:59:31','2018-08-12 11:59:31'),(132,5,6,6,166,1,'Solved',9,'2018-08-15',2018,8,33,'2018-08-15 06:46:46','2018-08-15 06:46:46'),(133,5,6,6,163,1,'Solved',9,'2018-08-15',2018,8,33,'2018-08-15 07:43:12','2018-08-15 07:43:12'),(134,5,6,6,133,3,'Solved',9,'2018-08-15',2018,8,33,'2018-08-15 13:14:33','2018-08-15 13:14:33'),(135,5,6,6,132,1,'Loader not working on add horse page',8,'2018-08-15',2018,8,33,'2018-08-15 13:24:47','2018-08-15 13:24:47'),(136,5,6,6,167,3,'Done',9,'2018-08-16',2018,8,33,'2018-08-16 11:03:29','2018-08-16 11:03:29'),(137,5,11,11,132,0.3,'Fixed',9,'2018-08-16',2018,8,33,'2018-08-16 13:21:31','2018-08-16 13:21:31'),(138,5,11,11,168,1,'Done',9,'2018-08-16',2018,8,33,'2018-08-16 13:29:13','2018-08-16 13:29:13'),(139,5,6,6,161,2,'Solved',8,'2018-08-16',2018,8,33,'2018-08-16 13:40:25','2018-08-16 13:40:25'),(140,5,6,6,165,2,'working',9,'2018-08-16',2018,8,33,'2018-08-16 13:44:24','2018-08-16 13:44:24'),(141,5,6,6,165,1,'Solved',9,'2018-08-17',2018,8,33,'2018-08-17 05:43:32','2018-08-17 05:43:32'),(143,5,11,11,161,0.3,'Update',9,'2018-08-18',2018,8,33,'2018-08-18 12:02:56','2018-08-18 12:02:56'),(144,5,11,11,133,0.5,'Update',9,'2018-08-18',2018,8,33,'2018-08-18 12:04:21','2018-08-18 12:04:21'),(145,5,11,11,170,0.2,'Update',9,'2018-08-18',2018,8,33,'2018-08-18 12:05:24','2018-08-18 12:05:24'),(146,5,11,11,132,0.2,'Update',9,'2018-08-19',2018,8,33,'2018-08-19 07:59:08','2018-08-19 07:59:08'),(147,5,11,11,170,0.1,'Rechecked',9,'2018-08-27',2018,8,35,'2018-08-27 07:53:21','2018-08-27 07:53:21'),(148,5,11,11,169,1,'Update',9,'2018-08-27',2018,8,35,'2018-08-27 08:18:07','2018-08-27 08:18:07'),(149,5,11,11,167,2,'Update',9,'2018-08-28',2018,8,35,'2018-08-28 10:18:01','2018-08-28 10:18:01'),(150,5,11,11,157,1.5,'Update',9,'2018-08-30',2018,8,35,'2018-08-30 07:25:35','2018-08-30 07:25:35'),(151,5,11,11,152,0.1,'Update',9,'2018-08-30',2018,8,35,'2018-08-30 07:26:35','2018-08-30 07:26:35'),(152,5,11,11,173,0.1,'Update',9,'2018-08-30',2018,8,35,'2018-08-30 07:29:49','2018-08-30 07:29:49'),(153,5,11,11,165,3,'Update',9,'2018-08-30',2018,8,35,'2018-08-30 07:47:38','2018-08-30 07:47:38'),(154,5,11,11,169,2,'Update',9,'2018-08-30',2018,8,35,'2018-08-30 07:49:05','2018-08-30 07:49:05'),(155,5,11,11,174,0.3,'Update',8,'2018-08-31',2018,8,35,'2018-08-31 05:32:39','2018-08-31 05:32:39'),(156,5,11,11,157,0.5,'Update',8,'2018-08-31',2018,8,35,'2018-08-31 05:40:40','2018-08-31 05:40:40'),(157,5,11,11,175,0.5,'Test',9,'2018-08-31',2018,8,35,'2018-08-31 10:13:35','2018-08-31 10:13:35'),(158,5,11,11,183,0.2,'Update',8,'2018-09-03',2018,9,36,'2018-09-03 05:36:48','2018-09-03 05:36:48'),(159,5,11,11,189,0.5,'Update',8,'2018-09-03',2018,9,36,'2018-09-03 09:13:49','2018-09-03 09:13:49'),(160,5,11,11,174,1,'Update',8,'2018-09-03',2018,9,36,'2018-09-03 13:28:42','2018-09-03 13:28:42'),(161,5,11,11,182,0.1,'Question',9,'2018-09-03',2018,9,36,'2018-09-03 14:26:19','2018-09-03 14:26:19'),(162,5,11,11,168,2.5,'Update',9,'2018-09-03',2018,9,36,'2018-09-03 14:28:23','2018-09-03 14:28:23'),(163,5,11,11,181,2,'Need help',9,'2018-09-04',2018,9,36,'2018-09-03 19:07:10','2018-09-03 19:07:10'),(164,5,11,11,168,0.2,'Update',8,'2018-09-04',2018,9,36,'2018-09-04 05:37:57','2018-09-04 05:37:57'),(165,5,11,11,191,0.2,'Update',9,'2018-09-04',2018,9,36,'2018-09-04 05:56:29','2018-09-04 05:56:29'),(166,5,11,11,181,0.1,'Update',9,'2018-09-04',2018,9,36,'2018-09-04 06:42:58','2018-09-04 06:42:58'),(167,5,11,11,178,1,'Update',9,'2018-09-04',2018,9,36,'2018-09-04 12:40:03','2018-09-04 12:40:03'),(168,5,11,11,176,1,'Update',9,'2018-09-04',2018,9,36,'2018-09-04 12:40:34','2018-09-04 12:40:34'),(169,5,11,11,32,0.2,'Update',9,'2018-09-04',2018,9,36,'2018-09-04 12:49:19','2018-09-04 12:49:19'),(170,5,11,11,177,1,'Update',9,'2018-09-04',2018,9,36,'2018-09-04 13:00:39','2018-09-04 13:00:39'),(171,5,11,11,187,2.5,'Update',9,'2018-09-10',2018,9,37,'2018-09-10 13:18:39','2018-09-10 13:18:39'),(172,5,11,11,181,2,'Update',9,'2018-09-11',2018,9,37,'2018-09-11 06:39:44','2018-09-11 06:39:44'),(173,5,11,11,187,0.1,'Update',9,'2018-09-13',2018,9,37,'2018-09-13 04:54:16','2018-09-13 04:54:16'),(174,5,11,11,187,2.5,'Feedback required',9,'2018-09-13',2018,9,37,'2018-09-13 07:35:49','2018-09-13 07:35:49'),(175,5,11,11,197,0.2,'Update',8,'2018-09-13',2018,9,37,'2018-09-13 09:31:15','2018-09-13 09:31:15'),(176,5,11,11,195,1,'Update',9,'2018-09-13',2018,9,37,'2018-09-13 10:26:08','2018-09-13 10:26:08'),(177,5,11,11,193,0.2,'Update',9,'2018-09-13',2018,9,37,'2018-09-13 10:32:14','2018-09-13 10:32:14'),(178,5,11,11,187,0.1,'Update',9,'2018-09-14',2018,9,37,'2018-09-13 19:11:24','2018-09-13 19:11:24'),(179,5,11,11,194,1.5,'Update',9,'2018-09-14',2018,9,37,'2018-09-14 09:16:14','2018-09-14 09:16:14'),(180,5,11,11,192,0.5,'Update',8,'2018-09-14',2018,9,37,'2018-09-14 09:19:44','2018-09-14 09:19:44'),(181,5,11,11,197,0.5,'Recheck',8,'2018-09-14',2018,9,37,'2018-09-14 09:40:10','2018-09-14 09:40:10'),(182,5,11,11,205,1,'Update',9,'2018-09-14',2018,9,37,'2018-09-14 15:20:28','2018-09-14 15:20:28'),(183,5,11,11,192,0.1,'Update',9,'2018-09-14',2018,9,37,'2018-09-14 15:25:31','2018-09-14 15:25:31'),(184,5,11,11,199,0.1,'Reassignment',9,'2018-09-14',2018,9,37,'2018-09-14 15:35:12','2018-09-14 15:35:12'),(185,5,11,11,196,4,'Update',9,'2018-09-17',2018,9,38,'2018-09-17 11:25:17','2018-09-17 11:25:17'),(186,5,11,11,201,2,'Update',9,'2018-09-17',2018,9,38,'2018-09-17 11:27:59','2018-09-17 11:27:59'),(187,5,11,11,197,0.1,'Update',8,'2018-09-18',2018,9,38,'2018-09-18 04:59:07','2018-09-18 04:59:07'),(188,5,11,11,207,0.3,'Update',9,'2018-09-18',2018,9,38,'2018-09-18 10:04:51','2018-09-18 10:04:51'),(190,5,11,11,187,1,'Update',9,'2018-09-18',2018,9,38,'2018-09-18 12:41:32','2018-09-18 12:41:32'),(191,5,11,11,210,1.5,'Update',9,'2018-09-19',2018,9,38,'2018-09-19 06:54:08','2018-09-19 06:54:08'),(192,5,11,11,213,1.5,'Update',8,'2018-09-20',2018,9,38,'2018-09-20 10:39:09','2018-09-20 10:39:09'),(193,5,11,11,215,0.1,'Update',8,'2018-09-21',2018,9,38,'2018-09-21 18:33:05','2018-09-21 18:33:05'),(194,5,11,11,213,0.2,'Update',9,'2018-09-21',2018,9,38,'2018-09-21 18:51:17','2018-09-21 18:51:17'),(195,5,11,11,216,1,'Update',9,'2018-09-25',2018,9,39,'2018-09-25 07:11:55','2018-09-25 07:11:55'),(196,5,11,11,219,0.2,'Update',8,'2018-09-25',2018,9,39,'2018-09-25 08:15:51','2018-09-25 08:15:51'),(197,5,11,11,218,0.5,'Update',8,'2018-09-26',2018,9,39,'2018-09-26 05:56:50','2018-09-26 05:56:50'),(198,5,11,11,217,1,'Update',9,'2018-09-26',2018,9,39,'2018-09-26 06:01:49','2018-09-26 06:01:49'),(199,5,11,11,225,0.5,'Update',9,'2018-09-28',2018,9,39,'2018-09-28 04:51:03','2018-09-28 04:51:03'),(200,5,11,11,218,0.3,'Update',8,'2018-09-28',2018,9,39,'2018-09-28 05:35:06','2018-09-28 05:35:06'),(201,5,11,11,228,1,'Update',9,'2018-10-01',2018,10,40,'2018-10-01 10:28:53','2018-10-01 10:28:53'),(202,5,11,11,230,0.4,'Update',8,'2018-10-01',2018,10,40,'2018-10-01 10:37:29','2018-10-01 10:37:29'),(203,5,11,11,229,0.7,'Update',9,'2018-10-01',2018,10,40,'2018-10-01 11:10:57','2018-10-01 11:10:57'),(205,5,11,11,236,0.5,'Update',8,'2018-10-03',2018,10,40,'2018-10-03 04:46:15','2018-10-03 04:46:15'),(207,5,11,11,237,0.5,'Update',8,'2018-10-03',2018,10,40,'2018-10-03 05:22:36','2018-10-03 05:22:36'),(209,5,11,11,238,0.3,'Update',8,'2018-10-03',2018,10,40,'2018-10-03 05:35:34','2018-10-03 05:35:34'),(210,5,11,11,237,0.2,'Update',8,'2018-10-03',2018,10,40,'2018-10-03 06:00:01','2018-10-03 06:00:01'),(211,5,11,11,239,0.8,'Update',8,'2018-10-03',2018,10,40,'2018-10-03 06:14:46','2018-10-03 06:14:46'),(212,5,11,11,236,0.1,'Update',8,'2018-10-03',2018,10,40,'2018-10-03 06:20:44','2018-10-03 06:20:44'),(214,5,11,11,157,1,'Update',8,'2018-10-03',2018,10,40,'2018-10-03 06:34:11','2018-10-03 06:34:11'),(215,5,11,11,157,0.5,'Update',9,'2018-10-04',2018,10,40,'2018-10-04 06:35:00','2018-10-04 06:35:00'),(216,5,11,11,234,0.7,'Update',8,'2018-10-04',2018,10,40,'2018-10-04 07:42:56','2018-10-04 07:42:56'),(217,5,11,11,235,1,'Update',8,'2018-10-04',2018,10,40,'2018-10-04 08:06:21','2018-10-04 08:06:21'),(218,5,11,11,237,0,'Testing',8,'2018-10-05',2018,10,40,'2018-10-05 04:48:04','2018-10-05 04:48:04'),(219,5,11,11,235,0.1,'Update',8,'2018-10-05',2018,10,40,'2018-10-05 04:54:19','2018-10-05 04:54:19'),(220,5,11,11,242,0.5,'Update',8,'2018-10-05',2018,10,40,'2018-10-05 06:16:30','2018-10-05 06:16:30'),(221,5,11,11,243,0.1,'Update',8,'2018-10-05',2018,10,40,'2018-10-05 06:43:40','2018-10-05 06:43:40'),(223,5,11,11,244,0.1,'Update',8,'2018-10-05',2018,10,40,'2018-10-05 06:47:53','2018-10-05 06:47:53'),(224,5,11,11,157,1,'Investigation',9,'2018-10-06',2018,10,40,'2018-10-06 14:28:01','2018-10-06 14:28:01'),(225,5,11,11,248,1,'Update',8,'2018-10-10',2018,10,41,'2018-10-10 08:51:44','2018-10-10 08:51:44'),(226,5,11,11,255,0.8,'Updated',8,'2018-10-11',2018,10,41,'2018-10-11 06:06:16','2018-10-11 06:06:16'),(227,5,11,11,254,0.2,'Update',8,'2018-10-11',2018,10,41,'2018-10-11 06:09:47','2018-10-11 06:09:47'),(228,5,11,11,248,0.8,'Update',8,'2018-10-11',2018,10,41,'2018-10-11 07:01:56','2018-10-11 07:01:56'),(230,5,11,11,251,1,'Update',9,'2018-10-11',2018,10,41,'2018-10-11 09:12:02','2018-10-11 09:12:02'),(231,5,11,11,256,1,'Update',8,'2018-10-12',2018,10,41,'2018-10-12 04:40:20','2018-10-12 04:40:20'),(232,5,11,11,248,0.8,'Update',8,'2018-10-12',2018,10,41,'2018-10-12 04:47:06','2018-10-12 04:47:06'),(233,5,11,11,259,3,'Update',9,'2018-10-15',2018,10,42,'2018-10-15 09:57:27','2018-10-15 09:57:27'),(235,5,11,11,263,0.6,'Update',9,'2018-10-16',2018,10,42,'2018-10-16 05:11:52','2018-10-16 05:11:52'),(238,5,11,11,264,1,'Update',8,'2018-10-16',2018,10,42,'2018-10-16 05:56:09','2018-10-16 05:56:09'),(240,5,11,11,265,1,'Update',9,'2018-10-17',2018,10,42,'2018-10-17 06:52:47','2018-10-17 06:52:47'),(241,5,11,11,266,1,'Update',8,'2018-10-18',2018,10,42,'2018-10-18 06:49:04','2018-10-18 06:49:04'),(242,5,11,11,267,1,'Update',8,'2018-10-18',2018,10,42,'2018-10-18 06:49:43','2018-10-18 06:49:43'),(243,5,11,11,265,1.2,'Update',9,'2018-10-19',2018,10,42,'2018-10-19 07:19:58','2018-10-19 07:19:58'),(244,5,11,11,259,1,'Update',9,'2018-10-19',2018,10,42,'2018-10-19 07:20:32','2018-10-19 07:20:32'),(245,5,11,11,272,0.2,'Update',9,'2018-10-22',2018,10,43,'2018-10-22 07:17:52','2018-10-22 07:17:52'),(246,5,11,11,271,1,'Need feedback',9,'2018-10-23',2018,10,43,'2018-10-23 06:20:55','2018-10-23 06:20:55'),(247,5,11,11,266,0.1,'Update',9,'2018-10-25',2018,10,43,'2018-10-25 04:10:54','2018-10-25 04:10:54'),(248,5,11,11,272,0.2,'Checked',9,'2018-10-29',2018,10,44,'2018-10-29 04:58:27','2018-10-29 04:58:27'),(249,5,11,11,280,0.4,'Update',8,'2018-10-29',2018,10,44,'2018-10-29 05:26:44','2018-10-29 05:26:44'),(250,5,11,11,277,1.2,'Update',9,'2018-10-29',2018,10,44,'2018-10-29 08:54:38','2018-10-29 08:54:38'),(251,5,11,11,278,0.5,'Update',9,'2018-10-29',2018,10,44,'2018-10-29 09:17:46','2018-10-29 09:17:46'),(252,5,11,11,282,0.5,'Update',9,'2018-10-29',2018,10,44,'2018-10-29 09:47:04','2018-10-29 09:47:04'),(253,5,11,11,281,0.5,'Update',9,'2018-10-29',2018,10,44,'2018-10-29 13:08:45','2018-10-29 13:08:45'),(255,5,11,11,279,1,'Update',9,'2018-10-31',2018,10,44,'2018-10-31 06:33:24','2018-10-31 06:33:24'),(256,5,11,11,266,1,'Update',8,'2018-10-31',2018,10,44,'2018-10-31 06:34:54','2018-10-31 06:34:54'),(257,5,11,11,284,1,'Update',9,'2018-11-01',2018,11,44,'2018-11-01 12:26:00','2018-11-01 12:26:00'),(258,5,11,11,279,0.3,'Update',9,'2018-11-01',2018,11,44,'2018-11-01 13:08:58','2018-11-01 13:08:58'),(259,5,11,11,287,0.3,'Update',8,'2018-11-05',2018,11,45,'2018-11-05 05:58:09','2018-11-05 05:58:09'),(260,5,11,11,285,1,'Feedback',8,'2018-11-05',2018,11,45,'2018-11-05 05:59:20','2018-11-05 05:59:20'),(261,5,11,11,286,1,'Update',9,'2018-11-05',2018,11,45,'2018-11-05 06:03:11','2018-11-05 06:03:11'),(262,5,11,11,288,1,'Update',8,'2018-11-08',2018,11,45,'2018-11-08 15:29:04','2018-11-08 15:29:04'),(263,5,11,11,289,0.5,'Update',8,'2018-11-08',2018,11,45,'2018-11-08 15:30:29','2018-11-08 15:30:29'),(264,5,11,11,290,0.5,'Update',8,'2018-11-08',2018,11,45,'2018-11-08 15:37:58','2018-11-08 15:37:58'),(265,5,11,11,295,0.8,'Update',8,'2018-11-08',2018,11,45,'2018-11-08 15:39:05','2018-11-08 15:39:05'),(266,5,11,11,285,0.5,'Update',8,'2018-11-08',2018,11,45,'2018-11-08 16:24:48','2018-11-08 16:24:48'),(267,5,11,11,298,0.5,'Update',8,'2018-11-09',2018,11,45,'2018-11-09 06:31:33','2018-11-09 06:31:33'),(268,5,11,11,296,1,'Update',9,'2018-11-09',2018,11,45,'2018-11-09 07:43:13','2018-11-09 07:43:13'),(269,5,11,11,292,1,'Update',9,'2018-11-09',2018,11,45,'2018-11-09 08:00:36','2018-11-09 08:00:36'),(270,5,11,11,302,0.5,'Update',9,'2018-11-15',2018,11,46,'2018-11-15 06:52:04','2018-11-15 06:52:04'),(271,5,11,11,306,0.1,'Update',8,'2018-11-22',2018,11,47,'2018-11-22 05:37:09','2018-11-22 05:37:09'),(272,5,11,11,302,0.1,'Update',8,'2018-11-28',2018,11,48,'2018-11-28 06:09:11','2018-11-28 06:09:11'),(273,5,11,11,314,3,'Update',9,'2018-11-28',2018,11,48,'2018-11-28 11:02:17','2018-11-28 11:02:17'),(274,5,11,11,314,1,'Update',8,'2018-11-29',2018,11,48,'2018-11-29 07:01:37','2018-11-29 07:01:37'),(275,5,11,11,297,1,'Update',9,'2018-12-03',2018,12,49,'2018-12-03 11:20:30','2018-12-03 11:20:30'),(276,5,11,11,317,0.5,'Feedback needed',8,'2018-12-04',2018,12,49,'2018-12-04 11:10:29','2018-12-04 11:10:29'),(277,5,11,11,320,1.5,'Update',9,'2018-12-04',2018,12,49,'2018-12-04 11:16:50','2018-12-04 11:16:50'),(278,5,11,11,319,1,'Update',9,'2018-12-04',2018,12,49,'2018-12-04 13:43:22','2018-12-04 13:43:22'),(279,5,11,11,317,0.2,'Update',8,'2018-12-05',2018,12,49,'2018-12-05 10:59:07','2018-12-05 10:59:07'),(280,5,11,11,326,5.5,'Update',9,'2018-12-08',2018,12,49,'2018-12-08 08:41:35','2018-12-08 08:41:35'),(281,5,11,11,327,1,'Update',9,'2018-12-10',2018,12,50,'2018-12-10 14:48:30','2018-12-10 14:48:30'),(282,5,11,11,335,10,'Deployed',9,'2018-12-24',2018,12,52,'2018-12-24 06:11:20','2018-12-24 06:11:20'),(283,9,11,11,347,6,'Update',8,'2019-01-02',2019,1,1,'2019-01-02 14:47:07','2019-01-02 14:47:07'),(284,5,11,11,350,0.1,'Deployed',8,'2019-01-03',2019,1,1,'2019-01-03 12:55:18','2019-01-03 12:55:18'),(285,5,11,11,349,0.2,'Deployed',8,'2019-01-03',2019,1,1,'2019-01-03 12:55:53','2019-01-03 12:55:53'),(286,5,11,11,351,0.2,'Deployed',8,'2019-01-03',2019,1,1,'2019-01-03 12:56:37','2019-01-03 12:56:37'),(287,5,11,11,353,0.3,'Deployed',8,'2019-01-03',2019,1,1,'2019-01-03 12:57:54','2019-01-03 12:57:54'),(288,5,11,11,354,0.3,'Deployed',8,'2019-01-03',2019,1,1,'2019-01-03 12:59:18','2019-01-03 12:59:18'),(289,5,11,11,356,1.5,'Deployed',9,'2019-01-03',2019,1,1,'2019-01-03 13:04:58','2019-01-03 13:04:58'),(290,5,11,11,357,0.5,'Update',8,'2019-01-03',2019,1,1,'2019-01-03 13:16:43','2019-01-03 13:16:43'),(291,5,11,11,361,0.2,'Deployed',8,'2019-01-03',2019,1,1,'2019-01-03 15:54:14','2019-01-03 15:54:14'),(292,5,11,11,360,0.1,'Deployed',9,'2019-01-03',2019,1,1,'2019-01-03 15:54:50','2019-01-03 15:54:50'),(293,5,11,11,335,0.2,'Update',8,'2019-01-03',2019,1,1,'2019-01-03 15:55:38','2019-01-03 15:55:38'),(294,5,11,11,354,0.3,'Update',8,'2019-01-03',2019,1,1,'2019-01-03 15:57:19','2019-01-03 15:57:19'),(295,5,11,11,353,0.2,'Update',8,'2019-01-03',2019,1,1,'2019-01-03 16:05:21','2019-01-03 16:05:21'),(296,5,11,11,351,0.1,'Update',8,'2019-01-03',2019,1,1,'2019-01-03 16:10:39','2019-01-03 16:10:39'),(297,5,11,11,363,0.3,'Update',9,'2019-01-04',2019,1,1,'2019-01-04 06:33:32','2019-01-04 06:33:32'),(298,5,11,11,357,0.3,'Fixed',8,'2019-01-04',2019,1,1,'2019-01-04 10:27:04','2019-01-04 10:27:04'),(299,5,11,11,363,0.3,'Patched',8,'2019-01-07',2019,1,2,'2019-01-07 05:55:00','2019-01-07 05:55:00'),(300,5,11,11,353,0.1,'Update',8,'2019-01-07',2019,1,2,'2019-01-07 06:03:11','2019-01-07 06:03:11'),(301,5,11,11,364,0.1,'Update',8,'2019-01-07',2019,1,2,'2019-01-07 06:16:26','2019-01-07 06:16:26'),(302,5,11,11,362,0.5,'Updated',9,'2019-01-07',2019,1,2,'2019-01-07 06:51:07','2019-01-07 06:51:07'),(303,5,5,5,365,1.67,'Mailchimp users import into Breedchamp list',9,'2019-01-07',2019,1,2,'2019-01-07 09:19:36','2019-01-07 09:19:36'),(304,5,11,11,359,1.5,'Update',8,'2019-01-07',2019,1,2,'2019-01-07 10:57:41','2019-01-07 10:57:41'),(305,5,11,11,334,0.1,'Update',8,'2019-01-08',2019,1,2,'2019-01-08 05:45:35','2019-01-08 05:45:35'),(306,5,11,11,378,2,'Feedback',9,'2019-01-18',2019,1,3,'2019-01-18 14:49:25','2019-01-18 14:49:25'),(308,5,11,11,385,2.5,'Update',9,'2019-01-24',2019,1,4,'2019-01-24 14:15:26','2019-01-24 14:15:26'),(309,2,5,5,404,0.5,'Daily data processing,updating plugins and themes,Testing ',9,'2019-02-07',2019,2,6,'2019-02-07 07:08:14','2019-02-07 07:08:14'),(310,2,15,15,404,0.5,'daily processing data has been done.',9,'2019-02-08',2019,2,6,'2019-02-08 06:47:14','2019-02-08 06:47:14'),(311,2,15,15,404,0.5,'daily processing data has been done.',9,'2019-02-09',2019,2,6,'2019-02-09 07:27:38','2019-02-09 07:27:38'),(312,2,5,5,389,2,'completed request',9,'2019-02-14',2019,2,7,'2019-02-14 07:45:31','2019-02-14 07:45:31'),(313,2,5,5,405,1.5,'feature change complete',9,'2019-02-14',2019,2,7,'2019-02-14 07:47:00','2019-02-14 07:47:00'),(314,2,5,5,409,0.5,'completed request',9,'2019-02-14',2019,2,7,'2019-02-14 07:47:48','2019-02-14 07:47:48'),(315,2,11,11,412,1,'Feedback required',8,'2019-02-18',2019,2,8,'2019-02-18 09:46:45','2019-02-18 09:46:45'),(316,2,5,5,424,8,'design and development',9,'2019-03-12',2019,3,11,'2019-03-12 10:04:25','2019-03-12 10:04:25'),(317,2,5,5,441,2,'completed request',9,'2019-03-28',2019,3,13,'2019-03-28 15:36:34','2019-03-28 15:36:34'),(318,2,5,5,442,2,'completed request',9,'2019-03-29',2019,3,13,'2019-03-29 08:53:47','2019-03-29 08:53:47'),(319,2,5,5,445,3,'completed request',9,'2019-04-05',2019,4,14,'2019-04-05 14:43:46','2019-04-05 14:43:46'),(320,2,5,5,459,0.83,'completed request',9,'2019-05-12',2019,5,19,'2019-05-12 11:56:02','2019-05-12 11:56:02'),(321,2,5,5,458,2,'completed request',9,'2019-05-15',2019,5,20,'2019-05-15 15:12:55','2019-05-15 15:12:55'),(322,12,11,11,468,6,'Update',8,'2019-06-11',2019,6,24,'2019-06-10 21:01:16','2019-06-10 21:01:16'),(323,10,18,18,502,1,'completed from my end',9,'2019-06-17',2019,6,25,'2019-06-17 14:51:56','2019-06-17 14:51:56'),(324,10,18,18,500,2,'completed from my end',9,'2019-06-17',2019,6,25,'2019-06-17 14:53:10','2019-06-17 14:53:10'),(325,10,18,18,497,0.5,'Basil Meer will do the remaining part of footer  ',9,'2019-06-17',2019,6,25,'2019-06-17 14:59:49','2019-06-17 14:59:49'),(326,10,18,18,501,2,'completed from my end',9,'2019-06-17',2019,6,25,'2019-06-17 15:01:07','2019-06-17 15:01:07'),(327,10,18,18,496,0.5,'still working...',9,'2019-06-17',2019,6,25,'2019-06-17 15:04:10','2019-06-17 15:04:10'),(328,10,18,18,495,0.25,'completed from my end',9,'2019-06-17',2019,6,25,'2019-06-17 15:05:08','2019-06-17 15:05:08'),(329,10,18,18,494,1,'completed from my end',9,'2019-06-17',2019,6,25,'2019-06-17 15:05:55','2019-06-17 15:05:55'),(330,10,18,18,493,0.5,'completed from my end',9,'2019-06-17',2019,6,25,'2019-06-17 15:07:04','2019-06-17 15:07:04'),(331,10,18,18,492,1,'completed from my end',9,'2019-06-17',2019,6,25,'2019-06-17 15:07:33','2019-06-17 15:07:33'),(332,10,18,18,492,0.25,'completed from my end',9,'2019-06-17',2019,6,25,'2019-06-17 15:08:50','2019-06-17 15:08:50'),(333,10,18,18,491,0.5,'completed from my end',9,'2019-06-17',2019,6,25,'2019-06-17 15:09:29','2019-06-17 15:09:29'),(334,10,18,18,471,0.25,'completed from my end',9,'2019-06-17',2019,6,25,'2019-06-17 15:10:22','2019-06-17 15:10:22'),(335,10,18,18,156,0.5,'done',9,'2019-06-17',2019,6,25,'2019-06-17 15:32:40','2019-06-17 15:32:40'),(336,10,18,18,474,0.5,'done',9,'2019-06-17',2019,6,25,'2019-06-17 15:40:26','2019-06-17 15:40:26'),(337,10,23,23,502,1,'Done',9,'2019-06-17',2019,6,25,'2019-06-17 15:40:35','2019-06-17 15:40:35'),(338,10,18,18,477,0.5,'still working...',9,'2019-06-17',2019,6,25,'2019-06-17 15:41:43','2019-06-17 15:41:43'),(339,10,23,23,501,2,'Done',9,'2019-06-17',2019,6,25,'2019-06-17 15:41:59','2019-06-17 15:41:59'),(340,10,18,18,475,0.25,'done',9,'2019-06-17',2019,6,25,'2019-06-17 15:42:31','2019-06-17 15:42:31'),(341,10,23,23,500,2,'completed!',9,'2019-06-17',2019,6,25,'2019-06-17 15:45:49','2019-06-17 15:45:49'),(342,10,23,23,495,0.25,'completed!',9,'2019-06-17',2019,6,25,'2019-06-17 15:50:27','2019-06-17 15:50:27'),(343,10,23,23,494,1,'completed!',9,'2019-06-17',2019,6,25,'2019-06-17 15:51:52','2019-06-17 15:51:52'),(344,10,23,23,493,0.5,'completed!',9,'2019-06-17',2019,6,25,'2019-06-17 15:53:27','2019-06-17 15:53:27'),(345,10,23,23,492,0.25,'completed!',9,'2019-06-17',2019,6,25,'2019-06-17 15:55:02','2019-06-17 15:55:02'),(346,10,23,23,491,0.5,'completed!',9,'2019-06-17',2019,6,25,'2019-06-17 15:56:56','2019-06-17 15:56:56'),(347,10,23,23,475,0.25,'completed!',9,'2019-06-17',2019,6,25,'2019-06-17 16:03:18','2019-06-17 16:03:18'),(348,10,23,23,474,0.25,'completed!',9,'2019-06-17',2019,6,25,'2019-06-17 16:04:49','2019-06-17 16:04:49'),(349,10,23,23,474,0.25,'completed!',9,'2019-06-17',2019,6,25,'2019-06-17 16:06:34','2019-06-17 16:06:34'),(350,10,5,5,501,1,'completed request',9,'2019-06-18',2019,6,25,'2019-06-18 07:45:59','2019-06-18 07:45:59'),(351,10,18,18,471,0.25,'done',9,'2019-06-18',2019,6,25,'2019-06-18 08:28:11','2019-06-18 08:28:11'),(352,10,18,18,511,0.25,'done',9,'2019-06-18',2019,6,25,'2019-06-18 14:19:37','2019-06-18 14:19:37'),(353,10,18,18,499,2,'done',9,'2019-06-18',2019,6,25,'2019-06-18 14:23:55','2019-06-18 14:23:55'),(354,10,18,18,499,0.5,'done',9,'2019-06-18',2019,6,25,'2019-06-18 16:42:47','2019-06-18 16:42:47'),(357,10,18,18,513,0.25,'completed from my end',9,'2019-06-19',2019,6,25,'2019-06-19 16:05:00','2019-06-19 16:05:00'),(358,10,18,18,513,0.25,'completed from my end',9,'2019-06-19',2019,6,25,'2019-06-19 16:06:22','2019-06-19 16:06:22'),(359,10,18,18,515,0.5,'completed from my end',9,'2019-06-19',2019,6,25,'2019-06-19 16:25:02','2019-06-19 16:25:02'),(360,10,18,18,499,0.5,'arrangement of icon',9,'2019-06-19',2019,6,25,'2019-06-19 16:29:24','2019-06-19 16:29:24'),(361,10,18,18,496,1,'completed from my end',9,'2019-06-20',2019,6,25,'2019-06-20 12:48:39','2019-06-20 12:48:39'),(362,4,18,18,521,0.25,'completed from my end',9,'2019-06-21',2019,6,25,'2019-06-21 13:58:04','2019-06-21 13:58:04'),(363,2,5,5,509,1.5,'completed request',9,'2019-06-21',2019,6,25,'2019-06-21 15:54:45','2019-06-21 15:54:45'),(364,2,5,5,510,1.5,'completed request',9,'2019-06-21',2019,6,25,'2019-06-21 15:55:23','2019-06-21 15:55:23'),(365,4,18,18,519,0.5,'still working...',9,'2019-06-21',2019,6,25,'2019-06-21 16:09:15','2019-06-21 16:09:15'),(366,4,18,18,522,0.5,'completed from my end',9,'2019-06-21',2019,6,25,'2019-06-21 20:09:37','2019-06-21 20:09:37'),(367,4,18,18,520,1,'mail field done',9,'2019-06-21',2019,6,25,'2019-06-21 20:11:35','2019-06-21 20:11:35'),(368,4,18,18,519,0.5,'completed from my end',9,'2019-06-21',2019,6,25,'2019-06-21 20:12:43','2019-06-21 20:12:43'),(369,4,18,18,526,1,'still working...',9,'2019-06-24',2019,6,26,'2019-06-24 14:15:23','2019-06-24 14:15:23'),(370,4,18,18,526,2,'completed from my end',9,'2019-06-24',2019,6,26,'2019-06-24 16:48:56','2019-06-24 16:48:56'),(371,2,18,18,527,0.5,'completed from my end',9,'2019-06-25',2019,6,26,'2019-06-25 08:05:58','2019-06-25 08:05:58'),(372,2,18,18,527,0.5,'completed from my end',9,'2019-06-26',2019,6,26,'2019-06-26 08:45:37','2019-06-26 08:45:37'),(373,2,18,18,527,0.5,'completed from my end',9,'2019-06-27',2019,6,26,'2019-06-27 09:20:56','2019-06-27 09:20:56'),(374,11,18,18,538,5,'completed from my end',9,'2019-06-27',2019,6,26,'2019-06-27 09:53:17','2019-06-27 09:53:17'),(375,11,18,18,533,1,'completed from my end',9,'2019-06-27',2019,6,26,'2019-06-27 11:17:28','2019-06-27 11:17:28'),(376,11,18,18,532,1,'completed from my end',9,'2019-06-27',2019,6,26,'2019-06-27 11:22:49','2019-06-27 11:22:49'),(377,11,18,18,534,1,'arrangement of captcha',9,'2019-06-27',2019,6,26,'2019-06-27 14:09:17','2019-06-27 14:09:17'),(378,11,18,18,535,1,'completed from my end',9,'2019-06-27',2019,6,26,'2019-06-27 15:13:44','2019-06-27 15:13:44'),(379,11,18,18,536,0.25,'completed from my end',9,'2019-06-27',2019,6,26,'2019-06-27 16:54:32','2019-06-27 16:54:32'),(380,2,18,18,527,1,'completed from my end',9,'2019-06-28',2019,6,26,'2019-06-28 08:13:45','2019-06-28 08:13:45'),(381,11,18,18,534,1,'completed from my end',9,'2019-06-28',2019,6,26,'2019-06-28 11:28:54','2019-06-28 11:28:54'),(382,11,18,18,534,1,'completed from my end',9,'2019-06-28',2019,6,26,'2019-06-28 12:01:02','2019-06-28 12:01:02'),(383,11,18,18,530,1,'alignment remain',9,'2019-06-28',2019,6,26,'2019-06-28 16:09:01','2019-06-28 16:09:01'),(384,17,24,24,539,6,'Implement Social Logins and Manual Login in Latest Laravel App.',9,'2019-06-28',2019,6,26,'2019-06-28 16:32:16','2019-06-28 16:32:16'),(385,11,18,18,531,0.5,'redirect issue solve',9,'2019-06-28',2019,6,26,'2019-06-28 16:43:50','2019-06-28 16:43:50'),(386,11,18,18,531,3,'completed from my end',9,'2019-06-29',2019,6,26,'2019-06-29 05:16:20','2019-06-29 05:16:20'),(387,2,5,5,525,4,'completed request',9,'2019-06-30',2019,6,26,'2019-06-30 13:50:50','2019-06-30 13:50:50'),(388,17,24,24,542,4,'Work on setting page',9,'2019-07-01',2019,7,27,'2019-07-01 12:30:04','2019-07-01 12:30:04'),(389,2,18,18,527,0.5,'completed from my end',9,'2019-07-02',2019,7,27,'2019-07-02 08:03:54','2019-07-02 08:03:54'),(390,2,18,18,527,0.5,'completed from my end',9,'2019-07-03',2019,7,27,'2019-07-03 07:49:21','2019-07-03 07:49:21'),(391,2,18,18,527,1,'completed from my end',9,'2019-07-04',2019,7,27,'2019-07-04 07:40:07','2019-07-04 07:40:07'),(392,17,24,24,553,8,'modfiy comment section with all attributes',9,'2019-07-04',2019,7,27,'2019-07-04 16:21:29','2019-07-04 16:21:29'),(393,2,18,18,527,1,'completed from my end',9,'2019-07-08',2019,7,28,'2019-07-08 08:38:58','2019-07-08 08:38:58'),(394,2,18,18,527,0.5,'completed from my end',9,'2019-07-09',2019,7,28,'2019-07-09 08:04:04','2019-07-09 08:04:04'),(395,17,24,24,559,8,'modify social sharing and set routes accroding to web properly and deploy on server',9,'2019-07-09',2019,7,28,'2019-07-09 16:43:45','2019-07-09 16:43:45'),(396,2,18,18,527,0.5,'completed from my end',9,'2019-07-10',2019,7,28,'2019-07-10 08:19:33','2019-07-10 08:19:33'),(397,17,24,24,560,8,'modify social integration with https and create models for login and signup',9,'2019-07-10',2019,7,28,'2019-07-10 16:40:29','2019-07-10 16:40:29'),(398,2,18,18,527,0.5,'completed from my end',9,'2019-07-11',2019,7,28,'2019-07-11 08:24:33','2019-07-11 08:24:33'),(399,11,18,18,556,2,'responsive issue  remain',9,'2019-07-11',2019,7,28,'2019-07-11 13:13:39','2019-07-11 13:13:39'),(400,17,24,24,562,8,'fix https bug for ajax on server & laravel application optimization',9,'2019-07-11',2019,7,28,'2019-07-11 16:31:29','2019-07-11 16:31:29'),(401,2,18,18,527,1,'completed from my end',9,'2019-07-12',2019,7,28,'2019-07-12 08:10:29','2019-07-12 08:10:29'),(402,17,24,24,563,8,'Make admin panel',9,'2019-07-12',2019,7,28,'2019-07-12 16:35:15','2019-07-12 16:35:15'),(403,2,18,18,527,1,'completed from my end',9,'2019-07-13',2019,7,28,'2019-07-13 08:06:01','2019-07-13 08:06:01'),(404,17,24,24,564,8.58333,'make category & meme views in admin and make dynamic for front also modify navbar of website',9,'2019-07-13',2019,7,28,'2019-07-13 17:00:45','2019-07-13 17:00:45'),(405,14,24,24,566,5,'almost many files remove from the project,Now the error is account suspended,after resolve this ,work move forward. ',9,'2019-07-15',2019,7,29,'2019-07-15 16:45:55','2019-07-15 16:45:55'),(406,14,24,24,566,6,'almost many files remove from the project,Now the error is account suspended,after resolve this ,work move forward. ',9,'2019-07-15',2019,7,29,'2019-07-15 16:51:54','2019-07-15 16:51:54'),(407,2,18,18,527,1,'completed from my end',9,'2019-07-16',2019,7,29,'2019-07-16 08:55:58','2019-07-16 08:55:58'),(408,18,24,24,567,1,'fix this page error  https://www.selfgrowthacademy.com/admin/report/membership',9,'2019-07-16',2019,7,29,'2019-07-16 13:54:18','2019-07-16 13:54:18'),(409,18,24,24,568,3,'fix bug of AWS s3 storage',9,'2019-07-16',2019,7,29,'2019-07-16 15:15:12','2019-07-16 15:15:12'),(410,18,24,24,569,1,'fix some issues in \"Article\"',9,'2019-07-16',2019,7,29,'2019-07-16 16:42:26','2019-07-16 16:42:26'),(411,2,18,18,527,1,'completed from my end',9,'2019-07-17',2019,7,29,'2019-07-17 08:45:56','2019-07-17 08:45:56'),(412,17,24,24,571,8.5,'Working on theme design.',8,'2019-07-17',2019,7,29,'2019-07-17 16:47:01','2019-07-17 16:47:01'),(413,2,18,18,527,1,'completed from my end',9,'2019-07-18',2019,7,29,'2019-07-18 08:16:13','2019-07-18 08:16:13'),(414,17,24,24,573,8,'Working on theme design.',8,'2019-07-18',2019,7,29,'2019-07-18 16:24:38','2019-07-18 16:24:38'),(415,2,18,18,527,1,'completed from my end',9,'2019-07-19',2019,7,29,'2019-07-19 08:40:55','2019-07-19 08:40:55'),(416,17,24,24,575,8,'Working on Vue stuff',9,'2019-07-19',2019,7,29,'2019-07-19 16:33:27','2019-07-19 16:33:27'),(417,2,18,18,527,1,'completed from my end',9,'2019-07-22',2019,7,30,'2019-07-22 08:18:13','2019-07-22 08:18:13'),(418,12,18,18,552,2.33333,'completed from my end',9,'2019-07-22',2019,7,30,'2019-07-22 12:25:43','2019-07-22 12:25:43'),(419,12,18,18,552,0.5,'completed from my end',9,'2019-07-22',2019,7,30,'2019-07-22 15:27:59','2019-07-22 15:27:59'),(420,12,18,18,468,3,'completed from my end',9,'2019-07-22',2019,7,30,'2019-07-22 15:29:14','2019-07-22 15:29:14'),(421,12,18,18,468,3,'completed from my end',9,'2019-07-22',2019,7,30,'2019-07-22 15:31:32','2019-07-22 15:31:32'),(422,17,24,24,577,8,'learn Jwt auth',9,'2019-07-22',2019,7,30,'2019-07-22 16:40:50','2019-07-22 16:40:50'),(423,17,24,24,579,8,'design post Meme modals',8,'2019-07-23',2019,7,30,'2019-07-23 16:44:40','2019-07-23 16:44:40'),(424,17,24,24,579,30,'design post Meme modals',8,'2019-07-23',2019,7,30,'2019-07-23 16:45:38','2019-07-23 16:45:38'),(425,2,18,18,527,1,'completed from my end',9,'2019-07-24',2019,7,30,'2019-07-24 08:35:39','2019-07-24 08:35:39'),(426,17,24,24,582,8.83333,'Working on theme design.',8,'2019-07-24',2019,7,30,'2019-07-24 16:56:33','2019-07-24 16:56:33'),(427,2,18,18,527,1,'completed from my end',9,'2019-07-26',2019,7,30,'2019-07-26 08:17:37','2019-07-26 08:17:37'),(428,12,18,18,581,3,'completed from my end',9,'2019-07-26',2019,7,30,'2019-07-26 15:08:20','2019-07-26 15:08:20'),(429,12,18,18,468,3,'completed from my end',9,'2019-07-26',2019,7,30,'2019-07-26 15:11:37','2019-07-26 15:11:37'),(431,17,24,24,585,8,'fixing bugs assigned from aqeel',9,'2019-07-29',2019,7,31,'2019-07-29 16:47:17','2019-07-29 16:47:17'),(432,2,18,18,527,0.5,'completed from my end',9,'2019-07-30',2019,7,31,'2019-07-30 07:52:12','2019-07-30 07:52:12'),(433,2,18,18,527,1,'completed from my end',9,'2019-07-31',2019,7,31,'2019-07-31 08:47:20','2019-07-31 08:47:20'),(434,2,18,18,527,1,'completed from my end',9,'2019-08-01',2019,8,31,'2019-08-01 09:55:36','2019-08-01 09:55:36'),(435,2,18,18,527,1,'completed from my end',9,'2019-08-02',2019,8,31,'2019-08-02 08:25:29','2019-08-02 08:25:29'),(436,17,24,24,590,8,'implement notifications',9,'2019-08-05',2019,8,32,'2019-08-05 17:00:58','2019-08-05 17:00:58'),(438,2,18,18,527,1,'completed from my end',9,'2019-08-08',2019,8,32,'2019-08-08 08:37:09','2019-08-08 08:37:09'),(439,2,5,5,570,12,'add and display of activity',9,'2019-08-08',2019,8,32,'2019-08-08 15:11:43','2019-08-08 15:11:43'),(440,2,18,18,527,1,'completed from my end',9,'2019-08-09',2019,8,32,'2019-08-09 11:55:50','2019-08-09 11:55:50'),(441,2,18,18,527,1,'completed from my end',9,'2019-08-20',2019,8,34,'2019-08-20 08:04:39','2019-08-20 08:04:39'),(442,11,18,18,556,4,'completed from my end',9,'2019-08-20',2019,8,34,'2019-08-20 12:58:21','2019-08-20 12:58:21'),(443,2,5,5,570,9,'activity edit and update . low high valuation history maintain',9,'2019-08-21',2019,8,34,'2019-08-21 08:22:10','2019-08-21 08:22:10'),(444,2,18,18,527,1,'completed from my end',9,'2019-08-22',2019,8,34,'2019-08-22 07:57:45','2019-08-22 07:57:45'),(445,2,18,18,527,1,'completed from my end',9,'2019-08-23',2019,8,34,'2019-08-23 08:35:41','2019-08-23 08:35:41'),(446,2,18,18,527,1,'completed from my end',9,'2019-08-24',2019,8,34,'2019-08-24 08:15:33','2019-08-24 08:15:33'),(448,17,24,24,600,9,'notifications in progress',9,'2019-08-26',2019,8,35,'2019-08-26 17:19:28','2019-08-26 17:19:28'),(449,2,18,18,527,1,'completed from my end',9,'2019-08-27',2019,8,35,'2019-08-27 06:56:36','2019-08-27 06:56:36'),(450,2,18,18,527,1,'completed from my end',9,'2019-08-28',2019,8,35,'2019-08-28 07:56:56','2019-08-28 07:56:56'),(451,2,18,18,527,1,'completed from my end',9,'2019-08-29',2019,8,35,'2019-08-29 07:33:03','2019-08-29 07:33:03'),(452,2,18,18,527,1,'completed from my end',9,'2019-08-30',2019,8,35,'2019-08-30 07:50:20','2019-08-30 07:50:20'),(453,17,24,24,600,2,'New notification should always be on the Top.=> in progress',9,'2019-09-02',2019,9,36,'2019-09-02 08:03:19','2019-09-02 08:03:19'),(454,2,18,18,527,0.5,'completed from my end',9,'2019-09-03',2019,9,36,'2019-09-03 08:04:13','2019-09-03 08:04:13'),(455,2,18,18,527,1,'completed from my end',9,'2019-09-04',2019,9,36,'2019-09-04 08:04:00','2019-09-04 08:04:00'),(456,2,18,18,527,1,'completed from my end',9,'2019-09-05',2019,9,36,'2019-09-05 08:56:16','2019-09-05 08:56:16'),(457,2,18,18,527,1,'completed from my end',9,'2019-09-06',2019,9,36,'2019-09-06 07:58:22','2019-09-06 07:58:22'),(458,2,18,18,607,1,'completed from my end',9,'2019-09-12',2019,9,37,'2019-09-12 08:02:03','2019-09-12 08:02:03'),(459,2,18,18,607,1,'completed from my end',9,'2019-09-13',2019,9,37,'2019-09-13 08:01:27','2019-09-13 08:01:27'),(460,2,18,18,607,1,'completed from my end',9,'2019-09-17',2019,9,38,'2019-09-17 07:53:54','2019-09-17 07:53:54'),(461,2,18,18,607,1,'completed from my end',9,'2019-09-18',2019,9,38,'2019-09-18 07:49:10','2019-09-18 07:49:10'),(462,15,16,16,611,8,'Study and debugging query formation.',9,'2019-09-18',2019,9,38,'2019-09-18 16:10:47','2019-09-18 16:10:47'),(463,2,18,18,607,1,'completed from my end',9,'2019-09-19',2019,9,38,'2019-09-19 08:06:57','2019-09-19 08:06:57'),(464,2,18,18,607,1,'completed from my end',9,'2019-09-20',2019,9,38,'2019-09-20 07:54:44','2019-09-20 07:54:44'),(465,17,23,23,613,5,'facebook post',8,'2019-09-23',2019,9,39,'2019-09-23 16:24:40','2019-09-23 16:24:40'),(466,2,18,18,607,1,'completed from my end',9,'2019-09-24',2019,9,39,'2019-09-24 07:51:14','2019-09-24 07:51:14'),(467,2,18,18,607,1,'completed from my end',9,'2019-09-25',2019,9,39,'2019-09-25 07:51:11','2019-09-25 07:51:11'),(468,2,18,18,607,1,'completed from my end',9,'2019-09-26',2019,9,39,'2019-09-26 07:54:31','2019-09-26 07:54:31'),(469,2,18,18,607,1,'completed from my end',9,'2019-09-27',2019,9,39,'2019-09-27 07:45:27','2019-09-27 07:45:27'),(470,2,18,18,607,1,'completed from my end',9,'2019-09-28',2019,9,39,'2019-09-28 16:18:19','2019-09-28 16:18:19'),(471,2,18,18,607,1,'completed from my end',9,'2019-10-01',2019,10,40,'2019-10-01 07:45:01','2019-10-01 07:45:01'),(472,2,18,18,607,1,'completed from my end',9,'2019-10-02',2019,10,40,'2019-10-02 07:44:44','2019-10-02 07:44:44'),(473,2,18,18,607,1,'completed! from my end',9,'2019-10-03',2019,10,40,'2019-10-03 07:59:00','2019-10-03 07:59:00'),(474,2,18,18,607,1,'completed from my end',9,'2019-10-04',2019,10,40,'2019-10-04 07:17:08','2019-10-04 07:17:08'),(475,2,18,18,607,1,'completed from my end',9,'2019-10-05',2019,10,40,'2019-10-05 05:31:54','2019-10-05 05:31:54'),(476,2,18,18,607,1,'completed from my end',9,'2019-10-08',2019,10,41,'2019-10-08 07:45:47','2019-10-08 07:45:47'),(477,2,18,18,607,1,'completed from my end',9,'2019-10-09',2019,10,41,'2019-10-09 07:55:34','2019-10-09 07:55:34'),(478,2,18,18,607,1,'completed from my end',9,'2019-10-15',2019,10,42,'2019-10-15 07:58:37','2019-10-15 07:58:37'),(479,2,18,18,607,1,'completed from my end',9,'2019-10-16',2019,10,42,'2019-10-16 08:04:06','2019-10-16 08:04:06'),(480,2,18,18,607,1,'completed from my end',9,'2019-10-17',2019,10,42,'2019-10-17 08:09:11','2019-10-17 08:09:11'),(481,2,18,18,607,1,'completed from my end',9,'2019-10-18',2019,10,42,'2019-10-18 08:24:34','2019-10-18 08:24:34'),(482,2,18,18,607,1,'completed from my end',9,'2019-10-22',2019,10,43,'2019-10-22 08:03:59','2019-10-22 08:03:59'),(483,2,18,18,607,1,'completed from my end',9,'2019-10-23',2019,10,43,'2019-10-23 08:07:07','2019-10-23 08:07:07'),(484,2,18,18,607,1,'completed from my end',9,'2019-10-24',2019,10,43,'2019-10-24 07:05:42','2019-10-24 07:05:42'),(485,2,18,18,607,1,'completed from my end',9,'2019-10-25',2019,10,43,'2019-10-25 07:35:22','2019-10-25 07:35:22'),(486,2,18,18,607,1,'completed from my end',9,'2019-10-26',2019,10,43,'2019-10-26 04:49:58','2019-10-26 04:49:58'),(487,2,18,18,607,1,'completed from my end',9,'2019-10-29',2019,10,44,'2019-10-29 06:50:45','2019-10-29 06:50:45'),(488,2,18,18,607,1,'completed from my end',9,'2019-10-30',2019,10,44,'2019-10-30 06:49:06','2019-10-30 06:49:06'),(489,2,18,18,607,1,'completed from my end',9,'2019-10-31',2019,10,44,'2019-10-31 06:59:26','2019-10-31 06:59:26'),(490,2,18,18,607,1,'completed from my end',9,'2019-11-01',2019,11,44,'2019-11-01 06:48:57','2019-11-01 06:48:57'),(491,2,18,18,607,1,'completed from my end',9,'2019-11-02',2019,11,44,'2019-11-02 05:43:22','2019-11-02 05:43:22'),(492,2,18,18,607,1,'completed from my end',9,'2019-11-05',2019,11,45,'2019-11-05 06:58:19','2019-11-05 06:58:19'),(493,2,18,18,607,1,'completed from my end',9,'2019-11-06',2019,11,45,'2019-11-06 07:00:43','2019-11-06 07:00:43'),(494,2,18,18,607,1,'completed from my end',9,'2019-11-07',2019,11,45,'2019-11-07 07:03:23','2019-11-07 07:03:23'),(495,2,18,18,607,1,'completed from my end',9,'2019-11-08',2019,11,45,'2019-11-08 05:54:12','2019-11-08 05:54:12'),(496,2,18,18,607,1,'completed from my end',9,'2019-11-09',2019,11,45,'2019-11-09 05:11:57','2019-11-09 05:11:57'),(497,2,18,18,607,1,'completed from my end',9,'2019-11-12',2019,11,46,'2019-11-12 05:59:22','2019-11-12 05:59:22'),(498,2,18,18,607,1,'completed from my end',9,'2019-11-13',2019,11,46,'2019-11-13 05:50:49','2019-11-13 05:50:49'),(499,2,18,18,607,1,'completed from my end',9,'2019-11-14',2019,11,46,'2019-11-14 06:05:53','2019-11-14 06:05:53'),(500,2,18,18,607,1,'completed from my end',9,'2019-11-15',2019,11,46,'2019-11-15 06:16:27','2019-11-15 06:16:27'),(501,2,18,18,607,1,'completed from my end',9,'2019-11-19',2019,11,47,'2019-11-19 06:10:12','2019-11-19 06:10:12'),(502,2,18,18,607,1,'completed from my end',9,'2019-11-20',2019,11,47,'2019-11-20 06:06:06','2019-11-20 06:06:06'),(503,2,18,18,607,1,'completed from my end',9,'2019-11-26',2019,11,48,'2019-11-26 05:55:00','2019-11-26 05:55:00'),(504,2,18,18,607,1,'completed from my end',9,'2019-11-28',2019,11,48,'2019-11-28 05:57:13','2019-11-28 05:57:13'),(505,2,18,18,607,1,'completed from my end',9,'2019-12-04',2019,12,49,'2019-12-04 06:16:43','2019-12-04 06:16:43'),(506,2,18,18,607,1,'completed from my end',9,'2019-12-05',2019,12,49,'2019-12-05 06:07:49','2019-12-05 06:07:49'),(507,2,18,18,607,1,'completed from my end',9,'2019-12-06',2019,12,49,'2019-12-06 08:23:35','2019-12-06 08:23:35'),(508,2,18,18,607,1,'completed from my end',9,'2019-12-10',2019,12,50,'2019-12-10 06:31:04','2019-12-10 06:31:04'),(509,2,18,18,607,1,'completed from my end',9,'2019-12-11',2019,12,50,'2019-12-11 06:25:36','2019-12-11 06:25:36'),(510,2,18,18,607,1,'completed from my end',9,'2019-12-12',2019,12,50,'2019-12-12 06:59:05','2019-12-12 06:59:05'),(511,2,18,18,607,1,'completed from my end',9,'2019-12-13',2019,12,50,'2019-12-13 05:34:36','2019-12-13 05:34:36'),(512,2,18,18,607,1,'completed from my end',9,'2019-12-17',2019,12,51,'2019-12-17 06:29:03','2019-12-17 06:29:03'),(517,2,18,18,607,1,'completed from my end',9,'2019-12-18',2019,12,51,'2019-12-18 04:56:06','2019-12-18 04:56:06'),(518,2,18,18,607,1,'completed from my end',9,'2019-12-19',2019,12,51,'2019-12-19 04:24:29','2019-12-19 04:24:29'),(519,2,18,18,607,1,'completed from my end',9,'2019-12-20',2019,12,51,'2019-12-20 05:07:57','2019-12-20 05:07:57'),(520,2,18,18,607,1,'completed from my end',9,'2019-12-21',2019,12,51,'2019-12-21 05:30:43','2019-12-21 05:30:43'),(521,2,18,18,607,1,'completed from my end',9,'2019-12-27',2019,12,52,'2019-12-27 05:38:02','2019-12-27 05:38:02'),(522,2,18,18,607,1,'completed from my end',9,'2019-12-28',2019,12,52,'2019-12-28 06:49:46','2019-12-28 06:49:46'),(523,2,18,18,607,1,'completed from my end',9,'2019-12-31',2019,12,1,'2019-12-31 06:12:02','2019-12-31 06:12:02'),(524,2,18,18,607,1,'completed from my end',9,'2020-01-01',2020,1,1,'2020-01-01 06:58:25','2020-01-01 06:58:25'),(525,2,18,18,607,1,'completed from my end',9,'2020-01-03',2020,1,1,'2020-01-03 06:45:39','2020-01-03 06:45:39'),(526,2,18,18,607,1,'completed from my end',9,'2020-01-04',2020,1,1,'2020-01-04 07:05:24','2020-01-04 07:05:24'),(527,2,18,18,607,1,'completed from my end',9,'2020-01-07',2020,1,2,'2020-01-07 05:18:55','2020-01-07 05:18:55'),(528,2,18,18,607,1,'completed from my end',9,'2020-01-08',2020,1,2,'2020-01-08 05:26:16','2020-01-08 05:26:16'),(529,2,18,18,607,1,'completed from my end',9,'2020-01-09',2020,1,2,'2020-01-09 05:25:36','2020-01-09 05:25:36'),(530,2,18,18,607,1,'completed from my end',9,'2020-01-10',2020,1,2,'2020-01-10 07:06:27','2020-01-10 07:06:27'),(531,2,18,18,607,1,'completed from my end',9,'2020-01-11',2020,1,2,'2020-01-11 06:49:51','2020-01-11 06:49:51'),(532,2,18,18,607,1,'completed from my end',9,'2020-01-14',2020,1,3,'2020-01-14 05:51:39','2020-01-14 05:51:39'),(533,2,18,18,607,1,'completed from my end',9,'2020-01-16',2020,1,3,'2020-01-16 04:38:30','2020-01-16 04:38:30'),(534,2,18,18,607,1,'completed from my end',9,'2020-01-18',2020,1,3,'2020-01-18 06:29:46','2020-01-18 06:29:46'),(535,2,18,18,607,1,'completed from my end',9,'2020-01-24',2020,1,4,'2020-01-24 06:22:21','2020-01-24 06:22:21'),(536,2,18,18,607,1,'completed from my end',9,'2020-01-25',2020,1,4,'2020-01-25 06:53:47','2020-01-25 06:53:47'),(537,2,18,18,607,1,'completed from my end',9,'2020-01-29',2020,1,5,'2020-01-29 05:43:03','2020-01-29 05:43:03'),(538,2,18,18,607,1,'completed from my end',9,'2020-01-31',2020,1,5,'2020-01-31 06:07:31','2020-01-31 06:07:31'),(539,2,18,18,607,1,'completed from my end',9,'2020-02-01',2020,2,5,'2020-02-01 06:24:15','2020-02-01 06:24:15'),(540,2,18,18,607,1,'completed from my end',9,'2020-02-04',2020,2,6,'2020-02-04 05:44:51','2020-02-04 05:44:51'),(541,2,18,18,607,0.5,'completed from my end',9,'2020-02-05',2020,2,6,'2020-02-05 06:42:51','2020-02-05 06:42:51'),(542,2,18,18,607,0.5,'completed from my end',9,'2020-02-06',2020,2,6,'2020-02-06 05:47:11','2020-02-06 05:47:11'),(543,2,18,18,607,0.5,'completed from my end',9,'2020-02-07',2020,2,6,'2020-02-07 05:29:40','2020-02-07 05:29:40'),(544,2,18,18,607,0.5,'completed from my end',9,'2020-02-11',2020,2,7,'2020-02-11 05:52:25','2020-02-11 05:52:25'),(545,2,18,18,607,0.5,'completed from my end',9,'2020-02-12',2020,2,7,'2020-02-12 06:03:30','2020-02-12 06:03:30'),(546,2,18,18,607,0.5,'completed from my end',9,'2020-02-13',2020,2,7,'2020-02-13 06:04:00','2020-02-13 06:04:00'),(547,2,18,18,607,0.5,'completed from my end',9,'2020-02-19',2020,2,8,'2020-02-19 05:25:03','2020-02-19 05:25:03'),(548,2,18,18,607,0.5,'completed from my end',9,'2020-02-20',2020,2,8,'2020-02-20 05:35:37','2020-02-20 05:35:37'),(549,2,18,18,607,0.5,'completed',9,'2020-02-21',2020,2,8,'2020-02-21 06:19:49','2020-02-21 06:19:49'),(550,2,18,18,607,0.5,'completed',9,'2020-02-22',2020,2,8,'2020-02-22 06:49:57','2020-02-22 06:49:57'),(551,2,18,18,607,0.5,'completed from my end',9,'2020-02-25',2020,2,9,'2020-02-25 06:47:46','2020-02-25 06:47:46'),(552,2,18,18,607,0.5,'completed from my end',9,'2020-02-26',2020,2,9,'2020-02-26 06:23:48','2020-02-26 06:23:48'),(553,24,18,18,686,7.5,'completed from my end',9,'2020-02-26',2020,2,9,'2020-02-26 06:43:10','2020-02-26 06:43:10'),(554,2,18,18,607,0.5,'completed from my end',9,'2020-02-27',2020,2,9,'2020-02-27 05:49:36','2020-02-27 05:49:36'),(555,2,18,18,607,0.5,'completed from my end',9,'2020-02-28',2020,2,9,'2020-02-28 05:09:15','2020-02-28 05:09:15'),(556,2,18,18,607,0.5,'completed',9,'2020-02-29',2020,2,9,'2020-02-29 06:39:16','2020-02-29 06:39:16'),(557,2,18,18,607,0.5,'completed from my end',9,'2020-03-03',2020,3,10,'2020-03-03 05:39:48','2020-03-03 05:39:48'),(558,2,18,18,607,0.5,'completed from my end',9,'2020-03-04',2020,3,10,'2020-03-04 05:22:22','2020-03-04 05:22:22'),(559,2,18,18,607,0.5,'completed from my end',9,'2020-03-05',2020,3,10,'2020-03-05 06:40:24','2020-03-05 06:40:24'),(560,2,18,18,607,0.5,'completed from my end',9,'2020-03-06',2020,3,10,'2020-03-06 06:21:56','2020-03-06 06:21:56'),(561,2,18,18,607,0.5,'completed',9,'2020-03-07',2020,3,10,'2020-03-07 05:34:20','2020-03-07 05:34:20'),(562,2,18,18,607,0.5,'completed from my end',9,'2020-03-10',2020,3,11,'2020-03-10 05:55:07','2020-03-10 05:55:07'),(563,24,18,18,693,1,'Html extension remove.',9,'2020-03-10',2020,3,11,'2020-03-10 10:53:42','2020-03-10 10:53:42'),(564,2,18,18,607,0.5,'completed from my end',9,'2020-03-11',2020,3,11,'2020-03-11 05:41:35','2020-03-11 05:41:35'),(565,2,18,18,607,0.5,'completed from my end',9,'2020-03-12',2020,3,11,'2020-03-12 06:30:00','2020-03-12 06:30:00'),(566,2,18,18,607,0.5,'completed from my end',9,'2020-03-13',2020,3,11,'2020-03-13 07:18:55','2020-03-13 07:18:55'),(567,2,18,18,607,0.5,'completed from my end',9,'2020-03-14',2020,3,11,'2020-03-14 08:39:59','2020-03-14 08:39:59'),(568,2,18,18,607,0.5,'completed from my end',9,'2020-03-17',2020,3,12,'2020-03-17 06:36:07','2020-03-17 06:36:07'),(569,2,18,18,607,0.5,'completed from my end',9,'2020-03-18',2020,3,12,'2020-03-18 06:14:03','2020-03-18 06:14:03'),(570,2,18,18,607,0.5,'completed from my end',9,'2020-03-19',2020,3,12,'2020-03-19 06:13:54','2020-03-19 06:13:54'),(571,2,18,18,607,0.5,'completed from my end',9,'2020-03-20',2020,3,12,'2020-03-20 06:27:43','2020-03-20 06:27:43'),(572,2,18,18,607,0.5,'completed',9,'2020-03-21',2020,3,12,'2020-03-21 05:49:21','2020-03-21 05:49:21'),(573,2,18,18,607,0.5,'completed from my end',9,'2020-03-24',2020,3,13,'2020-03-24 06:32:01','2020-03-24 06:32:01'),(574,2,18,18,607,0.5,'completed from my end',9,'2020-03-25',2020,3,13,'2020-03-25 07:22:20','2020-03-25 07:22:20'),(575,2,18,18,607,0.5,'completed from my end',9,'2020-03-26',2020,3,13,'2020-03-26 07:56:32','2020-03-26 07:56:32'),(576,2,18,18,607,0.5,'completed from my end',9,'2020-03-27',2020,3,13,'2020-03-27 06:35:24','2020-03-27 06:35:24'),(577,2,18,18,607,0.5,'completed from my end',9,'2020-03-28',2020,3,13,'2020-03-28 08:07:02','2020-03-28 08:07:02'),(578,2,18,18,607,0.5,'completed from my end',9,'2020-03-31',2020,3,14,'2020-03-31 07:13:28','2020-03-31 07:13:28'),(579,2,18,18,607,0.5,'completed from my end',9,'2020-04-02',2020,4,14,'2020-04-02 08:55:51','2020-04-02 08:55:51'),(580,2,18,18,607,0.5,'completed from my end',9,'2020-04-04',2020,4,14,'2020-04-04 08:56:16','2020-04-04 08:56:16'),(581,2,5,5,699,1,'support',9,'2020-04-04',2020,4,14,'2020-04-04 09:00:38','2020-04-04 09:00:38'),(582,2,18,18,607,0.5,'completed from my end',9,'2020-04-14',2020,4,16,'2020-04-14 07:04:38','2020-04-14 07:04:38'),(583,20,18,18,704,1,'completed from my end',9,'2020-04-16',2020,4,16,'2020-04-16 10:34:05','2020-04-16 10:34:05'),(584,20,18,18,702,1,'completed from my end',9,'2020-04-16',2020,4,16,'2020-04-16 13:06:12','2020-04-16 13:06:12'),(585,2,18,18,607,0.5,'completed from my end',9,'2020-04-17',2020,4,16,'2020-04-17 07:37:30','2020-04-17 07:37:30'),(586,2,18,18,607,0.5,'completed from my end',9,'2020-04-22',2020,4,17,'2020-04-22 07:09:28','2020-04-22 07:09:28'),(587,2,18,18,607,0.5,'completed from my end',9,'2020-05-01',2020,5,18,'2020-05-01 08:06:48','2020-05-01 08:06:48'),(588,2,18,18,607,0.5,'completed from my end',9,'2020-05-02',2020,5,18,'2020-05-02 09:58:45','2020-05-02 09:58:45'),(589,2,18,18,607,0.5,'completed from my end',9,'2020-05-06',2020,5,19,'2020-05-06 06:54:34','2020-05-06 06:54:34'),(590,2,18,18,607,0.5,'completed from my end',9,'2020-05-08',2020,5,19,'2020-05-08 07:12:46','2020-05-08 07:12:46'),(591,2,18,18,607,0.5,'completed from my end',9,'2020-05-09',2020,5,19,'2020-05-09 10:52:43','2020-05-09 10:52:43'),(592,2,18,18,607,0.5,'completed from my end',9,'2020-05-12',2020,5,20,'2020-05-12 07:46:41','2020-05-12 07:46:41'),(593,2,18,18,607,0.5,'completed from my end',9,'2020-05-13',2020,5,20,'2020-05-13 07:50:15','2020-05-13 07:50:15'),(594,2,18,18,607,0.5,'completed from my end',9,'2020-05-16',2020,5,20,'2020-05-16 10:27:56','2020-05-16 10:27:56'),(595,2,18,18,607,0.5,'completed from my end',9,'2020-05-21',2020,5,21,'2020-05-21 07:54:54','2020-05-21 07:54:54'),(596,2,18,18,607,0.5,'completed from my end',9,'2020-05-22',2020,5,21,'2020-05-22 07:08:41','2020-05-22 07:08:41'),(597,2,18,18,607,1,'completed from my end',9,'2020-05-23',2020,5,21,'2020-05-23 10:37:22','2020-05-23 10:37:22'),(598,2,18,18,607,0.5,'completed from my end',9,'2020-05-29',2020,5,22,'2020-05-29 08:04:50','2020-05-29 08:04:50'),(599,2,18,18,607,0.5,'completed from my end',9,'2020-06-03',2020,6,23,'2020-06-03 07:24:36','2020-06-03 07:24:36'),(600,2,5,5,719,3,'preventing data loss implementation for TTMEPS ',9,'2020-06-03',2020,6,23,'2020-06-03 11:08:37','2020-06-03 11:08:37'),(601,2,18,18,607,0.5,'completed from my end',9,'2020-06-04',2020,6,23,'2020-06-04 08:26:12','2020-06-04 08:26:12'),(602,2,18,18,607,0.5,'completed from my end',9,'2020-06-06',2020,6,23,'2020-06-06 08:16:01','2020-06-06 08:16:01'),(603,27,5,5,727,7,'theme design by Abdul Ahad',9,'2020-06-05',2020,6,23,'2020-06-08 08:38:59','2020-06-08 08:39:17'),(604,2,18,18,607,0.5,'completed from my end',9,'2020-06-09',2020,6,24,'2020-06-09 08:08:10','2020-06-09 08:08:10'),(605,2,18,18,607,0.5,'completed from my end',9,'2020-06-10',2020,6,24,'2020-06-10 07:35:54','2020-06-10 07:35:54'),(606,2,18,18,607,0.5,'completed from my end',9,'2020-06-11',2020,6,24,'2020-06-11 09:02:59','2020-06-11 09:02:59'),(607,2,18,18,607,0.5,'completed from my end',9,'2020-06-12',2020,6,24,'2020-06-12 08:05:33','2020-06-12 08:05:33'),(608,2,18,18,607,0.5,'completed from my end',9,'2020-06-17',2020,6,25,'2020-06-17 08:11:58','2020-06-17 08:11:58'),(609,2,18,18,607,0.5,'completed from my end',9,'2020-06-18',2020,6,25,'2020-06-18 08:07:37','2020-06-18 08:07:37'),(610,2,18,18,607,0.5,'completed from my end',9,'2020-06-23',2020,6,26,'2020-06-23 08:03:46','2020-06-23 08:03:46'),(611,2,18,18,607,0.5,'completed from my end',9,'2020-06-26',2020,6,26,'2020-06-26 05:18:57','2020-06-26 05:18:57'),(612,2,18,18,607,0.5,'completed from my end',9,'2020-06-30',2020,6,27,'2020-06-30 06:10:11','2020-06-30 06:10:11'),(613,34,28,28,1003,1,'Footer Redesign',8,'2021-06-03',2021,6,22,'2021-06-03 11:50:37','2021-06-03 11:50:37'),(614,34,28,28,1006,0.5,'Adjusted Header of the mentioned pages and edited images on photoshop',8,'2021-06-03',2021,6,22,'2021-06-03 11:54:05','2021-06-03 11:54:05'),(615,34,28,28,1011,1,'Redesigned & Relocated Our Founder Section',8,'2021-06-03',2021,6,22,'2021-06-03 11:55:36','2021-06-03 11:55:36'),(616,34,28,28,1011,0.5,'fixed Image size through photoshop',8,'2021-06-03',2021,6,22,'2021-06-03 12:46:56','2021-06-03 12:46:56'),(617,34,28,28,1012,1,'Added whole section to new page and fixed design issues',8,'2021-06-03',2021,6,22,'2021-06-03 12:55:02','2021-06-03 12:55:02'),(618,34,28,28,1013,0.5,'Header Removed & Styling Format',8,'2021-06-03',2021,6,22,'2021-06-03 14:37:05','2021-06-03 14:37:05'),(619,34,28,28,1014,0.5,'Section Rearranged',8,'2021-06-03',2021,6,22,'2021-06-03 15:03:25','2021-06-03 15:03:25'),(620,34,28,28,1015,0.5,'Section Redesign & Rearrange',8,'2021-06-03',2021,6,22,'2021-06-03 15:20:01','2021-06-03 15:20:01'),(621,34,28,28,1025,0.5,'Button Design Update',8,'2021-06-04',2021,6,22,'2021-06-04 07:36:18','2021-06-04 07:36:18'),(622,34,28,28,1024,0.5,'reduced padding of the section',8,'2021-06-04',2021,6,22,'2021-06-04 07:37:04','2021-06-04 07:37:04'),(623,34,28,28,1026,1,'Section Redesign',8,'2021-06-04',2021,6,22,'2021-06-04 08:07:55','2021-06-04 08:07:55'),(624,34,28,28,1028,1,'removed arrows made whole section clickable added a border below the title',8,'2021-06-04',2021,6,22,'2021-06-04 08:34:53','2021-06-04 08:34:53'),(625,34,28,28,1031,1,'Section Redesign',8,'2021-06-04',2021,6,22,'2021-06-04 09:15:12','2021-06-04 09:15:12'),(626,34,28,28,1032,0.5,'Removed date time from post and fixed minor issue',8,'2021-06-04',2021,6,22,'2021-06-04 09:22:32','2021-06-04 09:22:32'),(627,34,28,28,1033,1,'Social Media Icons update',8,'2021-06-04',2021,6,22,'2021-06-04 09:45:28','2021-06-04 09:45:28'),(628,34,28,28,1034,0.5,'Section Redesign and Rearranged',8,'2021-06-04',2021,6,22,'2021-06-04 13:54:54','2021-06-04 13:54:54'),(629,34,28,28,1021,0.5,'enable search on responsive mode',8,'2021-06-04',2021,6,22,'2021-06-04 13:58:51','2021-06-04 13:58:51'),(630,34,28,28,1035,0.5,'Adjusted Spacing of Section',8,'2021-06-04',2021,6,22,'2021-06-04 14:31:58','2021-06-04 14:31:58'),(631,34,28,28,1036,0.5,'Added 2 new links to the header',8,'2021-06-04',2021,6,22,'2021-06-04 14:50:44','2021-06-04 14:50:44'),(632,34,28,28,1037,0.5,'Spotlight Removed & Button Size increased',8,'2021-06-04',2021,6,22,'2021-06-04 14:54:54','2021-06-04 14:54:54'),(633,34,28,28,1038,0.5,'fixed issue related Design ',8,'2021-06-04',2021,6,22,'2021-06-04 15:09:31','2021-06-04 15:09:31'),(634,34,28,28,1003,0.5,'current hover state made default and added outline for new hover state',8,'2021-06-07',2021,6,23,'2021-06-07 07:55:19','2021-06-07 07:55:19'),(635,34,28,28,1042,0.5,'section re-designed like other sections ',8,'2021-06-07',2021,6,23,'2021-06-07 08:09:00','2021-06-07 08:09:00'),(636,34,28,28,1039,0.5,'Title changed',8,'2021-06-07',2021,6,23,'2021-06-07 08:14:51','2021-06-07 08:14:51'),(637,34,28,28,1041,0.5,'Title changed',8,'2021-06-07',2021,6,23,'2021-06-07 08:21:56','2021-06-07 08:21:56'),(638,34,28,28,1028,0.5,'Section Redesign',8,'2021-06-07',2021,6,23,'2021-06-07 08:26:49','2021-06-07 08:26:49'),(639,34,28,28,1026,0.5,'Added Hover state on Section Content',8,'2021-06-07',2021,6,23,'2021-06-07 08:30:02','2021-06-07 08:30:02'),(640,34,28,28,1043,0.5,'Section Restored',8,'2021-06-07',2021,6,23,'2021-06-07 08:36:14','2021-06-07 08:36:14'),(641,34,28,28,1023,0.5,'Banner Featured Image replaced ',8,'2021-06-07',2021,6,23,'2021-06-07 08:46:39','2021-06-07 08:46:39'),(642,34,28,28,1030,1,'Buttons Redesign',8,'2021-06-07',2021,6,23,'2021-06-07 09:32:13','2021-06-07 09:32:13'),(643,27,17,17,983,17,'time spent to add this functionality',9,'2021-06-07',2021,6,23,'2021-06-07 15:05:00','2021-06-07 15:05:00'),(644,34,28,28,943,0.5,'Buttons Rearranged',8,'2021-06-08',2021,6,23,'2021-06-08 10:43:56','2021-06-08 10:43:56'),(645,34,28,28,1030,1,'Button Design Update',8,'2021-06-08',2021,6,23,'2021-06-08 11:33:03','2021-06-08 11:33:03'),(646,34,28,28,1044,1.5,'Design Fixed',8,'2021-06-08',2021,6,23,'2021-06-08 13:07:48','2021-06-08 13:07:48'),(647,34,28,28,1046,0.5,'url update',8,'2021-06-08',2021,6,23,'2021-06-08 13:11:10','2021-06-08 13:11:10'),(648,34,28,28,1047,1,'Updated anchor tag on individual publication page',8,'2021-06-08',2021,6,23,'2021-06-08 13:20:16','2021-06-08 13:20:16'),(649,34,28,28,1050,0.5,'hover state changed',8,'2021-06-08',2021,6,23,'2021-06-08 13:21:47','2021-06-08 13:21:47'),(650,34,28,28,949,2,'Header home is now Dynamic',9,'2021-06-08',2021,6,23,'2021-06-08 13:32:24','2021-06-08 13:32:24'),(651,34,28,28,1049,0.5,'updating images',8,'2021-06-08',2021,6,23,'2021-06-08 13:48:22','2021-06-08 13:48:22'),(652,34,28,28,1048,1,'Section Redesign',8,'2021-06-08',2021,6,23,'2021-06-08 13:58:15','2021-06-08 13:58:15'),(653,34,28,28,1053,0.5,'Link restyled',8,'2021-06-09',2021,6,23,'2021-06-09 07:55:29','2021-06-09 07:55:29'),(654,34,28,28,1052,0.5,'Button redirect from Page to Search section',9,'2021-06-09',2021,6,23,'2021-06-09 08:01:40','2021-06-09 08:01:40'),(655,34,28,28,1055,0.5,'Headshot Size on medium screens',8,'2021-06-09',2021,6,23,'2021-06-09 11:54:12','2021-06-09 11:54:12'),(656,34,28,28,949,0.5,'Header home Default styling',8,'2021-06-09',2021,6,23,'2021-06-09 11:59:45','2021-06-09 11:59:45'),(657,34,28,28,1051,1.5,'Counters Added',9,'2021-06-09',2021,6,23,'2021-06-09 12:39:44','2021-06-09 12:39:44'),(658,34,28,28,997,1,'Cookies-GDPR made Accesible',8,'2021-06-09',2021,6,23,'2021-06-09 14:18:55','2021-06-09 14:18:55'),(659,34,28,28,943,3,'Worked on making PDF Download.',9,'2021-06-10',2021,6,23,'2021-06-10 07:24:29','2021-06-10 07:24:29'),(660,34,28,28,1040,1,'Publicatin Page - Reports Listing Redesign',8,'2021-06-10',2021,6,23,'2021-06-10 07:59:41','2021-06-10 07:59:41'),(661,34,28,28,997,0.5,'Button added to open cookies in privacy policy',8,'2021-06-11',2021,6,23,'2021-06-11 08:08:52','2021-06-11 08:08:52'),(662,34,28,28,998,2.5,'Added Submenu + Designed Submenu and made it accessible',9,'2021-06-11',2021,6,23,'2021-06-11 14:56:10','2021-06-11 14:56:10'),(663,34,28,28,1056,0.5,'Close Button added to Cookies',8,'2021-06-15',2021,6,24,'2021-06-15 07:45:08','2021-06-15 07:45:08'),(664,34,28,28,1059,2,'Content added to Impact Page and section redesigned to tab content section ',9,'2021-06-15',2021,6,24,'2021-06-15 09:39:34','2021-06-15 09:39:34'),(665,34,28,28,1059,0.5,'Tab restyled',8,'2021-06-16',2021,6,24,'2021-06-16 07:25:07','2021-06-16 07:25:07'),(666,34,28,28,1061,0.5,'New section Added',8,'2021-06-16',2021,6,24,'2021-06-16 07:33:50','2021-06-16 07:33:50'),(667,34,28,28,1063,0.5,'Global MAp section Added to the page',8,'2021-06-16',2021,6,24,'2021-06-16 07:38:50','2021-06-16 07:38:50'),(668,34,28,28,1067,0.5,'Accessiblity Issues',8,'2021-06-17',2021,6,24,'2021-06-17 07:17:31','2021-06-17 07:17:31'),(669,34,28,28,1070,0.5,'Applied Ancor tag to whole Tile',8,'2021-06-17',2021,6,24,'2021-06-17 07:33:03','2021-06-17 07:33:03'),(670,34,28,28,1072,0.5,'Applied Ancor tag to whole Block',8,'2021-06-17',2021,6,24,'2021-06-17 08:11:35','2021-06-17 08:11:35'),(671,34,28,28,1074,0.5,'Font Size decreased',8,'2021-06-17',2021,6,24,'2021-06-17 08:17:39','2021-06-17 08:17:39'),(672,34,28,28,1075,0.5,'Button design fixed',8,'2021-06-17',2021,6,24,'2021-06-17 08:25:05','2021-06-17 08:25:05'),(673,34,28,28,1076,0.5,'Font Size decreased',8,'2021-06-17',2021,6,24,'2021-06-17 08:27:00','2021-06-17 08:27:00'),(674,34,28,28,1078,0.5,'Added Link to Text',8,'2021-06-17',2021,6,24,'2021-06-17 08:29:51','2021-06-17 08:29:51'),(675,34,28,28,1071,1,'Applied Ancor tag to whole Tile',8,'2021-06-17',2021,6,24,'2021-06-17 09:13:02','2021-06-17 09:13:02'),(676,34,28,28,1073,0.5,'URL Update',8,'2021-06-17',2021,6,24,'2021-06-17 09:13:41','2021-06-17 09:13:41'),(677,34,28,28,1077,1,'Pop up Form Design',8,'2021-06-17',2021,6,24,'2021-06-17 11:07:09','2021-06-17 11:07:09'),(678,34,28,28,1079,0.5,'space adjustment',8,'2021-06-17',2021,6,24,'2021-06-17 12:26:06','2021-06-17 12:26:06'),(679,34,28,28,1083,0.5,'Overlapping Issue',8,'2021-06-18',2021,6,24,'2021-06-18 07:24:35','2021-06-18 07:24:35'),(680,34,28,28,1084,0.5,'Content from dashboard updated',9,'2021-06-18',2021,6,24,'2021-06-18 07:30:51','2021-06-18 07:30:51'),(681,34,28,28,1085,0.5,'center align text',8,'2021-06-18',2021,6,24,'2021-06-18 07:38:08','2021-06-18 07:38:08'),(682,34,28,28,1090,0.5,'Fixed Image Height',8,'2021-06-18',2021,6,24,'2021-06-18 07:53:11','2021-06-18 07:53:11'),(683,34,28,28,1091,0.5,'Assigned onclick on button',9,'2021-06-18',2021,6,24,'2021-06-18 08:09:30','2021-06-18 08:09:30'),(684,34,28,28,1086,0.5,'Take Quiz Button Working',9,'2021-06-18',2021,6,24,'2021-06-18 08:18:07','2021-06-18 08:18:07'),(685,34,28,28,1087,0.5,'Reset Button is Working',9,'2021-06-18',2021,6,24,'2021-06-18 08:19:36','2021-06-18 08:19:36'),(686,34,28,28,1092,0.5,'Added Validation message for checkbox',9,'2021-06-18',2021,6,24,'2021-06-18 08:38:15','2021-06-18 08:38:15'),(687,34,28,28,1094,0.5,'Overlapping Issue',8,'2021-06-18',2021,6,24,'2021-06-18 08:54:28','2021-06-18 08:54:28'),(688,34,28,28,1099,0.5,'Telephone validation now working fine',9,'2021-06-18',2021,6,24,'2021-06-18 08:59:45','2021-06-18 08:59:45'),(689,34,28,28,1100,0.5,'button and field overlapping change',8,'2021-06-18',2021,6,24,'2021-06-18 09:12:03','2021-06-18 09:12:03'),(690,34,28,28,958,1,'Removed website and region from table',9,'2021-06-18',2021,6,24,'2021-06-18 09:16:00','2021-06-18 09:16:00'),(691,34,28,28,1085,0.5,'space adjustment',8,'2021-06-18',2021,6,24,'2021-06-18 13:29:56','2021-06-18 13:29:56'),(692,34,28,28,1062,1,'Content Uploaded',9,'2021-06-18',2021,6,24,'2021-06-18 14:04:36','2021-06-18 14:04:36'),(693,34,28,28,1064,1.5,'accessibility Issues fixed',8,'2021-06-18',2021,6,24,'2021-06-18 14:12:48','2021-06-18 14:12:48'),(694,34,28,28,1068,0.5,'accessibility Issues fixed',8,'2021-06-18',2021,6,24,'2021-06-18 14:23:41','2021-06-18 14:23:41'),(695,34,28,28,1081,0.5,'accessibility Issues fixed',8,'2021-06-18',2021,6,24,'2021-06-18 14:33:12','2021-06-18 14:33:12'),(696,34,28,28,1104,0.5,'space adjustment',8,'2021-06-21',2021,6,25,'2021-06-21 07:43:56','2021-06-21 07:43:56'),(697,34,28,28,1105,1,'Submenu display issues resolved',8,'2021-06-21',2021,6,25,'2021-06-21 08:09:10','2021-06-21 08:09:10'),(698,34,28,28,1106,0.5,'Design Fixed',8,'2021-06-21',2021,6,25,'2021-06-21 08:24:28','2021-06-21 08:24:28'),(699,34,28,28,1108,0.5,'space adjustment',8,'2021-06-21',2021,6,25,'2021-06-21 08:33:38','2021-06-21 08:33:38'),(700,34,28,28,1109,0.5,'Space and Size issue fixed',8,'2021-06-21',2021,6,25,'2021-06-21 08:55:54','2021-06-21 08:55:54'),(701,34,28,28,1110,0.5,'Font size decreased',8,'2021-06-21',2021,6,25,'2021-06-21 09:00:02','2021-06-21 09:00:02'),(702,34,28,28,1111,0.5,'space adjustment',8,'2021-06-21',2021,6,25,'2021-06-21 09:17:12','2021-06-21 09:17:12'),(703,34,28,28,1113,0.5,'space adjustment',8,'2021-06-21',2021,6,25,'2021-06-21 10:01:30','2021-06-21 10:01:30'),(704,34,28,28,1115,0.5,'text center align',8,'2021-06-21',2021,6,25,'2021-06-21 10:39:58','2021-06-21 10:39:58'),(705,34,28,28,1117,0.5,'margin padding adjusted',8,'2021-06-21',2021,6,25,'2021-06-21 11:09:16','2021-06-21 11:09:16'),(706,34,28,28,1118,0.5,'space adjustment',8,'2021-06-21',2021,6,25,'2021-06-21 11:35:18','2021-06-21 11:35:18'),(707,34,28,28,1120,0.5,'space adjustment',8,'2021-06-21',2021,6,25,'2021-06-21 11:43:39','2021-06-21 11:43:39'),(708,34,28,28,1121,0.5,'width adjustment',8,'2021-06-21',2021,6,25,'2021-06-21 11:49:22','2021-06-21 11:49:22'),(709,34,28,28,1122,0.5,'space adjustment',8,'2021-06-21',2021,6,25,'2021-06-21 12:00:38','2021-06-21 12:00:38'),(710,34,28,28,1123,1,'label alignment adjusted',8,'2021-06-21',2021,6,25,'2021-06-21 12:16:29','2021-06-21 12:16:29'),(711,34,28,28,1124,1,'space adjustment & button size',8,'2021-06-21',2021,6,25,'2021-06-21 12:53:53','2021-06-21 12:53:53'),(712,34,28,28,1127,0.5,'width adjustment',8,'2021-06-21',2021,6,25,'2021-06-21 13:02:37','2021-06-21 13:02:37'),(713,34,28,28,1128,0.5,'icon adjusted',8,'2021-06-21',2021,6,25,'2021-06-21 13:03:51','2021-06-21 13:03:51'),(714,34,28,28,1129,0.5,'wi',8,'2021-06-21',2021,6,25,'2021-06-21 13:09:58','2021-06-21 13:09:58'),(715,34,28,28,1129,0.5,'button width adjusted',8,'2021-06-21',2021,6,25,'2021-06-21 13:10:33','2021-06-21 13:10:33'),(716,34,28,28,1130,0.5,'space adjustment',8,'2021-06-21',2021,6,25,'2021-06-21 13:15:02','2021-06-21 13:15:02'),(717,34,28,28,1082,1,'accessibility Issues fixed',9,'2021-06-21',2021,6,25,'2021-06-21 14:20:24','2021-06-21 14:20:24'),(718,27,28,28,1138,0.5,'button aligned center',8,'2021-06-24',2021,6,25,'2021-06-24 11:38:44','2021-06-24 11:38:44'),(719,27,28,28,1140,1.5,'Testimonials Redesigned',8,'2021-06-24',2021,6,25,'2021-06-24 12:50:05','2021-06-24 12:50:05'),(720,27,28,28,1133,0.5,'Button Design Update',8,'2021-06-24',2021,6,25,'2021-06-24 12:53:16','2021-06-24 12:53:16'),(721,27,28,28,1134,0.5,'Text added below the button',8,'2021-06-28',2021,6,26,'2021-06-28 07:27:24','2021-06-28 07:27:24'),(722,27,28,28,1139,0.5,'Assets from Design added to live',8,'2021-06-28',2021,6,26,'2021-06-28 10:43:48','2021-06-28 10:43:48'),(723,27,28,28,1137,1,'Footer updated',8,'2021-06-28',2021,6,26,'2021-06-28 11:56:50','2021-06-28 11:56:50'),(724,34,28,28,1162,2.5,'Added Radio Button',8,'2021-07-12',2021,7,28,'2021-07-12 15:09:46','2021-07-12 15:09:46'),(725,34,28,28,1166,0.5,'z-index adjusted',8,'2021-07-13',2021,7,28,'2021-07-13 08:46:52','2021-07-13 08:46:52'),(726,34,28,28,1173,0.5,'height reduced',8,'2021-07-19',2021,7,29,'2021-07-19 08:55:19','2021-07-19 08:55:19'),(727,34,28,28,1170,0.5,'border bottom added to mail link',8,'2021-07-19',2021,7,29,'2021-07-19 09:03:32','2021-07-19 09:03:32'),(728,34,28,28,1169,0.5,'Links normal & hover state styled same (secondary border-bottom & primary text color) ',8,'2021-07-19',2021,7,29,'2021-07-19 09:17:30','2021-07-19 09:17:30'),(729,34,28,28,1174,0.5,'Menu Update',9,'2021-07-19',2021,7,29,'2021-07-19 09:22:38','2021-07-19 09:22:38'),(730,27,28,28,1182,0.5,'section repositioned',8,'2021-07-23',2021,7,29,'2021-07-23 15:57:53','2021-07-23 15:57:53'),(731,34,28,28,1176,1,'section redesign',8,'2021-07-25',2021,7,29,'2021-07-24 22:25:40','2021-07-24 22:25:40'),(732,34,28,28,1120,0.5,'space adjusted',8,'2021-07-28',2021,7,30,'2021-07-28 08:20:08','2021-07-28 08:20:08'),(733,34,28,28,1121,0.5,'font size fixed on responsive',8,'2021-07-28',2021,7,30,'2021-07-28 08:30:26','2021-07-28 08:30:26'),(734,34,28,28,1127,0.5,'fixed menu seacrh icon on responsive',8,'2021-07-28',2021,7,30,'2021-07-28 08:35:39','2021-07-28 08:35:39'),(735,34,28,28,1162,1.5,'Quiz to show Correct answer in Result',9,'2021-07-28',2021,7,30,'2021-07-28 09:56:25','2021-07-28 09:56:25'),(736,34,28,28,1188,1,'Toolkit Section added',9,'2021-07-28',2021,7,30,'2021-07-28 10:22:18','2021-07-28 10:22:18'),(737,34,28,28,1195,0.5,'Image replaced',8,'2021-07-29',2021,7,30,'2021-07-29 08:17:07','2021-07-29 08:17:07'),(738,34,28,28,1202,0.5,'Section removed & readjusted',8,'2021-07-29',2021,7,30,'2021-07-29 08:31:56','2021-07-29 08:31:56'),(739,34,28,28,1200,0.5,'remove section',8,'2021-07-29',2021,7,30,'2021-07-29 08:34:38','2021-07-29 08:34:38'),(740,34,28,28,1188,0.5,'Redesign',8,'2021-07-29',2021,7,30,'2021-07-29 08:36:33','2021-07-29 08:36:33'),(741,34,28,28,1197,1,'Section Redesign',8,'2021-07-29',2021,7,30,'2021-07-29 08:51:40','2021-07-29 08:51:40'),(742,34,28,28,1198,0.5,'Author name added',8,'2021-07-29',2021,7,30,'2021-07-29 09:15:07','2021-07-29 09:15:07'),(743,34,28,28,1194,1.5,'Page redesigned',8,'2021-07-29',2021,7,30,'2021-07-29 12:17:18','2021-07-29 12:17:18'),(744,34,28,28,1203,0.5,'anchor tag added to buttons',8,'2021-07-29',2021,7,30,'2021-07-29 12:48:55','2021-07-29 12:48:55'),(745,34,17,17,1196,2,'Reordered the team members by designation ',9,'2021-08-04',2021,8,31,'2021-08-04 12:01:10','2021-08-04 12:01:10'),(746,2,5,5,1215,1.17,'updated',9,'2021-08-11',2021,8,32,'2021-08-11 12:22:37','2021-08-11 12:22:37'),(747,34,28,28,1224,0.5,'removed ID',9,'2021-09-10',2021,9,36,'2021-09-10 07:26:50','2021-09-10 07:26:50'),(748,34,28,28,1227,2,'Fixed Accessibility Problems',9,'2021-09-10',2021,9,36,'2021-09-10 11:12:02','2021-09-10 11:12:02'),(749,34,28,28,1234,0.5,'reduced padding of the section',8,'2021-09-13',2021,9,37,'2021-09-13 14:35:14','2021-09-13 14:35:14'),(750,34,28,28,1232,0.5,'image Focus fixed',8,'2021-09-13',2021,9,37,'2021-09-13 14:42:48','2021-09-13 14:42:48'),(751,34,28,28,1231,0.5,'Social Link Centered',8,'2021-09-13',2021,9,37,'2021-09-13 14:48:26','2021-09-13 14:48:26'),(752,34,28,28,1238,0.5,'tiles height reduced',8,'2021-09-14',2021,9,37,'2021-09-14 07:23:10','2021-09-14 07:23:10'),(753,34,28,28,1236,1,'Section Redesigned',8,'2021-09-14',2021,9,37,'2021-09-14 08:04:16','2021-09-14 08:04:16'),(754,34,28,28,1237,1,'Section Redesign',8,'2021-09-14',2021,9,37,'2021-09-14 08:29:36','2021-09-14 08:29:36'),(755,34,28,28,1235,0.5,'Banner Height Reduced',8,'2021-09-14',2021,9,37,'2021-09-14 08:47:44','2021-09-14 08:47:44'),(756,34,28,28,1229,0.5,'Section Height Reduced',8,'2021-09-14',2021,9,37,'2021-09-14 08:54:59','2021-09-14 08:54:59'),(757,34,28,28,1226,0.5,'Text Color',8,'2021-09-15',2021,9,37,'2021-09-15 07:42:34','2021-09-15 07:42:34'),(758,34,28,28,1235,1.5,'Banner Height Reduced and Images adjusted',8,'2021-09-15',2021,9,37,'2021-09-15 09:49:11','2021-09-15 09:49:11'),(759,34,28,28,996,3,'Data Entry',9,'2021-09-16',2021,9,37,'2021-09-16 15:00:59','2021-09-16 15:00:59'),(760,27,5,5,1069,2,'disable for members',9,'2021-09-21',2021,9,38,'2021-09-21 07:43:35','2021-09-21 07:43:35'),(761,27,5,5,1246,1,'time zone change',9,'2021-09-21',2021,9,38,'2021-09-21 08:48:52','2021-09-21 08:48:52'),(762,34,28,28,1247,0.5,'Remove Author name from Blog Posts',9,'2021-09-22',2021,9,38,'2021-09-22 07:28:40','2021-09-22 07:28:40'),(763,34,28,28,1253,1.5,'Fixed Hover Issues',8,'2021-09-22',2021,9,38,'2021-09-22 09:18:41','2021-09-22 09:18:41'),(764,34,28,28,1255,0.5,'new section added',8,'2021-09-24',2021,9,38,'2021-09-24 09:29:05','2021-09-24 09:29:05'),(765,34,28,28,1247,0.5,'Removed Author',8,'2021-09-24',2021,9,38,'2021-09-24 09:30:22','2021-09-24 09:30:22'),(766,34,28,28,1254,0.5,'new Tab',8,'2021-09-24',2021,9,38,'2021-09-24 09:31:16','2021-09-24 09:31:16'),(767,34,28,28,1256,1,'Custom JS for showing underline',8,'2021-09-24',2021,9,38,'2021-09-24 09:58:42','2021-09-24 09:58:42'),(768,27,28,28,1259,1,'Added active state on menu item using JS',9,'2021-09-24',2021,9,38,'2021-09-24 12:58:43','2021-09-24 12:58:43'),(769,34,28,28,1260,0.5,'Section Added',9,'2021-09-27',2021,9,39,'2021-09-27 07:24:14','2021-09-27 07:24:14'),(770,34,28,28,1248,1,'Header Images are now Dynamic',9,'2021-09-27',2021,9,39,'2021-09-27 13:32:14','2021-09-27 13:32:14'),(771,34,28,28,1266,1.5,'Link to impact page Tab',8,'2021-09-30',2021,9,39,'2021-09-30 11:40:29','2021-09-30 11:40:29'),(772,34,28,28,1268,1,'Scroll to Impact Page Tab anchors/section',9,'2021-10-01',2021,10,39,'2021-10-01 08:17:19','2021-10-01 08:17:19'),(773,27,28,28,1272,0.5,'Updated Text',8,'2021-10-18',2021,10,42,'2021-10-18 07:43:04','2021-10-18 07:43:04'),(774,34,28,28,1281,1,'category images',8,'2021-10-22',2021,10,42,'2021-10-22 08:30:40','2021-10-22 08:30:40'),(775,27,28,28,1279,1.5,'New Section Added & FAQ redesigned',8,'2021-10-22',2021,10,42,'2021-10-22 11:07:53','2021-10-22 11:07:53'),(776,34,5,5,1281,5,'default image change',9,'2021-10-28',2021,10,43,'2021-10-28 09:52:42','2021-10-28 11:44:36'),(777,34,5,5,1292,1,'improved security score',9,'2021-10-28',2021,10,43,'2021-10-28 13:27:02','2021-10-28 13:27:02'),(778,34,5,5,1293,1.5,'ordering update',9,'2021-10-29',2021,10,43,'2021-10-29 09:09:35','2021-10-29 09:09:35'),(779,34,5,5,1297,0.5,'fixed',9,'2021-11-06',2021,11,44,'2021-11-06 11:05:23','2021-11-06 11:05:23'),(780,34,5,5,1296,1.5,'added as discussed',9,'2021-11-06',2021,11,44,'2021-11-06 11:29:48','2021-11-06 11:29:48'),(781,34,28,28,1296,0.5,'Design Issue Fixed',8,'2021-11-08',2021,11,45,'2021-11-08 07:45:28','2021-11-08 07:45:28'),(782,34,28,28,1301,3,'Backend Task - Factsheet - English Language & Language Counter ',9,'2021-11-15',2021,11,46,'2021-11-15 14:00:24','2021-11-15 14:00:24'),(783,34,5,5,1301,2.5,'adding easy ready language',9,'2021-11-19',2021,11,46,'2021-11-19 07:36:07','2021-11-19 07:36:07'),(784,34,5,5,1314,3,'export of documents',9,'2021-11-30',2021,11,48,'2021-11-30 11:29:27','2021-11-30 11:29:27'),(785,2,5,5,1339,1,'development',9,'2021-12-13',2021,12,50,'2021-12-12 21:55:17','2021-12-12 21:55:17'),(786,34,28,28,1341,0.5,'Pie chart Value and design Update',9,'2021-12-16',2021,12,50,'2021-12-16 06:42:37','2021-12-16 06:42:37'),(787,36,28,28,1383,0.5,'Resized and Uploaded New Icons',8,'2022-01-18',2022,1,3,'2022-01-18 12:45:01','2022-01-18 12:45:01'),(788,31,35,35,1401,1,'Now all widgets are displayed correctly except RU and I think from the website from where widgets are generated RU widget is generated in EN. Please check that widget and add a RU based widget. Currently it is displayed however its EN one . Regarding menu it was mentioned in weglot not to translate elements with class .menu-item-link I have removed it and I hope when cache is cleared from weglot end it will start menu translation.In fact it has started menu in RU. 1 hour would be charged for this',8,'2022-02-09',2022,2,6,'2022-02-09 08:08:56','2022-02-09 08:08:56'),(789,36,5,5,1385,3,'done manually by attaching documents to resources',9,'2022-02-09',2022,2,6,'2022-02-09 15:35:28','2022-02-09 15:35:28'),(790,36,28,28,1378,0.5,'blog content pulled made heading look funny. Fixed it',8,'2022-02-10',2022,2,6,'2022-02-10 12:15:22','2022-02-10 12:15:22'),(791,36,28,28,1377,0.5,'Resized Banner',8,'2022-02-10',2022,2,6,'2022-02-10 12:16:07','2022-02-10 12:16:07'),(792,36,28,28,1371,3,'page redesigned',8,'2022-02-10',2022,2,6,'2022-02-10 12:17:46','2022-02-10 12:17:46'),(793,36,28,28,1346,24,'Redesigned Resource page added different views updated Regions(added Countries and Region for the First Time)',8,'2022-02-10',2022,2,6,'2022-02-10 12:20:47','2022-02-10 12:20:47'),(794,36,28,28,1330,0.5,'Image Replaced',8,'2022-02-10',2022,2,6,'2022-02-10 12:21:20','2022-02-10 12:21:20'),(795,36,28,28,1329,0.5,'Icons updated',8,'2022-02-10',2022,2,6,'2022-02-10 12:21:40','2022-02-10 12:21:40'),(796,36,28,28,1399,6,'Design and Development for Tab Working',8,'2022-02-10',2022,2,6,'2022-02-10 12:23:47','2022-02-10 12:23:47'),(797,36,28,28,1381,5,'2 hours for this 3 hours for regions additions previously.',9,'2022-02-10',2022,2,6,'2022-02-10 12:25:00','2022-02-10 12:25:00'),(798,36,5,5,1352,55,'6 pages redesign and filters implementation',9,'2022-02-10',2022,2,6,'2022-02-10 14:51:23','2022-02-10 14:51:23'),(799,36,28,28,1416,1,'Page Design Update',8,'2022-02-16',2022,2,7,'2022-02-16 07:26:40','2022-02-16 07:26:40'),(800,36,28,28,1415,3,'Custom Drop Down Added ',8,'2022-02-17',2022,2,7,'2022-02-17 07:43:03','2022-02-17 07:43:03'),(801,36,28,28,1435,0.5,'Tagline Font Size decreased ',8,'2022-02-17',2022,2,7,'2022-02-17 10:14:24','2022-02-17 10:14:24'),(802,36,28,28,1415,0.5,'Plus Minus Addition',8,'2022-02-17',2022,2,7,'2022-02-17 13:45:06','2022-02-17 13:45:06'),(803,36,28,28,1428,1,'Dynamic Pull working through JS',9,'2022-02-17',2022,2,7,'2022-02-17 14:08:42','2022-02-17 14:08:42'),(804,36,28,28,1417,2,'layout rearranged with dynamic title',8,'2022-02-21',2022,2,8,'2022-02-21 12:46:51','2022-02-21 12:46:51'),(805,36,28,28,1454,0.5,'sections linked with icons',8,'2022-02-21',2022,2,8,'2022-02-21 12:56:18','2022-02-21 12:56:18'),(806,36,28,28,1464,1,'New Page Created',8,'2022-02-22',2022,2,8,'2022-02-22 09:38:25','2022-02-22 09:38:25'),(807,36,28,28,1478,0.5,'Blocks removed',8,'2022-02-23',2022,2,8,'2022-02-23 07:16:48','2022-02-23 07:16:48'),(808,36,28,28,1461,1,'Dynamic Title',8,'2022-02-23',2022,2,8,'2022-02-23 13:57:35','2022-02-23 13:57:35'),(809,36,28,28,1485,0.5,'Designed Content added by them',8,'2022-02-24',2022,2,8,'2022-02-24 08:56:49','2022-02-24 08:56:49'),(810,36,28,28,1419,2,'New page design',8,'2022-02-25',2022,2,8,'2022-02-25 10:39:03','2022-02-25 10:39:03'),(811,36,28,28,1491,0.5,'changed from new tab to open in same tab',9,'2022-03-01',2022,3,9,'2022-03-01 05:45:30','2022-03-01 05:45:30'),(812,36,28,28,1488,1,'Page created',8,'2022-03-01',2022,3,9,'2022-03-01 05:47:39','2022-03-01 05:47:39'),(813,36,28,28,1419,0.5,'Page layout updated',8,'2022-03-01',2022,3,9,'2022-03-01 05:58:04','2022-03-01 05:58:04'),(814,36,28,28,1423,3,'Dynamic listing Tabs',9,'2022-03-01',2022,3,9,'2022-03-01 07:44:53','2022-03-01 07:44:53'),(815,36,28,28,1493,2.5,'Accessible Dailog box',8,'2022-03-01',2022,3,9,'2022-03-01 11:36:56','2022-03-01 11:36:56'),(816,36,28,28,1493,1,'Form added instead of contact details',8,'2022-03-03',2022,3,9,'2022-03-03 07:51:38','2022-03-03 07:51:38'),(817,36,28,28,1494,1,'Added Button for Showing and closing Video Description',8,'2022-03-03',2022,3,9,'2022-03-03 08:37:57','2022-03-03 08:37:57'),(818,36,28,28,1512,1.5,'Date format updated through JS ',8,'2022-03-04',2022,3,9,'2022-03-04 08:19:45','2022-03-04 08:19:45'),(819,36,28,28,1493,0.5,'Inquiry Form added to pop up',8,'2022-03-04',2022,3,9,'2022-03-04 08:21:07','2022-03-04 08:21:07'),(820,36,28,28,1488,0.5,'New field added and Mailchimp Integrated',8,'2022-03-04',2022,3,9,'2022-03-04 12:00:55','2022-03-04 12:00:55'),(821,36,5,5,1425,6,'manually links addition',9,'2022-03-04',2022,3,9,'2022-03-04 12:09:50','2022-03-04 12:09:50'),(822,36,5,5,1419,1,'links filtering',9,'2022-03-04',2022,3,9,'2022-03-04 12:34:13','2022-03-04 12:34:13'),(823,36,5,5,1480,3,'ajax implementation ',9,'2022-03-10',2022,3,10,'2022-03-10 14:53:50','2022-03-10 14:53:50'),(824,36,5,5,1425,9,'manual work',9,'2022-03-11',2022,3,10,'2022-03-11 06:55:31','2022-03-11 06:55:31'),(825,36,5,5,1421,15,'Manually assigned parent child relationship',9,'2022-03-11',2022,3,10,'2022-03-11 07:15:05','2022-03-11 07:15:05'),(826,36,40,40,1473,1,'past events empty issue solved',9,'2022-03-14',2022,3,11,'2022-03-14 13:19:30','2022-03-14 13:19:30'),(827,36,5,5,1473,2,'manual work update of events',9,'2022-03-15',2022,3,11,'2022-03-15 07:01:31','2022-03-15 07:01:31'),(828,36,28,28,1582,1,'Design Update',8,'2022-03-25',2022,3,12,'2022-03-25 07:32:47','2022-03-25 07:32:47'),(829,36,28,28,1583,1.5,'Page Design Updated',8,'2022-03-25',2022,3,12,'2022-03-25 08:08:53','2022-03-25 08:08:53'),(830,36,28,28,1538,2,'Popup Created for two forms',8,'2022-03-25',2022,3,12,'2022-03-25 10:03:14','2022-03-25 10:03:14'),(831,36,28,28,1586,2,'Design updated',8,'2022-03-30',2022,3,13,'2022-03-30 09:20:47','2022-03-30 09:20:47'),(832,36,28,28,1586,0.5,'Content upload',9,'2022-03-31',2022,3,13,'2022-03-31 13:56:03','2022-03-31 13:56:03'),(833,36,28,28,1586,2,'Design Modifications',8,'2022-04-01',2022,4,13,'2022-04-01 11:09:37','2022-04-01 11:09:37'),(834,36,28,28,1586,2,'Text made Justified',8,'2022-04-05',2022,4,14,'2022-04-05 08:58:47','2022-04-05 08:58:47'),(835,36,28,28,1634,3,'First Custom Redirect JS Work Done now add Listing with pagination on this page',9,'2022-04-06',2022,4,14,'2022-04-06 14:15:08','2022-04-06 14:15:08'),(836,36,5,5,1636,7,'updated',9,'2022-04-13',2022,4,15,'2022-04-13 13:34:46','2022-04-13 13:34:46'),(837,36,5,5,1635,5,'dev',9,'2022-04-14',2022,4,15,'2022-04-14 13:53:29','2022-04-14 13:53:29'),(838,36,5,5,1667,6,'new content addition ',9,'2022-04-19',2022,4,16,'2022-04-19 11:26:42','2022-04-19 11:26:42'),(839,36,28,28,1634,1,'Page redesigned',8,'2022-04-21',2022,4,16,'2022-04-21 09:43:15','2022-04-21 09:43:15'),(842,29,46,46,1687,8,'Hello Frank, We have imported all the blogs from the live website(https://paintingandplastering.co.uk/blog).There are total 17 blogs and on our staging website those 17 blogs are showing.Please see screenshots in the attachment of Live & Staging Websites.',9,'2022-05-10',2022,5,19,'2022-05-10 17:48:49','2022-05-10 17:48:49'),(843,29,46,46,1687,6,'Hello Frank, We have done the add blogs functionaity in admin panel.Now admin have able to add the blogs without elimentor.There admin can add the blogs by post.I have prepared the video for add blogs.Please follow the video for upload the blogs on the website. https://nitintom11-gmail.tinytake.com/msc/NjgyMzYzNV8xOTQ3MDQxOA',9,'2022-05-10',2022,5,19,'2022-05-10 17:54:24','2022-05-10 17:54:24'),(844,29,46,46,1734,1,'We have aligned the footer section when maximize and minimize the scrren.Please see screenshot.https://nitintom11-gmail.tinytake.com/msc/Njg1NDE5OF8xOTUxNDY4MA',8,'2022-05-18',2022,5,20,'2022-05-18 18:08:51','2022-05-18 18:08:51'),(845,29,46,46,1733,2,'Hello Frank, Now Image is coming vertically center in small screen.Please see screenshot.https://nitintom11-gmail.tinytake.com/msc/Njg1NDIyM18xOTUxNDczNw',8,'2022-05-18',2022,5,20,'2022-05-18 18:15:22','2022-05-18 18:15:22'),(846,29,46,46,1731,1,'We managed the space between Header and text online form.Please see screenshot.https://nitintom11-gmail.tinytake.com/msc/Njg1NDI0MV8xOTUxNDc3MA',8,'2022-05-18',2022,5,20,'2022-05-18 18:21:04','2022-05-18 18:21:04'),(847,29,46,46,1729,1,'We have resolved the issue.Please see screenshot.https://nitintom11-gmail.tinytake.com/msc/Njg1NDI3MV8xOTUxNDgxNQ',8,'2022-05-18',2022,5,20,'2022-05-18 18:29:07','2022-05-18 18:29:07'),(848,39,40,40,1735,6,'dashboard design',8,'2022-05-18',2022,5,20,'2022-05-19 06:20:20','2022-05-19 06:20:20'),(849,29,46,46,1724,2,'Contact details are showing aligned.Please see screenshot.https://nitintom11-gmail.tinytake.com/msc/Njg1NzYzN18xOTUxOTYwMw',8,'2022-05-19',2022,5,20,'2022-05-19 13:20:03','2022-05-19 13:20:03'),(850,29,46,46,1723,1,'Show more link is showing aligned under the Our Painting Services.Please see screenshot.https://nitintom11-gmail.tinytake.com/msc/Njg1NzY3N18xOTUxOTY4OQ',8,'2022-05-19',2022,5,20,'2022-05-19 13:25:36','2022-05-19 13:25:36'),(851,29,46,46,1722,2,'Alert validation message are coming there.Please see screennshot.https://nitintom11-gmail.tinytake.com/msc/Njg1NzczNF8xOTUxOTc2MA',8,'2022-05-19',2022,5,20,'2022-05-19 13:35:16','2022-05-19 13:35:16'),(852,29,46,46,1721,2,'Error message is not overlapping when entering invalid email address.Please see screenshot.https://nitintom11-gmail.tinytake.com/msc/Njg1NzgyMV8xOTUxOTg3OQ',8,'2022-05-19',2022,5,20,'2022-05-19 13:50:05','2022-05-19 13:50:05'),(853,29,46,46,1711,1,'Email text label is coming in one line.Please see screenshot.https://nitintom11-gmail.tinytake.com/msc/Njg1ODE3Ml8xOTUyMDMwOA',8,'2022-05-19',2022,5,20,'2022-05-19 14:44:21','2022-05-19 14:44:21'),(854,29,46,46,1704,2,'We have removed the wide space between the images.Please see screenshot.https://nitintom11-gmail.tinytake.com/msc/Njg1ODIzNl8xOTUyMDM4OA',8,'2022-05-19',2022,5,20,'2022-05-19 14:55:55','2022-05-19 14:55:55'),(855,39,35,35,1736,7,'create login and register. add new roles table. add roles column in users table. when user register defaulr role (employee) will set.',9,'2022-05-19',2022,5,20,'2022-05-19 15:02:14','2022-05-19 15:02:14'),(856,29,46,46,1702,2,'We have make the form centralise on tablet view on the Invisible repair page.Please see screenshot.https://nitintom11-gmail.tinytake.com/msc/Njg1ODI3M18xOTUyMDQyNQ',8,'2022-05-19',2022,5,20,'2022-05-19 15:02:52','2022-05-19 15:02:52'),(857,29,46,46,1715,1,'Now captcha is not coming.I think hide the captcha from the form.',8,'2022-05-19',2022,5,20,'2022-05-19 15:06:52','2022-05-19 15:06:52'),(858,29,46,46,1701,1,'Now online form text line is coming in 1 line on the Invisible repair page.Plese see screenshot.https://nitintom11-gmail.tinytake.com/msc/Njg1ODM1MV8xOTUyMDUzMw',8,'2022-05-19',2022,5,20,'2022-05-19 15:16:04','2022-05-19 15:16:04'),(859,29,46,46,1698,2,'On the about us page under the call us now section image is coming in correct position.Please see screenshot.https://nitintom11-gmail.tinytake.com/msc/Njg1ODM3M18xOTUyMDU1NQ',8,'2022-05-19',2022,5,20,'2022-05-19 15:20:03','2022-05-19 15:20:03'),(860,29,46,46,1690,1,'On the about us page \" About \" text is visible.Please see screenshot.https://nitintom11-gmail.tinytake.com/msc/Njg1ODQwN18xOTUyMDYxOQ',8,'2022-05-19',2022,5,20,'2022-05-19 15:24:22','2022-05-19 15:24:22'),(861,29,46,46,1691,2,'Border is coming of same size on the blog page.',8,'2022-05-19',2022,5,20,'2022-05-19 16:47:03','2022-05-19 16:47:03'),(862,29,46,46,1692,1,'On the about use under the call us now section email text is not exceeding.Please see screenshot.https://nitintom11-gmail.tinytake.com/msc/Njg1ODg4Ml8xOTUyMTIyNA',8,'2022-05-19',2022,5,20,'2022-05-19 16:54:22','2022-05-19 16:54:22'),(863,29,46,46,1693,1,'In the tablet view On the about use page white space is not coming.Please see screenshot.https://nitintom11-gmail.tinytake.com/msc/Njg1ODg5NV8xOTUyMTI2Nw',8,'2022-05-19',2022,5,20,'2022-05-19 16:57:43','2022-05-19 16:57:43'),(864,29,46,46,1694,2,'In the tablet view on the about us page right side white space is not coming.Please see screenshot.https://nitintom11-gmail.tinytake.com/msc/Njg1ODkwN18xOTUyMTI3OQ',8,'2022-05-19',2022,5,20,'2022-05-19 17:00:21','2022-05-19 17:00:21'),(865,29,46,46,1695,2,'On the about us page in mobile view image is showing vertically centered.Please see screenshot.https://nitintom11-gmail.tinytake.com/msc/Njg1ODkzMl8xOTUyMTMwNA',8,'2022-05-19',2022,5,20,'2022-05-19 17:08:10','2022-05-19 17:08:10'),(866,29,46,46,1696,1,'On the Trouble finding a Good Plasterer in Edinburgh blog page image is correctly pixelated.Please see screenshot.https://nitintom11-gmail.tinytake.com/msc/Njg1ODk4M18xOTUyMTM3MQ',8,'2022-05-19',2022,5,20,'2022-05-19 17:19:01','2022-05-19 17:19:01'),(867,29,46,46,1697,2,'On the blog page border box are coming in same sizes in tablet view.https://nitintom11-gmail.tinytake.com/msc/Njg1ODk5OV8xOTUyMTQwMg',8,'2022-05-19',2022,5,20,'2022-05-19 17:23:59','2022-05-19 17:23:59'),(868,39,40,40,1735,8,'dashboard design',8,'2022-05-20',2022,5,20,'2022-05-20 06:35:39','2022-05-20 06:35:39'),(869,39,40,40,1735,8,'dashboard design',8,'2022-05-19',2022,5,20,'2022-05-20 06:38:13','2022-05-20 06:38:13'),(870,39,35,35,1736,4,'database structure',9,'2022-05-20',2022,5,20,'2022-05-20 13:23:58','2022-05-20 13:23:58'),(871,29,46,46,1725,1,'We have removed the hover design in next and previous arrow under the \"\"OUR HAPPY CUSTOMERS\"\" section on the home page.Please see screenshot video https://nitintom11-gmail.tinytake.com/msc/Njg3MTA1OV8xOTUzOTExMw',8,'2022-05-23',2022,5,21,'2022-05-23 12:30:27','2022-05-23 12:30:27'),(872,29,46,46,1726,2,'I have checked the \"REQUEST A FREE ESTIMATE\" form in mobile view and its coming vertically centered.Please see screenshot.https://nitintom11-gmail.tinytake.com/msc/Njg3MTA5MV8xOTUzOTE1OQ',8,'2022-05-23',2022,5,21,'2022-05-23 12:37:06','2022-05-23 12:37:06'),(873,29,46,46,1727,2,'We have removed the over spacing on the carousel.Please see screenshot.https://nitintom11-gmail.tinytake.com/msc/Njg3MTEyMF8xOTUzOTE5MA',8,'2022-05-23',2022,5,21,'2022-05-23 12:41:30','2022-05-23 12:41:30'),(874,29,46,46,1730,2,'On the home page under the call us know section text is coming align same with others.Please see screenshot.https://nitintom11-gmail.tinytake.com/msc/Njg3MTE0N18xOTUzOTIzMg',8,'2022-05-23',2022,5,21,'2022-05-23 12:46:45','2022-05-23 12:46:45'),(875,29,46,46,1732,1,'On the home page under the call us now section text line is breaking correctly.Please see screenshot.https://nitintom11-gmail.tinytake.com/msc/Njg3MTE2MF8xOTUzOTI0NQ',8,'2022-05-23',2022,5,21,'2022-05-23 12:50:10','2022-05-23 12:50:10'),(876,29,46,46,1717,1,'On both view mobile and dekstop same white color is showing for mobile no.',8,'2022-05-23',2022,5,21,'2022-05-23 13:01:55','2022-05-23 13:01:55'),(877,29,46,46,1713,2,'On the contact us page top arrow in the footer is not overlapping on the captcha.Please see screenshot.https://nitintom11-gmail.tinytake.com/msc/Njg3MTI2M18xOTUzOTM2NQ',8,'2022-05-23',2022,5,21,'2022-05-23 13:07:46','2022-05-23 13:07:46'),(878,29,46,46,1712,1,'On the contact us page Text label is showing align on tablet view.Please see screenshot.https://nitintom11-gmail.tinytake.com/msc/Njg3MTI4Ml8xOTUzOTM4NA',8,'2022-05-23',2022,5,21,'2022-05-23 13:11:03','2022-05-23 13:11:03'),(879,39,40,40,1735,6,'dashboard design some responsiveness changes',8,'2022-05-23',2022,5,21,'2022-05-23 13:54:39','2022-05-23 13:54:39'),(880,39,35,35,1736,4,'modifeis login register',9,'2022-05-23',2022,5,21,'2022-05-23 15:41:57','2022-05-23 15:41:57'),(881,29,46,46,1737,2,'On the services page show more button is not overlapping on zoom.Please see screenshot.https://nitintom11-gmail.tinytake.com/msc/Njg3Mjg1Ml8xOTU0MTQ2Ng',8,'2022-05-23',2022,5,21,'2022-05-23 17:58:11','2022-05-23 17:58:11'),(882,29,46,46,1728,1,'On the home page Call us now element is align on the \"REQUEST A FREE ESTIMATE\" element.Please see screenshot.https://nitintom11-gmail.tinytake.com/msc/Njg3Mjg5Ml8xOTU0MTUyMA',8,'2022-05-23',2022,5,21,'2022-05-23 18:06:57','2022-05-23 18:06:57'),(884,29,46,46,1687,1,'Hello Frank, Please provide us the live website admin details. We need to check the import functionality after that we can let you know which plugin we need to buy for import the blogs.https://www.experiencedynamics.com/blog ',9,'2022-05-24',2022,5,21,'2022-05-24 14:59:06','2022-05-24 14:59:06'),(885,39,35,35,1736,7.3,'add code to git. modified dashboard',9,'2022-05-24',2022,5,21,'2022-05-24 15:51:52','2022-05-24 15:51:52'),(886,39,35,35,1736,8,'working on functionality of managment\'s dashbaord',9,'2022-05-26',2022,5,21,'2022-05-26 15:59:34','2022-05-26 15:59:34'),(887,39,35,35,1736,7.3,'created add/view projects and add/view questions in manager\'s dashboard, create dashboard for employee',9,'2022-05-27',2022,5,21,'2022-05-27 15:32:21','2022-05-27 15:32:21'),(888,29,46,46,1739,2,'Hello Frank , Now validation msg is not overlapping when scrolling window on the wallpaper stripping page.Please see screenshot video.https://nitintom11-gmail.tinytake.com/msc/Njg5NzcxMV8xOTU3NzA2Nw',8,'2022-05-30',2022,5,22,'2022-05-30 13:43:50','2022-05-30 13:43:50'),(889,29,46,46,1740,1,'On the wallpaper stripping & removal page form is vertically centered when maximizing the tab.Please see screenshot.https://nitintom11-gmail.tinytake.com/msc/Njg5NzczN18xOTU3NzEyNA',8,'2022-05-30',2022,5,22,'2022-05-30 13:47:37','2022-05-30 13:47:37'),(890,29,46,46,1741,1,'On the service page under the call us now section image is coming correct.Please see screenshot.https://nitintom11-gmail.tinytake.com/msc/Njg5Nzc2NV8xOTU3NzE1Mw',8,'2022-05-30',2022,5,22,'2022-05-30 13:51:31','2022-05-30 13:51:31'),(891,29,46,46,1742,1.5,'On the home under the call us now section phone no. is not overlapping.Please see screenshot.https://nitintom11-gmail.tinytake.com/msc/Njg5Nzc4Nl8xOTU3NzE3NA',8,'2022-05-30',2022,5,22,'2022-05-30 13:55:20','2022-05-30 13:55:20'),(892,29,46,46,1743,1,'On the wallpaper stripping & removal page \" Our process..\" content is not overlapping.Please see screenshot.https://nitintom11-gmail.tinytake.com/msc/Njg5NzgxOV8xOTU3NzIyNA',9,'2022-05-30',2022,5,22,'2022-05-30 14:00:48','2022-05-30 14:00:48'),(893,29,46,46,1744,2,'On the home page under the our plastering services section proper space is coming between the description and show more button.Please see screenshot.https://nitintom11-gmail.tinytake.com/msc/Njg5NzgzMV8xOTU3NzIzNg',8,'2022-05-30',2022,5,22,'2022-05-30 14:05:16','2022-05-30 14:05:16'),(894,29,46,46,1745,1.5,'On the home page under the \"Our happy costumer \" section Text line is not breaking.Please see screenshot.https://nitintom11-gmail.tinytake.com/msc/Njg5Nzg0OV8xOTU3NzI2OQ',8,'2022-05-30',2022,5,22,'2022-05-30 14:08:24','2022-05-30 14:08:24'),(895,29,46,46,1746,2,'On the home page when swipe the screen then wide space is not coming.',8,'2022-05-30',2022,5,22,'2022-05-30 14:14:32','2022-05-30 14:14:32'),(896,29,46,46,1748,1.5,'On the home page map is proper align in mobile view.Please see screenshot.https://nitintom11-gmail.tinytake.com/msc/Njg5NzkwOF8xOTU3NzM1OA',8,'2022-05-30',2022,5,22,'2022-05-30 14:18:15','2022-05-30 14:18:15'),(897,29,46,46,1749,1.5,'On the review page \"More view of our plastering services \" text is showing proper.Please see screeshot.https://nitintom11-gmail.tinytake.com/msc/Njg5Nzk0OV8xOTU3NzQxMw',8,'2022-05-30',2022,5,22,'2022-05-30 14:25:56','2022-05-30 14:25:56'),(898,29,46,46,1750,1,'On the \"Match any competitor\'s price\" page \"Good Edinburgh plasterer\" is not clickable.Please see screenshot.https://nitintom11-gmail.tinytake.com/msc/Njg5Nzk5OV8xOTU3NzQ2NQ',8,'2022-05-30',2022,5,22,'2022-05-30 14:33:16','2022-05-30 14:33:16'),(899,29,46,46,1752,2,'On the Home Page clicking on Coving and Cornicing in OUR PLASTERING SERVICES then there send button is not overlapping.Please see screenshot.https://nitintom11-gmail.tinytake.com/msc/Njg5ODA0MF8xOTU3NzUwNg',8,'2022-05-30',2022,5,22,'2022-05-30 14:42:26','2022-05-30 14:42:26'),(900,29,46,46,1755,2,'On the home page logo is not overlappig with home menu.Please see screenshot.https://nitintom11-gmail.tinytake.com/msc/Njg5ODA5MV8xOTU3NzU1Nw',8,'2022-05-30',2022,5,22,'2022-05-30 14:52:51','2022-05-30 14:52:51'),(901,29,46,46,1754,2,'When maximize the screen on the home page then map is coming vertically centered.Please see screenshot.https://nitintom11-gmail.tinytake.com/msc/Njg5ODEyNF8xOTU3NzYyMA',8,'2022-05-30',2022,5,22,'2022-05-30 14:56:51','2022-05-30 14:56:51'),(902,39,35,35,1736,7.3,'create dashboard for super admin',9,'2022-05-30',2022,5,22,'2022-05-30 15:40:49','2022-05-30 15:40:49'),(903,39,35,35,1736,3,'modified admin dashboard',9,'2022-05-31',2022,5,22,'2022-05-31 15:04:45','2022-05-31 15:04:45'),(904,29,46,46,1751,2,'On the home page when clicking on \"finding the good plasterer\" then page is opening.Please see screenshot.https://nitintom11-gmail.tinytake.com/msc/NjkwODM1Ml8xOTU5MTYyMg',9,'2022-06-01',2022,6,22,'2022-06-01 17:59:41','2022-06-01 17:59:41'),(910,29,46,46,1713,3,'We make the form consistent on all the pages.Please see screenshot.https://nitintom11-gmail.tinytake.com/msc/NjkxMTI5M18xOTU5NjIwNg',8,'2022-06-02',2022,6,22,'2022-06-02 12:36:44','2022-06-02 12:36:44'),(912,29,46,46,1709,1,'Hello Frank, We required convert kit access to resolve this bug.',9,'2022-06-02',2022,6,22,'2022-06-02 12:37:58','2022-06-02 12:37:58'),(924,39,35,35,1736,5,'company table is added, add/view company for admin ',9,'2022-06-02',2022,6,22,'2022-06-02 17:21:00','2022-06-02 17:21:00'),(925,29,46,46,1755,1,'Hello Franks, We are resolving all bugs on our staging website and you have checked this point on live website.Please check on staging link https://paintworks.experiencedynamics.com/',8,'2022-06-03',2022,6,22,'2022-06-03 15:41:01','2022-06-03 15:41:01'),(926,29,46,46,1752,1,'Hello Frank,Please check on staging link. https://paintworks.experiencedynamics.com/',8,'2022-06-03',2022,6,22,'2022-06-03 15:42:16','2022-06-03 15:42:16'),(927,29,46,46,1750,1,'Hello Frank,Please check on staging link. https://paintworks.experiencedynamics.com/',8,'2022-06-03',2022,6,22,'2022-06-03 15:52:25','2022-06-03 15:52:25'),(928,39,35,35,1736,7.3,'add tags, range , range option in questions',9,'2022-06-03',2022,6,22,'2022-06-03 15:57:11','2022-06-03 15:57:11'),(929,29,46,46,1749,1,'Hello Frank,Please check on staging link. https://paintworks.experiencedynamics.com/',8,'2022-06-03',2022,6,22,'2022-06-03 15:57:17','2022-06-03 15:57:17'),(930,29,46,46,1748,1,'Hello Frank,Please check on staging link. https://paintworks.experiencedynamics.com/',8,'2022-06-03',2022,6,22,'2022-06-03 15:57:52','2022-06-03 15:57:52'),(931,29,46,46,1746,1,'Hello Frank,Please check on staging link. https://paintworks.experiencedynamics.com/',8,'2022-06-03',2022,6,22,'2022-06-03 15:58:43','2022-06-03 15:58:43'),(932,29,46,46,1743,1,'Hello Frank,Please check on staging link. https://paintworks.experiencedynamics.com/',8,'2022-06-03',2022,6,22,'2022-06-03 15:59:54','2022-06-03 15:59:54'),(933,29,46,46,1742,1,'Hello Frank,Please check on staging link. https://paintworks.experiencedynamics.com/',8,'2022-06-03',2022,6,22,'2022-06-03 16:00:26','2022-06-03 16:00:26'),(934,29,46,46,1741,1,'Hello Frank,Please check on staging link. https://paintworks.experiencedynamics.com/',8,'2022-06-03',2022,6,22,'2022-06-03 16:00:57','2022-06-03 16:00:57'),(935,29,46,46,1739,1,'Hello Frank,Please check on staging link. https://paintworks.experiencedynamics.com/',8,'2022-06-03',2022,6,22,'2022-06-03 16:01:29','2022-06-03 16:01:29'),(936,29,46,46,1740,1,'Hello Frank,Please check on staging link. https://paintworks.experiencedynamics.com/',8,'2022-06-03',2022,6,22,'2022-06-03 16:01:59','2022-06-03 16:01:59'),(937,29,46,46,1690,1,'About text is visible.Please see screenshot.https://nitintom11-gmail.tinytake.com/msc/NjkxNjg3N18xOTYwNDMyOA',8,'2022-06-03',2022,6,22,'2022-06-03 16:11:40','2022-06-03 16:11:40'),(938,29,46,46,1715,1.5,'Hello Frank, We required convert kit access to resolve this bug.',9,'2022-06-03',2022,6,22,'2022-06-03 16:16:05','2022-06-03 16:16:05'),(939,29,46,46,1721,1,'Hello Frank, We required convert kit access to resolve this bug.',9,'2022-06-03',2022,6,22,'2022-06-03 16:16:33','2022-06-03 16:16:33'),(940,39,35,35,1736,7.3,'add comments table into db, add audit name and audit category into audit tabel',9,'2022-06-07',2022,6,23,'2022-06-07 15:28:07','2022-06-07 15:28:07'),(941,39,35,35,1736,7,'edit question, edit project, audit popup, add follow up popup, store question through followup',9,'2022-06-08',2022,6,23,'2022-06-08 15:37:04','2022-06-08 15:37:04'),(942,39,35,35,1736,7,'dashboard functionality',9,'2022-06-09',2022,6,23,'2022-06-09 15:30:18','2022-06-09 15:30:18'),(943,39,35,35,1736,7.3,'create tags table, create add tags/view tags pages, create comments section on bottom of add-audit page, add types of audit, store types of audit, display question on audit page.',9,'2022-06-10',2022,6,23,'2022-06-10 15:59:38','2022-06-10 15:59:38'),(944,39,35,35,1736,7.3,'modified tags section, update comments, add user_id and project id to comments table',9,'2022-06-13',2022,6,24,'2022-06-13 15:53:01','2022-06-13 15:53:01'),(945,39,35,35,1736,7,'working on quiz',9,'2022-06-14',2022,6,24,'2022-06-14 15:41:47','2022-06-14 15:41:47'),(946,29,46,46,1775,1,'Hello Frank, Now text is not overlapping on the contact us page in mobile view.Please see screenshot.https://nitintom11-gmail.tinytake.com/msc/Njk1NjcyMF8xOTY2MzA1Mw',8,'2022-06-15',2022,6,24,'2022-06-15 18:08:38','2022-06-15 18:08:38'),(947,29,46,46,1767,1,'We have reduced the space between text under the call us now section on the about us page.Please see screenshot.https://nitintom11-gmail.tinytake.com/msc/Njk2MDA4OV8xOTY2NzY4MQ',8,'2022-06-16',2022,6,24,'2022-06-16 13:13:48','2022-06-16 13:13:48'),(948,29,46,46,1768,1.5,'Hello Frank, We have removed the border line in phone and letter under the call us now section on the about us page.Please see screenshot.https://nitintom11-gmail.tinytake.com/msc/Njk2MDI5MF8xOTY2Nzk1OQ',8,'2022-06-16',2022,6,24,'2022-06-16 13:44:53','2022-06-16 13:44:53'),(949,29,46,46,1766,1,'Text is coming aligned under the call us now section on the about us page.Please see screenshot.https://nitintom11-gmail.tinytake.com/msc/Njk2MDM1NF8xOTY2ODAzOA',8,'2022-06-16',2022,6,24,'2022-06-16 13:51:20','2022-06-16 13:51:20'),(950,29,46,46,1764,2,'We have corrected the Image pixelated on the Wall repair job page.',8,'2022-06-16',2022,6,24,'2022-06-16 13:56:43','2022-06-16 13:56:43'),(952,29,46,46,1762,1.5,'We have resized the image on the Road- Damp-proofing plastering job page.',8,'2022-06-16',2022,6,24,'2022-06-16 14:03:30','2022-06-16 14:03:30'),(953,29,46,46,1760,1.5,'On the service page text is coming aligned.Please see screenshot.https://nitintom11-gmail.tinytake.com/msc/Njk2MDY4M18xOTY2ODQ1OA',8,'2022-06-16',2022,6,24,'2022-06-16 14:41:12','2022-06-16 14:41:12'),(954,39,35,35,1736,7.3,'update view audit tabel',9,'2022-06-16',2022,6,24,'2022-06-16 16:10:18','2022-06-16 16:10:18'),(960,29,46,46,1771,1.5,'Now on click number and online form are working in header.',9,'2022-06-16',2022,6,24,'2022-06-16 17:53:46','2022-06-16 17:53:46'),(961,39,35,35,1736,7,'update emplyees audit ',9,'2022-06-17',2022,6,24,'2022-06-17 15:47:56','2022-06-17 15:47:56'),(962,39,35,35,1736,4,'dashboard functionality',9,'2022-06-20',2022,6,25,'2022-06-23 07:26:21','2022-06-23 07:26:21'),(963,39,35,35,1736,2,'add learning engagement to dashboard',9,'2022-06-22',2022,6,25,'2022-06-23 07:26:55','2022-06-23 07:26:55'),(964,39,35,35,1736,5,'dashboard stats functionality',9,'2022-06-23',2022,6,25,'2022-06-23 15:15:20','2022-06-23 15:15:20'),(965,39,35,35,1736,5,'dashboard stats functionality',9,'2022-06-24',2022,6,25,'2022-06-24 15:08:00','2022-06-24 15:08:00'),(966,39,35,35,1736,7,'dashboard stats functionality',9,'2022-06-29',2022,6,26,'2022-06-30 15:41:43','2022-06-30 15:41:43'),(967,39,35,35,1736,7,'dashboard stats functionality',9,'2022-06-28',2022,6,26,'2022-06-30 15:42:08','2022-06-30 15:42:08'),(968,39,35,35,1736,7.3,'working on dashboard analytics',9,'2022-06-30',2022,6,26,'2022-06-30 15:42:41','2022-06-30 15:42:41'),(969,39,35,35,1736,7,'dashboard stats functionality',9,'2022-07-04',2022,7,27,'2022-07-04 09:00:24','2022-07-04 09:00:24'),(970,27,5,5,1787,4,'digital library update to add tags for all users',9,'2022-07-19',2022,7,29,'2022-07-19 14:38:44','2022-07-19 14:38:44'),(971,36,5,5,1804,6,'working on donation form',9,'2022-08-24',2022,8,34,'2022-08-24 14:36:44','2022-08-24 14:36:44'),(972,36,5,5,1804,3,'updated',9,'2022-08-26',2022,8,34,'2022-08-26 13:58:07','2022-08-26 13:58:07'),(973,36,5,5,1804,6,'stripe implementation for books',9,'2022-09-01',2022,9,35,'2022-09-01 12:58:01','2022-09-01 12:58:01'),(974,46,5,5,2663,1,'change printout word',9,'2024-07-15',2024,7,29,'2024-07-15 15:33:31','2024-07-15 15:33:31'),(975,29,5,5,2762,2,'worked on to fix issue UXIC dev',9,'2025-12-16',2025,12,51,'2025-12-17 01:19:27','2025-12-17 01:19:27');

--
-- Table structure for table `tokens`
--

CREATE TABLE `tokens` (
  `id` int(11) NOT NULL AUTO_INCREMENT,
  `user_id` int(11) NOT NULL DEFAULT 0,
  `action` varchar(30) NOT NULL DEFAULT '',
  `value` varchar(40) NOT NULL DEFAULT '',
  `created_on` datetime NOT NULL,
  `updated_on` datetime DEFAULT NULL,
  PRIMARY KEY (`id`),
  UNIQUE KEY `tokens_value` (`value`),
  KEY `index_tokens_on_user_id` (`user_id`)
) ENGINE=InnoDB AUTO_INCREMENT=5325 DEFAULT CHARSET=latin1 COLLATE=latin1_swedish_ci;

--
-- Dumping data for table `tokens`
--

INSERT INTO `tokens` VALUES (4,1,'feeds','d914750d697a01b3a0da7f9c374c25209f9902c2','2018-02-19 11:15:55','2018-02-19 11:15:55'),(9,6,'feeds','1d0f95343e0838640794a804102eb11dcb7fdc72','2018-02-20 06:27:25','2018-02-20 06:27:25'),(33,5,'feeds','7ddcb717bb5aba2e0f04e144cda069778897238f','2018-03-15 07:05:22','2018-03-15 07:05:22'),(43,8,'feeds','bbbf392c82d40b8267a7d7d60eab7a063e36ee09','2018-03-28 14:19:22','2018-03-28 14:19:22'),(45,7,'feeds','6879865d39ea5558d84cf703bb97a82a97fa5d95','2018-03-28 21:46:29','2018-03-28 21:46:29'),(87,9,'feeds','c48414dd6403b5987e9cf50bc8c0ce4e47123e5a','2018-05-01 20:13:03','2018-05-01 20:13:03'),(98,11,'feeds','4cc7187355d11c2f06c1bd5acaaa2643d801788d','2018-05-21 09:15:22','2018-05-21 09:15:22'),(100,10,'feeds','ab2d9077194d8c988d4cbfec39cfabc95cbf5d6b','2018-05-21 09:21:57','2018-05-21 09:21:57'),(131,12,'feeds','93b7bbde47a6e8e52acb2714836aed9353db8ddd','2018-06-05 08:11:23','2018-06-05 08:11:23'),(183,13,'feeds','41c0232c02470a489e610562eacb7e5ab4db2b83','2018-07-06 19:34:25','2018-07-06 19:34:25'),(271,15,'feeds','4d24860673f473f1a2381e6bedf7cf2e92359733','2018-08-08 05:12:25','2018-08-08 05:12:25'),(288,14,'feeds','420a68678df10490acd48ab6766e13b8b1bf19af','2018-08-13 00:29:55','2018-08-13 00:29:55'),(344,16,'feeds','6a144d3df8c9afcc9ae6a142eb248263d5765db7','2018-09-07 13:59:45','2018-09-07 13:59:45'),(347,17,'feeds','64547df905078d24ff50a083c69fa75a66efa048','2018-09-07 14:16:15','2018-09-07 14:16:15'),(669,18,'feeds','e2f1622ba9b48638495794821499590c411e197c','2018-12-20 06:56:18','2018-12-20 06:56:18'),(981,20,'feeds','b634b210df61c517b88cb28191dd97d376619f0e','2019-03-28 13:29:26','2019-03-28 13:29:26'),(984,19,'feeds','6a99a4df6ea009e52b620eb9d399d75e2fecffe6','2019-03-28 15:36:45','2019-03-28 15:36:45'),(1012,21,'feeds','81e52880a4ea6d4feb016b8ea2d47e0cbe36b92b','2019-04-03 16:55:29','2019-04-03 16:55:29'),(1223,24,'feeds','b75221500d8c347b55728b5e9c4be06134d8d4da','2019-06-10 11:41:54','2019-06-10 11:41:54'),(1225,23,'feeds','0fa435d54a78f6ee1fe896abde483122f1ce6fd3','2019-06-10 11:42:04','2019-06-10 11:42:04'),(1318,25,'feeds','4bc7442c8f12854a99003bc5269ce4f51f57edf9','2019-07-01 09:52:23','2019-07-01 09:52:23'),(1420,26,'feeds','8afdc8529c576fbeb6b74616f4f23af315067bd9','2019-07-24 10:43:54','2019-07-24 10:43:54'),(1429,27,'feeds','a7869505d5c3793c1badc865a6a7c7f8228d61f4','2019-07-25 17:17:37','2019-07-25 17:17:37'),(1778,28,'feeds','9b05dff16c8b32895b2bed23afde94cffe26d12e','2019-12-09 06:31:31','2019-12-09 06:31:31'),(1830,29,'feeds','2d0c013a129c64d5865538ef51c23197cb853db5','2020-01-15 06:46:34','2020-01-15 06:46:34'),(1942,30,'feeds','bc2d5ffd2634cef517ad0cfd9cca6113f2c11159','2020-02-20 06:42:18','2020-02-20 06:42:18'),(1973,31,'feeds','3cab55d6e72272ba0df5118ceb4f68aedf7ed090','2020-03-02 08:09:35','2020-03-02 08:09:35'),(1981,32,'feeds','ba54914325449b7d71f385ae0005c30063ed233c','2020-03-03 15:08:01','2020-03-03 15:08:01'),(2237,34,'feeds','33728919d69d2b8c2db6b36d1ec881f7b01d70bb','2020-08-11 16:36:57','2020-08-11 16:36:57'),(2294,35,'feeds','3a7b6971e76b7b85319bdc7cf8a5562592db0f90','2020-10-05 07:36:36','2020-10-05 07:36:36'),(2372,37,'feeds','7d0a079b3ede9d07b4441ffbe056428b1bdbd7b8','2021-01-05 07:18:10','2021-01-05 07:18:10'),(2441,38,'feeds','cd0c46312d3b85cc299ff79dda758e918a284a15','2021-02-01 13:48:33','2021-02-01 13:48:33'),(2554,7,'session','010a00ca0f6cc5dca07dd75db659bc13f62dc582','2021-03-17 14:36:38','2021-03-17 14:47:28'),(2605,7,'session','e5cf6d7c4e0443c98b687270bf1764fe65c45e56','2021-04-12 14:56:16','2021-04-12 14:59:53'),(2969,7,'session','c42dee752aa60851bb8d237c40e7dbc4c783fb43','2021-08-10 22:34:47','2021-08-11 15:33:29'),(2989,7,'session','32c30dffc920e3bc3057f920940e369e9cd72081','2021-08-19 13:53:44','2021-08-19 13:56:57'),(3048,7,'session','ff09dba653d3420affff04aa57c5d5cb06c40631','2021-09-20 18:13:46','2021-09-22 16:28:16'),(3064,7,'session','39881eed0d78e4bc4324e73385ea97144f727d77','2021-09-27 15:57:13','2021-09-27 16:05:19'),(3081,39,'feeds','bdfb446009016a571e527da460f6da09a8983cf8','2021-10-07 08:12:07','2021-10-07 08:12:07'),(3083,40,'feeds','9781f1415e95da332a653195be5c6df71ce9205e','2021-10-07 08:31:04','2021-10-07 08:31:04'),(3092,7,'session','f023b46bc6b49782b94c8755496c3bb5eee3938f','2021-10-12 18:56:49','2021-10-13 22:25:19'),(3161,34,'api','50bc82bb4f57456d2841d869d5b47e908b5155da','2021-11-14 19:26:44','2021-11-14 19:26:44'),(3208,7,'session','c98769c1ae37ac833df6f938308114659c76781f','2021-11-29 22:10:49','2021-11-29 22:17:19'),(3232,7,'session','42c4df080f5a7c114938f6bcf558ae8f45186f5b','2021-12-10 20:39:43','2021-12-10 20:41:26'),(3382,41,'feeds','c3e6be619694c91295a03586e15a42d663ea3a3c','2022-02-18 10:12:28','2022-02-18 10:12:28'),(3477,43,'session','ca0cb0e14732ba89ca36649650cccbfafb924a9f','2022-04-07 14:42:00','2022-04-07 14:42:41'),(3478,43,'feeds','7a40c8387ef6f58837d8aa79abc73f6f8d149d63','2022-04-07 14:42:01','2022-04-07 14:42:01'),(3534,43,'session','546378beed05eae57c02261d8fe3e127b0377bac','2022-04-25 08:32:18','2022-04-25 17:24:54'),(3535,45,'session','3fe06969d4e34253f25939c1e286fd0112614faf','2022-04-25 09:57:38','2022-04-25 09:58:38'),(3536,45,'feeds','7aacf312179c7423e3e38fab78e6dcf76e6ec3c6','2022-04-25 09:57:39','2022-04-25 09:57:39'),(3537,42,'session','4e562bdd55810bc943bc9efcd312b4a252c09f35','2022-04-25 10:19:47','2022-04-25 13:53:12'),(3538,42,'feeds','9b461f283d24fc997a65f2b526b84c4a4c820b55','2022-04-25 10:19:47','2022-04-25 10:19:47'),(3540,46,'feeds','4707d3e743810a30772987c6e8c0952428c4eb2c','2022-04-25 10:32:28','2022-04-25 10:32:28'),(3543,42,'session','5ce2b376a744df7ed58225db4669969cd2388b84','2022-04-26 11:33:36','2022-04-26 11:46:25'),(3561,43,'session','3566db75d48c682e20f7a99a776f61bcd872d09d','2022-05-10 11:22:43','2022-05-10 17:58:16'),(3563,7,'session','ae8f448a9c10d4fa7e15842d002ac6a410e5a58f','2022-05-10 18:26:10','2022-05-11 14:01:00'),(3571,43,'session','a8f4eb60c1bd5f0bc81c813b15453a1a9a70c62a','2022-05-16 08:53:28','2022-05-16 16:57:05'),(3590,43,'session','52776b2610780b0d5afe41a8a923f3a4520af649','2022-05-19 12:00:56','2022-05-20 17:01:49'),(3600,43,'session','2d4383cb9e2a96af636a4eb1db8ab4e326bb3e69','2022-05-23 07:32:00','2022-05-23 17:11:09'),(3624,43,'session','86a386ff31952ae5883194337e228bda3c0d87c4','2022-05-30 09:54:00','2022-05-31 10:43:14'),(3638,43,'session','096847543f0ac0a793bd56d501db24c4bcb42c16','2022-06-02 11:13:16','2022-06-03 10:10:16'),(3650,46,'session','d20a037fe593b2099bb270b789faad052cbf03f0','2022-06-08 09:00:18','2022-06-08 09:03:48'),(3663,46,'session','1ddf497db18db78cc2cc0060c1076fdf15ed62bd','2022-06-14 10:24:30','2022-06-14 10:27:25'),(3665,46,'session','04957ada937751cae40a43c530757eba552486a4','2022-06-14 15:08:13','2022-06-16 11:59:37'),(3667,43,'session','8dccb7f2bbb9edad574377ddf9658f9093b8d43f','2022-06-15 09:15:04','2022-06-16 08:33:01'),(3669,46,'session','31fec50612a400ac9353a8034da0e694a5a5dab5','2022-06-15 18:01:28','2022-06-15 18:09:16'),(3674,46,'session','2afb76a093f6c92f4be82d519c20683d808c3ec4','2022-06-16 12:05:55','2022-06-16 12:19:20'),(3675,46,'session','b09be6d7c19ab17e19e860e12f692c92ef6a2cc2','2022-06-16 12:32:17','2022-06-16 17:53:53'),(3678,46,'session','f6b2f892442d0dfcfd967344e1c7dc61285bf4f5','2022-06-16 17:02:23','2022-06-17 11:50:55'),(3679,46,'session','63482a1a0d2b6208cae95e3474d7b12088e59fe7','2022-06-16 17:04:20','2022-06-16 17:04:52'),(3680,46,'session','881e4485fe6a24e97620f1041df110193a777835','2022-06-16 17:32:48','2022-06-16 17:37:23'),(3684,46,'session','656be3ed94cb5ed9f22e06d845facc6dad65d509','2022-06-17 12:35:46','2022-06-17 12:36:04'),(3691,43,'session','611f4b56a00ea1b8d675b2d45f66a4e963b0502c','2022-06-22 17:54:10','2022-06-24 08:14:43'),(3745,47,'feeds','a5ffefa5183b4880840b35b971826312f6df3249','2022-07-15 10:27:28','2022-07-15 10:27:28'),(3746,47,'session','c0ff158325fc3b5af66c789e419858705147579f','2022-07-15 11:58:41','2022-07-15 11:58:41'),(3905,49,'session','0911fd4ab66344b8b8f00116fb1f797f87d9ddf6','2022-10-21 22:13:12','2022-10-21 22:13:12'),(3906,49,'feeds','70ac1c2112d47ab45fc72a4fae855d607efcca76','2022-10-21 22:13:13','2022-10-21 22:13:13'),(4275,9,'session','4c3cd487e6d73e1bcd97fab09081d2f3910a0ee0','2023-03-03 20:15:20','2023-03-03 20:15:20'),(4503,50,'feeds','ca0146dd812af7435491b6866dec7f1594341e62','2023-06-12 09:03:44','2023-06-12 09:03:44'),(4516,50,'session','7cc53a8c0378e0bb11a9617c07300f4d6b7ff10e','2023-06-16 08:54:07','2023-06-16 11:17:21'),(4519,50,'session','df49145e13ce61e1e00ba4c8f6b2c6606b83ebb1','2023-06-19 08:47:11','2023-06-19 11:05:48'),(4522,37,'session','795df44308078b1f7f4fac2cb02390252902d58a','2023-06-19 14:39:36','2023-06-19 14:39:36'),(4526,50,'session','9d04143fb66acc19e3239bfe46dbe43dcf415c7d','2023-06-20 15:47:13','2023-06-20 15:48:23'),(4529,50,'session','45dbdec03e528102fbc279c64157bb242b91953f','2023-06-21 07:55:37','2023-06-21 07:55:37'),(4532,50,'session','ca50a0fea5116b7a4049d1ce24d5a058c6435d7b','2023-06-22 07:53:48','2023-06-22 13:37:40'),(4564,50,'session','9970972dd48cc1b3fd4c140840f3d040ee4762ac','2023-07-14 07:43:00','2023-07-14 07:43:00'),(4599,37,'session','18cc6944fc72a7f2349c77efb46cfc847f701c6e','2023-08-01 10:58:58','2023-08-01 10:58:58'),(4627,37,'session','c9a60c966a039b6579f415fdc6d1b1a60cd52e81','2023-08-14 16:36:43','2023-08-18 12:43:07'),(4643,37,'session','9a9a8332c120278df31cc9f8bd5932049b16d260','2023-08-21 06:36:29','2023-08-21 06:38:49'),(4711,37,'session','fbc02d18f0124420a59b37ce8e69e0242bc64d4c','2023-09-05 13:53:32','2023-09-06 06:47:32'),(4744,37,'session','2606a9d3a8710572d04b1267dfa2d001ff7becaf','2023-09-22 06:56:50','2023-09-22 06:58:15'),(4794,37,'session','ba6b2235f7a7e1c7d5d4ddb20c0bcbdc7d7e8828','2023-10-20 08:10:51','2023-10-20 08:10:51'),(4839,38,'session','d6c7e2bb9945046fd48578ba4db70bae5c952089','2023-11-13 09:17:27','2023-11-15 06:18:28'),(4848,38,'session','d54e22e98abd6cc12aa5dc3a29ad49c8b7ab1c76','2023-11-16 07:05:31','2023-11-17 13:09:12'),(4854,38,'session','568ef4447d1fc415e04ebd9435c22e07a1ff7a3c','2023-11-20 07:17:35','2023-11-23 08:45:50'),(4878,38,'session','86506ab03742a32bf741cfcba3d2f4165591eec1','2023-12-06 07:31:05','2023-12-06 07:32:05'),(4909,38,'session','f5b0306ec454d656951de96ac5c1404e2b068ddd','2024-01-11 14:01:49','2024-01-11 17:49:02'),(4913,37,'session','b1bce879d85c43500b2a0213918f8fb645659b5d','2024-01-12 19:58:51','2024-01-12 20:00:11'),(5016,38,'session','5aede27792ceeae236f42729a3800a6a1883c71d','2024-04-29 14:27:42','2024-04-29 14:27:42'),(5035,53,'session','e1695d4238a527ec5ceae9f5e93259145b2b8fd2','2024-06-21 15:53:44','2024-06-24 18:02:50'),(5036,53,'feeds','77d3304f5ce08fc33e7b6e42d0369c92a8598a5c','2024-06-21 15:53:44','2024-06-21 15:53:44'),(5054,37,'session','d3fb513a5e8ad922e3bbc7d934658d7396f76d62','2024-07-04 19:36:25','2024-07-05 15:48:55'),(5060,53,'session','b2cdd2d41b149f1c2b6bb73b4b0c5eeea9497e28','2024-07-09 17:39:13','2024-07-09 19:20:00'),(5062,34,'recovery','ee9bb9a474ba3cca0d24faff7f24f5f91b392647','2024-07-15 16:31:14','2024-07-15 16:31:14'),(5067,53,'session','310b2ea78635339aec504d282670406ee8e8cfdc','2024-07-25 16:15:03','2024-07-26 15:28:38'),(5076,53,'session','db4db7ebb782dd08a0e54c0d63847bcb6a67a2a3','2024-08-07 16:07:44','2024-08-07 17:23:07'),(5085,35,'session','2dc6bf07ed2f8dc33b46c464af15e3b08af55e5b','2024-08-21 16:07:15','2024-08-22 14:32:43'),(5097,38,'session','85c034e6015905a0f3c3341a51bfb2956a52a96b','2024-09-04 14:36:04','2024-09-04 14:42:27'),(5119,54,'session','4f9436b6686eb4be82dd4fc5ae4299cd5d56db89','2024-12-03 14:26:37','2024-12-03 14:35:52'),(5120,54,'feeds','7cf9bd08da9d489fc8de4a98adfc9e06c0b76611','2024-12-03 14:26:38','2024-12-03 14:26:38'),(5130,35,'session','b1f072f132fe495a8ca5fca19e949fa9692082d1','2025-01-30 16:36:18','2025-01-30 16:36:18'),(5153,35,'session','c2193093e55491fbaf209b960bb098f003f39b93','2025-02-25 21:04:40','2025-02-25 21:05:53'),(5154,35,'session','b9e15230aa071d16a62ed4d8814a58531edda8f1','2025-02-25 21:33:24','2025-02-25 22:10:30'),(5161,54,'session','b25241480f2041e1c46d9964cbeefadbc60dc015','2025-03-03 17:53:05','2025-03-03 20:03:04'),(5163,54,'session','5889ec51902d6c8689a30f46c813a0c10ca6e36f','2025-03-04 13:23:44','2025-03-04 14:07:03'),(5166,54,'session','7a468cfc8f831323e360825532a1e024ec0d8aa0','2025-03-10 13:35:34','2025-03-10 13:35:34'),(5168,55,'session','5e52364ae675bb25a2d09756a9557bd753569dec','2025-03-11 01:18:53','2025-03-11 01:18:53'),(5169,55,'feeds','41dc0edd71f37e052af258d0763e25e5b2e6e38a','2025-03-11 01:18:54','2025-03-11 01:18:54'),(5170,56,'session','a89edf01310517b0707998d60d97faa6bdf7ae6e','2025-03-11 03:15:26','2025-03-12 03:03:54'),(5171,56,'feeds','27249d05c6322de2c56afb43058154172fb637a5','2025-03-11 03:15:27','2025-03-11 03:15:27'),(5174,57,'session','3ff576d0256fdf40d6455c667118c98d4a6f6303','2025-03-12 02:07:25','2025-03-12 02:07:25'),(5175,57,'feeds','fad9452e30717cc6cd8da62c3576d1e77e1dd4b6','2025-03-12 02:07:25','2025-03-12 02:07:25'),(5177,56,'session','fd095db2e4f3e5f1e94df84cd49b2891d50e5223','2025-03-12 04:11:38','2025-03-12 04:31:38'),(5182,56,'session','083f8daadb34845ba17d1f68998b1de556ba9cfa','2025-03-15 01:03:20','2025-03-15 01:03:20'),(5184,56,'session','a046ddc9c9a5cb35276a41a9f011afeaac876dcb','2025-03-16 23:46:01','2025-03-16 23:46:01'),(5186,55,'session','52af23da4bc1ea4b55d9b03de23024294b4b0195','2025-03-17 23:12:13','2025-03-17 23:15:14'),(5206,38,'session','fd2f40a8331d22c3d6832e2ccf4b086726bcca81','2025-03-31 21:12:28','2025-03-31 21:12:28'),(5210,35,'session','b2c81c484b1f0634ddb3515660d5f2c29ea169e4','2025-04-04 14:24:15','2025-04-04 16:47:56'),(5220,35,'session','3a85c61b5ebce611c34f68c75ccd10cfa6f78653','2025-04-09 14:47:27','2025-04-09 14:55:41'),(5229,35,'session','1937dcdb2b1ab26adb9541a8b4e19136bfb60e70','2025-04-14 14:24:22','2025-04-16 15:10:17'),(5239,35,'session','826761586f8154094b63f496ebc33ad78b035dde','2025-04-18 22:18:11','2025-04-18 22:18:11'),(5251,34,'session','2a6604fb065d08015409391870bed063dc07cb9c','2025-04-29 20:22:31','2025-04-29 23:46:08'),(5255,34,'session','190129a3e93bbf1ef7e9bc3955e2877b6f20bdbf','2025-05-02 19:09:15','2025-05-03 01:25:09'),(5256,35,'session','e6436da547e7947dcbddb256210742771a7ae7f7','2025-05-02 19:30:02','2025-05-02 19:30:02'),(5260,34,'session','d684e5ef45e782226e34e818a317ce0bd0959745','2025-05-07 20:33:03','2025-05-09 20:48:52'),(5266,35,'session','c7753c06f7b48f2676b4df95516819337b31c30e','2025-05-13 17:31:19','2025-05-14 13:31:58'),(5268,34,'session','a2ace0b86c3a3c007ee4e7608883678c26ac874e','2025-05-13 19:11:46','2025-05-16 19:30:32'),(5278,37,'session','d825674933401a39194682a938ac4da304aa92d4','2025-06-30 23:21:47','2025-07-02 00:57:52'),(5280,34,'session','249a7e9da462bab9531537ee30938ec22a0b5aad','2025-07-08 00:02:15','2025-07-11 17:04:27'),(5285,28,'session','068e8646caf30fa68f25f7cd4faa6165be6507d5','2025-07-11 14:06:34','2025-07-11 20:31:33'),(5287,34,'session','eb6666ce5c3a55616c1ebb5841b851d5a33e25b3','2025-07-15 17:51:23','2025-07-16 21:16:57'),(5288,28,'session','27260ef228515d5140be35a59f32652088ed7284','2025-07-16 13:00:49','2025-07-16 15:19:15'),(5290,28,'session','4b20f1073b0c85ada099882623eb50154416397d','2025-07-16 15:42:12','2025-07-16 15:42:12'),(5291,34,'session','ca3a131872b53fd53a29ff04f530bd6a71d9bad8','2025-07-22 15:06:36','2025-07-23 15:16:52'),(5293,28,'session','317c59f7d0c51ff99a88f6e6ce3d95bd398b8dd2','2025-07-23 11:55:55','2025-07-23 11:55:55'),(5294,28,'session','d7e6b8724e901963b922d0cad9b3ff1e694bc901','2025-07-23 11:57:57','2025-07-23 21:30:46'),(5297,34,'session','28f4aee063afd99a848ed3fedee5ac3c9350e4d2','2025-08-04 23:43:55','2025-08-05 00:13:54'),(5298,28,'session','3b8d553e6d9db2b0e1a55e704580769b56f7eefe','2025-08-05 16:51:59','2025-08-05 17:12:22'),(5300,38,'session','0c5b90a3e5e63ef08a774ea0e12dfe0880381e6a','2025-08-07 12:55:46','2025-08-07 12:55:46'),(5301,28,'session','53d888d413ad5c9f781eba54395cc4ab3d636769','2025-08-08 14:53:46','2025-08-08 14:53:46'),(5303,28,'session','2c38d77bff2fdebf4d404e66bc49c1effbba7630','2025-08-12 14:02:43','2025-08-12 14:02:43'),(5310,5,'session','f794fb62ba93dc64b38a4c94e3c684260fd2c6ef','2025-09-08 20:05:03','2025-09-09 18:04:45'),(5311,5,'session','f73269a417328379d857cb0684a0a99a314e4152','2025-09-11 20:40:27','2025-09-11 20:40:27'),(5312,28,'session','faf5bffcd10deb274051a2419ed3a838eabac2a5','2025-09-16 20:16:27','2025-09-16 20:16:27'),(5313,38,'session','ac7125ea34a4fae2e87fa56ada791585ecaf5ec7','2025-10-07 20:17:52','2025-10-07 20:17:52'),(5314,5,'session','0e4aa152a71412f71bef9526f59494a538d64805','2025-10-08 19:21:27','2025-10-09 14:35:02'),(5315,5,'session','7a638790fc16819a30d7e348aea11ec19edea1b3','2025-10-15 16:02:46','2025-10-15 16:02:46'),(5316,28,'session','395a1c7cb9cf81b7406eec280e35787f55431973','2025-10-27 14:42:17','2025-10-27 14:42:17'),(5317,5,'session','4bc8d01939693861d388a389c755359dbaa2b6b5','2025-10-29 13:26:05','2025-10-29 13:26:05'),(5318,5,'session','063be84e505fdf2439e635de22d6dad603cd3f69','2025-12-01 14:48:16','2025-12-01 14:48:16'),(5319,34,'session','c17be3ed7428971b3262e16f21253379df9a53c9','2025-12-09 22:31:11','2025-12-12 21:23:39'),(5320,34,'session','09840731fdd6252e77e506d4bb031aee5e56caa6','2025-12-15 21:35:37','2025-12-19 22:35:21'),(5321,5,'session','fd0be2cb73dfdd669e1c9ef9eb10f4bbf87248ee','2025-12-16 13:59:42','2025-12-17 01:20:24'),(5322,5,'session','f55bcb4aa36fe4707e847ef8789076aa0adb193a','2025-12-18 18:00:11','2025-12-19 21:16:35'),(5323,5,'session','5815d20ab9c2195d667a2a91b5b67db1237376db','2025-12-18 18:03:56','2025-12-20 13:27:43'),(5324,5,'session','208ae3aa59dc91baa43a207ce5030ed5f5e78d58','2025-12-23 02:23:40','2025-12-23 03:19:12');

--
-- Table structure for table `trackers`
--

CREATE TABLE `trackers` (
  `id` int(11) NOT NULL AUTO_INCREMENT,
  `name` varchar(30) NOT NULL DEFAULT '',
  `description` varchar(255) DEFAULT NULL,
  `position` int(11) DEFAULT NULL,
  `is_in_roadmap` tinyint(1) NOT NULL DEFAULT 1,
  `fields_bits` int(11) DEFAULT 0,
  `default_status_id` int(11) DEFAULT NULL,
  PRIMARY KEY (`id`)
) ENGINE=InnoDB AUTO_INCREMENT=5 DEFAULT CHARSET=latin1 COLLATE=latin1_swedish_ci;

--
-- Dumping data for table `trackers`
--

INSERT INTO `trackers` VALUES (1,'Bug',NULL,2,0,0,1),(2,'Feature',NULL,3,1,0,1),(3,'Support',NULL,4,0,0,1),(4,'Quote','',1,1,0,1);

--
-- Table structure for table `user_preferences`
--

CREATE TABLE `user_preferences` (
  `id` int(11) NOT NULL AUTO_INCREMENT,
  `user_id` int(11) NOT NULL DEFAULT 0,
  `others` text DEFAULT NULL,
  `hide_mail` tinyint(1) DEFAULT 1,
  `time_zone` varchar(255) DEFAULT NULL,
  PRIMARY KEY (`id`),
  KEY `index_user_preferences_on_user_id` (`user_id`)
) ENGINE=InnoDB AUTO_INCREMENT=55 DEFAULT CHARSET=latin1 COLLATE=latin1_swedish_ci;

--
-- Dumping data for table `user_preferences`
--

INSERT INTO `user_preferences` VALUES (1,1,'---\n:no_self_notified: \'1\'\n:my_page_layout:\n  left:\n  - issuesassignedtome\n  right:\n  - issuesreportedbyme\n:my_page_settings: {}\n:comments_sorting: asc\n:warn_on_leaving_unsaved: \'1\'\n:textarea_font: \'\'\n:gantt_zoom: 2\n:gantt_months: 6\n:recently_used_project_ids: \'39,2,5\'\n',1,''),(2,5,'---\n:no_self_notified: \'1\'\n:comments_sorting: asc\n:warn_on_leaving_unsaved: \'1\'\n:textarea_font: \'\'\n:my_page_layout:\n  left:\n  - issuesassignedtome\n  right:\n  - issuesreportedbyme\n:my_page_settings: {}\n:recently_used_project_ids: \'29,27,10\'\n',1,'Islamabad'),(3,6,'---\n:no_self_notified: \'1\'\n:comments_sorting: asc\n:warn_on_leaving_unsaved: \'1\'\n:textarea_font: \'\'\n:my_page_layout:\n  left:\n  - issuesassignedtome\n  right:\n  - issuesreportedbyme\n:my_page_settings: {}\n:gantt_zoom: 2\n:gantt_months: 6\n',1,'Islamabad'),(4,7,'---\n:no_self_notified: \'1\'\n:comments_sorting: asc\n:warn_on_leaving_unsaved: \'1\'\n:textarea_font: \'\'\n:my_page_layout:\n  left:\n  - issuesassignedtome\n  right:\n  - issuesreportedbyme\n:my_page_settings: {}\n:gantt_zoom: 2\n:gantt_months: 6\n',1,'Eastern Time (US & Canada)'),(5,8,'---\n:no_self_notified: \'1\'\n:comments_sorting: asc\n:warn_on_leaving_unsaved: \'1\'\n:textarea_font: \'\'\n:my_page_layout:\n  left:\n  - issuesassignedtome\n  right:\n  - issuesreportedbyme\n:my_page_settings: {}\n',1,'Islamabad'),(6,9,'---\n:no_self_notified: \'1\'\n:comments_sorting: asc\n:warn_on_leaving_unsaved: \'1\'\n:textarea_font: \'\'\n:my_page_layout:\n  left:\n  - issuesassignedtome\n  right:\n  - issuesreportedbyme\n:my_page_settings: {}\n:notify_about_high_priority_issues: \'0\'\n:auto_watch_on:\n- \'\'\n:recently_used_projects: 3\n:history_default_tab: notes\n:toolbar_language_options: c,cpp,csharp,css,diff,go,groovy,html,java,javascript,objc,perl,php,python,r,ruby,sass,scala,shell,sql,swift,xml,yaml\n:default_issue_query: \'\'\n:default_project_query: \'\'\n:recently_used_project_ids: \'20\'\n',1,'Islamabad'),(7,10,'---\n:no_self_notified: \'1\'\n:comments_sorting: asc\n:warn_on_leaving_unsaved: \'1\'\n:textarea_font: \'\'\n:my_page_layout:\n  left:\n  - issuesassignedtome\n  right:\n  - issuesreportedbyme\n:my_page_settings: {}\n',1,'Islamabad'),(8,11,'---\n:no_self_notified: \'1\'\n:comments_sorting: asc\n:warn_on_leaving_unsaved: \'1\'\n:textarea_font: \'\'\n:my_page_layout:\n  left:\n  - issuesassignedtome\n  right:\n  - issuesreportedbyme\n  top:\n  - calendar\n:my_page_settings:\n  issuesassignedtome:\n    :columns:\n    - project\n    - tracker\n    - status\n    - subject\n    - done_ratio\n    - last_updated_by\n:gantt_zoom: 2\n:gantt_months: 6\n',1,'Islamabad'),(9,12,'---\n:no_self_notified: \'1\'\n:comments_sorting: asc\n:warn_on_leaving_unsaved: \'1\'\n:textarea_font: \'\'\n:my_page_layout:\n  left:\n  - issuesassignedtome\n  right:\n  - issuesreportedbyme\n:my_page_settings: {}\n:gantt_zoom: 2\n:gantt_months: 6\n',1,'Islamabad'),(10,13,'---\n:no_self_notified: \'1\'\n:comments_sorting: asc\n:warn_on_leaving_unsaved: \'1\'\n:textarea_font: \'\'\n:my_page_layout:\n  left:\n  - issuesassignedtome\n  right:\n  - issuesreportedbyme\n:my_page_settings:\n  issuesreportedbyme:\n    :sort: project,updated_on:desc\n',1,'Islamabad'),(11,14,'---\n:no_self_notified: \'1\'\n:comments_sorting: asc\n:warn_on_leaving_unsaved: \'1\'\n:textarea_font: \'\'\n:my_page_layout:\n  left:\n  - issuesassignedtome\n  right:\n  - issuesreportedbyme\n:my_page_settings: {}\n',1,'Islamabad'),(12,15,'---\n:no_self_notified: \'1\'\n:comments_sorting: asc\n:warn_on_leaving_unsaved: \'1\'\n:textarea_font: \'\'\n:my_page_layout:\n  left:\n  - issuesassignedtome\n  right:\n  - issuesreportedbyme\n:my_page_settings: {}\n:gantt_zoom: 2\n:gantt_months: 6\n',1,'Islamabad'),(13,16,'---\n:no_self_notified: \'1\'\n:comments_sorting: asc\n:warn_on_leaving_unsaved: \'1\'\n:textarea_font: \'\'\n:my_page_layout:\n  left:\n  - issuesassignedtome\n  right:\n  - issuesreportedbyme\n:my_page_settings: {}\n:gantt_zoom: 2\n:gantt_months: 6\n',1,'Islamabad'),(14,17,'---\n:no_self_notified: \'1\'\n:comments_sorting: asc\n:warn_on_leaving_unsaved: \'1\'\n:textarea_font: \'\'\n:my_page_layout:\n  left:\n  - issuesassignedtome\n  right:\n  - issuesreportedbyme\n:my_page_settings: {}\n:gantt_zoom: 2\n:gantt_months: 6\n',1,'Islamabad'),(15,18,'---\n:no_self_notified: \'1\'\n:comments_sorting: asc\n:warn_on_leaving_unsaved: \'1\'\n:textarea_font: \'\'\n:my_page_layout:\n  left:\n  - issuesassignedtome\n  right:\n  - issuesreportedbyme\n:my_page_settings: {}\n:gantt_zoom: 2\n:gantt_months: 6\n',1,'Islamabad'),(16,19,'---\n:no_self_notified: \'1\'\n:comments_sorting: asc\n:warn_on_leaving_unsaved: \'1\'\n:textarea_font: \'\'\n:my_page_layout:\n  left:\n  - issuesassignedtome\n  right:\n  - issuesreportedbyme\n:my_page_settings: {}\n',1,'Pacific Time (US & Canada)'),(17,20,'---\n:no_self_notified: \'1\'\n:comments_sorting: asc\n:warn_on_leaving_unsaved: \'1\'\n:textarea_font: \'\'\n:my_page_layout:\n  left:\n  - issuesassignedtome\n  right:\n  - issuesreportedbyme\n:my_page_settings: {}\n:gantt_zoom: 2\n:gantt_months: 6\n:activity_scope:\n- issues\n- changesets\n- news\n- documents\n- files\n- messages\n',1,'Eastern Time (US & Canada)'),(18,21,'---\n:no_self_notified: \'1\'\n:comments_sorting: asc\n:warn_on_leaving_unsaved: \'1\'\n:textarea_font: \'\'\n:my_page_layout:\n  left:\n  - issuesassignedtome\n  right:\n  - issuesreportedbyme\n:my_page_settings: {}\n:gantt_zoom: 2\n:gantt_months: 6\n',1,'Islamabad'),(19,22,'---\n:no_self_notified: \'1\'\n:comments_sorting: asc\n:warn_on_leaving_unsaved: \'1\'\n:textarea_font: \'\'\n:my_page_layout:\n  left:\n  - issuesassignedtome\n  right:\n  - issuesreportedbyme\n:my_page_settings: {}\n',1,'Islamabad'),(20,23,'---\n:no_self_notified: \'1\'\n:comments_sorting: asc\n:warn_on_leaving_unsaved: \'1\'\n:textarea_font: \'\'\n:my_page_layout:\n  left:\n  - issuesassignedtome\n  right:\n  - issuesreportedbyme\n:my_page_settings: {}\n:gantt_zoom: 2\n:gantt_months: 6\n',1,'Islamabad'),(21,24,'---\n:no_self_notified: \'1\'\n:comments_sorting: asc\n:warn_on_leaving_unsaved: \'1\'\n:textarea_font: \'\'\n:my_page_layout:\n  left:\n  - issuesassignedtome\n  right:\n  - issuesreportedbyme\n:my_page_settings: {}\n:gantt_zoom: 2\n:gantt_months: 6\n',1,'Islamabad'),(22,25,'---\n:no_self_notified: \'1\'\n:comments_sorting: asc\n:warn_on_leaving_unsaved: \'1\'\n:textarea_font: \'\'\n:my_page_layout:\n  left:\n  - issuesassignedtome\n  right:\n  - issuesreportedbyme\n:my_page_settings: {}\n:gantt_zoom: 2\n:gantt_months: 6\n',1,'Islamabad'),(23,26,'---\n:no_self_notified: \'1\'\n:comments_sorting: asc\n:warn_on_leaving_unsaved: \'1\'\n:textarea_font: \'\'\n:my_page_layout:\n  left:\n  - issuesassignedtome\n  right:\n  - issuesreportedbyme\n  top:\n  - documents\n:my_page_settings: {}\n',1,'Islamabad'),(24,27,'---\n:no_self_notified: \'1\'\n:comments_sorting: asc\n:warn_on_leaving_unsaved: \'1\'\n:textarea_font: \'\'\n:my_page_layout:\n  left:\n  - issuesassignedtome\n  right:\n  - issuesreportedbyme\n:my_page_settings: {}\n',1,'Islamabad'),(25,28,'---\n:no_self_notified: \'1\'\n:comments_sorting: asc\n:warn_on_leaving_unsaved: \'1\'\n:textarea_font: \'\'\n:my_page_layout:\n  left:\n  - issuesassignedtome\n  right:\n  - issuesreportedbyme\n:my_page_settings: {}\n:gantt_zoom: 2\n:gantt_months: 6\n:recently_used_project_ids: \'29,27,10\'\n',1,'Islamabad'),(26,29,'---\n:no_self_notified: \'1\'\n:comments_sorting: asc\n:warn_on_leaving_unsaved: \'1\'\n:textarea_font: \'\'\n:my_page_layout:\n  left:\n  - issuesassignedtome\n  right:\n  - issuesreportedbyme\n:my_page_settings: {}\n:gantt_zoom: 2\n:gantt_months: 6\n',1,'Islamabad'),(27,30,'---\n:no_self_notified: \'1\'\n:comments_sorting: asc\n:warn_on_leaving_unsaved: \'1\'\n:textarea_font: \'\'\n:my_page_layout:\n  left:\n  - issuesassignedtome\n  right:\n  - issuesreportedbyme\n:my_page_settings: {}\n',1,'Islamabad'),(28,31,'---\n:no_self_notified: \'1\'\n:comments_sorting: asc\n:warn_on_leaving_unsaved: \'1\'\n:textarea_font: \'\'\n:my_page_layout:\n  left:\n  - issuesassignedtome\n  right:\n  - issuesreportedbyme\n:my_page_settings: {}\n',1,'Islamabad'),(29,32,'---\n:no_self_notified: \'1\'\n:comments_sorting: asc\n:warn_on_leaving_unsaved: \'1\'\n:textarea_font: \'\'\n:my_page_layout:\n  left:\n  - issuesassignedtome\n  right:\n  - issuesreportedbyme\n:my_page_settings: {}\n',1,'Islamabad'),(30,33,'---\n:no_self_notified: \'1\'\n:comments_sorting: asc\n:warn_on_leaving_unsaved: \'1\'\n:textarea_font: \'\'\n:my_page_layout:\n  left:\n  - issuesassignedtome\n  right:\n  - issuesreportedbyme\n:my_page_settings: {}\n',1,'Islamabad'),(31,34,'---\n:no_self_notified: \'1\'\n:comments_sorting: asc\n:warn_on_leaving_unsaved: \'1\'\n:textarea_font: \'\'\n:my_page_layout:\n  left:\n  - issuesassignedtome\n  right:\n  - issuesreportedbyme\n:my_page_settings: {}\n:gantt_zoom: 2\n:gantt_months: 6\n:recently_used_project_ids: \'43,36,39\'\n:bookmarked_project_ids: \'29\'\n',1,'Islamabad'),(32,35,'---\n:no_self_notified: \'1\'\n:comments_sorting: asc\n:warn_on_leaving_unsaved: \'1\'\n:textarea_font: \'\'\n:my_page_layout:\n  left:\n  - issuesassignedtome\n  right:\n  - issuesreportedbyme\n:my_page_settings: {}\n:gantt_zoom: 2\n:gantt_months: 6\n:recently_used_project_ids: \'29,27,10\'\n',1,'Islamabad'),(33,36,'---\n:no_self_notified: \'1\'\n:comments_sorting: asc\n:warn_on_leaving_unsaved: \'1\'\n:textarea_font: \'\'\n:my_page_layout:\n  left:\n  - issuesassignedtome\n  right:\n  - issuesreportedbyme\n:my_page_settings: {}\n',1,'Islamabad'),(34,37,'---\n:no_self_notified: \'1\'\n:comments_sorting: asc\n:warn_on_leaving_unsaved: \'1\'\n:textarea_font: \'\'\n:my_page_layout:\n  left:\n  - issuesassignedtome\n  right:\n  - issuesreportedbyme\n:my_page_settings: {}\n:gantt_zoom: 2\n:gantt_months: 6\n:recently_used_project_ids: \'7,36,29\'\n',1,'Islamabad'),(35,38,'---\n:no_self_notified: \'1\'\n:comments_sorting: asc\n:warn_on_leaving_unsaved: \'1\'\n:textarea_font: \'\'\n:my_page_layout:\n  left:\n  - issuesassignedtome\n  right:\n  - issuesreportedbyme\n:my_page_settings: {}\n:gantt_zoom: 2\n:gantt_months: 6\n:recently_used_project_ids: \'29,42,7\'\n',1,'Islamabad'),(36,39,'---\n:no_self_notified: \'1\'\n:comments_sorting: asc\n:warn_on_leaving_unsaved: \'1\'\n:textarea_font: \'\'\n:my_page_layout:\n  left:\n  - issuesassignedtome\n  right:\n  - issuesreportedbyme\n:my_page_settings: {}\n:gantt_zoom: 2\n:gantt_months: 6\n',1,'Islamabad'),(37,40,'---\n:no_self_notified: \'1\'\n:comments_sorting: asc\n:warn_on_leaving_unsaved: \'1\'\n:textarea_font: \'\'\n:my_page_layout:\n  left:\n  - issuesassignedtome\n  right:\n  - issuesreportedbyme\n:my_page_settings: {}\n:gantt_zoom: 2\n:gantt_months: 6\n:recently_used_project_ids: \'29,10,7\'\n',1,'Islamabad'),(38,41,'---\n:no_self_notified: \'1\'\n:comments_sorting: asc\n:warn_on_leaving_unsaved: \'1\'\n:textarea_font: \'\'\n:my_page_layout:\n  left:\n  - issuesassignedtome\n  right:\n  - issuesreportedbyme\n:my_page_settings: {}\n',1,'Islamabad'),(39,42,'---\n:no_self_notified: \'1\'\n:comments_sorting: asc\n:warn_on_leaving_unsaved: \'1\'\n:textarea_font: \'\'\n:my_page_layout:\n  left:\n  - issuesassignedtome\n  right:\n  - issuesreportedbyme\n:my_page_settings: {}\n:gantt_zoom: 2\n:gantt_months: 6\n',1,'Islamabad'),(40,43,'---\n:no_self_notified: \'1\'\n:comments_sorting: asc\n:warn_on_leaving_unsaved: \'1\'\n:textarea_font: \'\'\n:my_page_layout:\n  left:\n  - issuesassignedtome\n  right:\n  - issuesreportedbyme\n:my_page_settings: {}\n:gantt_zoom: 2\n:gantt_months: 6\n:recently_used_project_ids: \'29\'\n',1,'Islamabad'),(41,44,'---\n:no_self_notified: \'1\'\n:comments_sorting: asc\n:warn_on_leaving_unsaved: \'1\'\n:textarea_font: \'\'\n:my_page_layout:\n  left:\n  - issuesassignedtome\n  right:\n  - issuesreportedbyme\n:my_page_settings: {}\n',1,'Islamabad'),(42,45,'---\n:no_self_notified: \'1\'\n:comments_sorting: asc\n:warn_on_leaving_unsaved: \'1\'\n:textarea_font: \'\'\n:my_page_layout:\n  left:\n  - issuesassignedtome\n  right:\n  - issuesreportedbyme\n:my_page_settings: {}\n',1,'Islamabad'),(43,46,'---\n:no_self_notified: \'1\'\n:comments_sorting: asc\n:warn_on_leaving_unsaved: \'1\'\n:textarea_font: \'\'\n:my_page_layout:\n  left:\n  - issuesassignedtome\n  right:\n  - issuesreportedbyme\n:my_page_settings: {}\n:gantt_zoom: 2\n:gantt_months: 6\n',1,'Islamabad'),(44,47,'---\n:no_self_notified: \'1\'\n:auto_watch_on:\n- \'\'\n- issue_contributed_to\n:notify_about_high_priority_issues: \'0\'\n:comments_sorting: asc\n:warn_on_leaving_unsaved: \'1\'\n:textarea_font: \'\'\n:recently_used_projects: 3\n:history_default_tab: notes\n:toolbar_language_options: c,cpp,csharp,css,diff,go,groovy,html,java,javascript,objc,perl,php,python,r,ruby,sass,scala,shell,sql,swift,xml,yaml\n:default_issue_query: \'\'\n:default_project_query: \'\'\n:my_page_layout:\n  left:\n  - issuesassignedtome\n  right:\n  - issuesreportedbyme\n:my_page_settings: {}\n:recently_used_project_ids: \'40\'\n',1,'Islamabad'),(45,48,'---\n:no_self_notified: \'1\'\n:auto_watch_on:\n- \'\'\n- issue_contributed_to\n:notify_about_high_priority_issues: \'0\'\n:comments_sorting: asc\n:warn_on_leaving_unsaved: \'1\'\n:textarea_font: \'\'\n:recently_used_projects: 3\n:history_default_tab: notes\n:toolbar_language_options: c,cpp,csharp,css,diff,go,groovy,html,java,javascript,objc,perl,php,python,r,ruby,sass,scala,shell,sql,swift,xml,yaml\n:default_issue_query: \'\'\n:default_project_query: \'\'\n:my_page_layout:\n  left:\n  - issuesassignedtome\n  right:\n  - issuesreportedbyme\n:my_page_settings: {}\n',1,'Islamabad'),(46,49,'---\n:no_self_notified: \'1\'\n:auto_watch_on:\n- \'\'\n- issue_contributed_to\n:notify_about_high_priority_issues: \'0\'\n:comments_sorting: asc\n:warn_on_leaving_unsaved: \'1\'\n:textarea_font: \'\'\n:recently_used_projects: 3\n:history_default_tab: notes\n:toolbar_language_options: c,cpp,csharp,css,diff,go,groovy,html,java,javascript,objc,perl,php,python,r,ruby,sass,scala,shell,sql,swift,xml,yaml\n:default_issue_query: \'\'\n:default_project_query: \'\'\n:my_page_layout:\n  left:\n  - issuesassignedtome\n  right:\n  - issuesreportedbyme\n:my_page_settings: {}\n',1,'Islamabad'),(47,50,'---\n:no_self_notified: \'1\'\n:auto_watch_on:\n- \'\'\n- issue_contributed_to\n:notify_about_high_priority_issues: \'0\'\n:comments_sorting: asc\n:warn_on_leaving_unsaved: \'1\'\n:textarea_font: \'\'\n:recently_used_projects: 3\n:history_default_tab: notes\n:toolbar_language_options: c,cpp,csharp,css,diff,go,groovy,html,java,javascript,objc,perl,php,python,r,ruby,sass,scala,shell,sql,swift,xml,yaml\n:default_issue_query: \'\'\n:default_project_query: \'\'\n:my_page_layout:\n  left:\n  - issuesassignedtome\n  right:\n  - issuesreportedbyme\n  top:\n  - documents\n  - issuesupdatedbyme\n:my_page_settings: {}\n:recently_used_project_ids: \'10\'\n:gantt_zoom: 2\n:gantt_months: 6\n',1,'Islamabad'),(48,51,'---\n:no_self_notified: \'1\'\n:auto_watch_on:\n- \'\'\n- issue_contributed_to\n:notify_about_high_priority_issues: \'0\'\n:comments_sorting: asc\n:warn_on_leaving_unsaved: \'1\'\n:textarea_font: \'\'\n:recently_used_projects: 3\n:history_default_tab: notes\n:toolbar_language_options: c,cpp,csharp,css,diff,go,groovy,html,java,javascript,objc,perl,php,python,r,ruby,sass,scala,shell,sql,swift,xml,yaml\n:default_issue_query: \'\'\n:default_project_query: \'\'\n:my_page_layout:\n  left:\n  - issuesassignedtome\n  right:\n  - issuesreportedbyme\n:my_page_settings: {}\n',1,'Islamabad'),(49,52,'---\n:no_self_notified: \'1\'\n:auto_watch_on:\n- \'\'\n- issue_contributed_to\n:notify_about_high_priority_issues: \'0\'\n:comments_sorting: asc\n:warn_on_leaving_unsaved: \'1\'\n:textarea_font: \'\'\n:recently_used_projects: 3\n:history_default_tab: notes\n:toolbar_language_options: c,cpp,csharp,css,diff,go,groovy,html,java,javascript,objc,perl,php,python,r,ruby,sass,scala,shell,sql,swift,xml,yaml\n:default_issue_query: \'\'\n:default_project_query: \'\'\n:my_page_layout:\n  left:\n  - issuesassignedtome\n  right:\n  - issuesreportedbyme\n:my_page_settings: {}\n',1,'Islamabad'),(50,53,'---\n:no_self_notified: \'1\'\n:auto_watch_on:\n- \'\'\n- issue_contributed_to\n:notify_about_high_priority_issues: \'0\'\n:comments_sorting: asc\n:warn_on_leaving_unsaved: \'1\'\n:textarea_font: \'\'\n:recently_used_projects: 3\n:history_default_tab: notes\n:toolbar_language_options: c,cpp,csharp,css,diff,go,groovy,html,java,javascript,objc,perl,php,python,r,ruby,sass,scala,shell,sql,swift,xml,yaml\n:default_issue_query: \'\'\n:default_project_query: \'\'\n:my_page_layout:\n  left:\n  - issuesassignedtome\n  right:\n  - issuesreportedbyme\n:my_page_settings: {}\n:recently_used_project_ids: \'46\'\n:gantt_zoom: 2\n:gantt_months: 6\n',1,'Islamabad'),(51,54,'---\n:no_self_notified: \'1\'\n:auto_watch_on:\n- \'\'\n- issue_contributed_to\n:notify_about_high_priority_issues: \'0\'\n:comments_sorting: asc\n:warn_on_leaving_unsaved: \'1\'\n:textarea_font: \'\'\n:recently_used_projects: 3\n:history_default_tab: notes\n:toolbar_language_options: c,cpp,csharp,css,diff,go,groovy,html,java,javascript,objc,perl,php,python,r,ruby,sass,scala,shell,sql,swift,xml,yaml\n:default_issue_query: \'\'\n:default_project_query: \'\'\n:my_page_layout:\n  left:\n  - issuesassignedtome\n  right:\n  - issuesreportedbyme\n:my_page_settings: {}\n:gantt_zoom: 2\n:gantt_months: 6\n:recently_used_project_ids: \'29\'\n',1,'Islamabad'),(52,55,'---\n:no_self_notified: \'1\'\n:auto_watch_on:\n- \'\'\n- issue_contributed_to\n:notify_about_high_priority_issues: \'0\'\n:comments_sorting: asc\n:warn_on_leaving_unsaved: \'1\'\n:textarea_font: \'\'\n:recently_used_projects: 3\n:history_default_tab: notes\n:toolbar_language_options: c,cpp,csharp,css,diff,go,groovy,html,java,javascript,objc,perl,php,python,r,ruby,sass,scala,shell,sql,swift,xml,yaml\n:default_issue_query: \'\'\n:default_project_query: \'\'\n:my_page_layout:\n  left:\n  - issuesassignedtome\n  right:\n  - issuesreportedbyme\n:my_page_settings: {}\n:recently_used_project_ids: \'47\'\n',1,'Islamabad'),(53,56,'---\n:no_self_notified: \'1\'\n:auto_watch_on:\n- \'\'\n- issue_contributed_to\n:notify_about_high_priority_issues: \'0\'\n:comments_sorting: asc\n:warn_on_leaving_unsaved: \'1\'\n:textarea_font: \'\'\n:recently_used_projects: 3\n:history_default_tab: notes\n:toolbar_language_options: c,cpp,csharp,css,diff,go,groovy,html,java,javascript,objc,perl,php,python,r,ruby,sass,scala,shell,sql,swift,xml,yaml\n:default_issue_query: \'\'\n:default_project_query: \'\'\n:my_page_layout:\n  left:\n  - issuesassignedtome\n  right:\n  - issuesreportedbyme\n:my_page_settings: {}\n:recently_used_project_ids: \'47\'\n',1,'Islamabad'),(54,57,'---\n:no_self_notified: \'1\'\n:auto_watch_on:\n- \'\'\n- issue_contributed_to\n:notify_about_high_priority_issues: \'0\'\n:comments_sorting: asc\n:warn_on_leaving_unsaved: \'1\'\n:textarea_font: \'\'\n:recently_used_projects: 3\n:history_default_tab: notes\n:toolbar_language_options: c,cpp,csharp,css,diff,go,groovy,html,java,javascript,objc,perl,php,python,r,ruby,sass,scala,shell,sql,swift,xml,yaml\n:default_issue_query: \'\'\n:default_project_query: \'\'\n:my_page_layout:\n  left:\n  - issuesassignedtome\n  right:\n  - issuesreportedbyme\n:my_page_settings: {}\n:recently_used_project_ids: \'47\'\n',1,'Islamabad');

--
-- Table structure for table `users`
--

CREATE TABLE `users` (
  `id` int(11) NOT NULL AUTO_INCREMENT,
  `login` varchar(255) NOT NULL DEFAULT '',
  `hashed_password` varchar(40) NOT NULL DEFAULT '',
  `firstname` varchar(30) NOT NULL DEFAULT '',
  `lastname` varchar(255) NOT NULL DEFAULT '',
  `admin` tinyint(1) NOT NULL DEFAULT 0,
  `status` int(11) NOT NULL DEFAULT 1,
  `last_login_on` datetime DEFAULT NULL,
  `language` varchar(5) DEFAULT '',
  `auth_source_id` int(11) DEFAULT NULL,
  `created_on` datetime DEFAULT NULL,
  `updated_on` datetime DEFAULT NULL,
  `type` varchar(255) DEFAULT NULL,
  `mail_notification` varchar(255) NOT NULL DEFAULT '',
  `salt` varchar(64) DEFAULT NULL,
  `must_change_passwd` tinyint(1) NOT NULL DEFAULT 0,
  `passwd_changed_on` datetime DEFAULT NULL,
  `twofa_scheme` varchar(255) DEFAULT NULL,
  `twofa_totp_key` varchar(255) DEFAULT NULL,
  `twofa_totp_last_used_at` int(11) DEFAULT NULL,
  `twofa_required` tinyint(1) DEFAULT 0,
  PRIMARY KEY (`id`),
  KEY `index_users_on_id_and_type` (`id`,`type`),
  KEY `index_users_on_auth_source_id` (`auth_source_id`),
  KEY `index_users_on_type` (`type`)
) ENGINE=InnoDB AUTO_INCREMENT=58 DEFAULT CHARSET=latin1 COLLATE=latin1_swedish_ci;

--
-- Dumping data for table `users`
--

INSERT INTO `users` VALUES (1,'admin','7ed36dd7dfb5e7fb69df53f9e5cfbe6abaac20ce','Veteranlogix','Admin',1,1,'2023-12-14 17:44:25','',NULL,'2018-02-19 09:57:07','2023-12-14 17:44:11','User','all','f1507cf6a487cb792d325943e4a5d2a2',0,'2023-12-14 17:44:11',NULL,NULL,NULL,0),(2,'','','','Anonymous users',0,1,NULL,'',NULL,'2018-02-19 09:57:32','2018-02-19 09:57:32','GroupAnonymous','',NULL,0,NULL,NULL,NULL,NULL,0),(3,'','','','Non member users',0,1,NULL,'',NULL,'2018-02-19 09:57:32','2018-02-19 09:57:32','GroupNonMember','',NULL,0,NULL,NULL,NULL,NULL,0),(4,'','','','Anonymous',0,0,NULL,'',NULL,'2018-02-19 10:17:47','2018-02-19 10:17:47','AnonymousUser','only_my_events',NULL,0,NULL,NULL,NULL,NULL,0),(5,'mahboob','1377c1428e0c2a1be7ceaf3f5842063af50572fc','Mahboob Ur','Rehman',1,1,'2025-12-23 02:23:40','en',NULL,'2018-02-19 11:15:41','2020-05-10 09:21:01','User','only_my_events','2c1df321bd7917897e4d0572254b5b25',0,'2020-05-10 09:21:01',NULL,NULL,NULL,0),(6,'majid','76db793f4d22aca7f5374472dcd145f7a2638e0c','Majid','Fiaz',0,3,'2018-10-05 08:40:55','en',NULL,'2018-02-20 06:24:37','2019-02-04 11:22:17','User','only_my_events','e5fc0622840113a7e984bd80a125621c',0,'2018-02-20 06:25:34',NULL,NULL,NULL,0),(7,'raymondkenworthy','663151130c14fdf03591f450cf063a0ff3eb1498','Raymond','Kenworthy',0,1,'2022-05-10 18:26:10','en',NULL,'2018-03-15 07:54:00','2018-03-15 07:54:00','User','only_my_events','33e544f775f88451077cc269fdb28743',0,'2018-03-15 07:54:00',NULL,NULL,NULL,0),(8,'konain','86042dc0ad74cc78b7bab4b328839558b502b821','Konain','Abbas',0,3,'2018-04-03 05:53:01','en',NULL,'2018-03-27 05:48:04','2018-04-11 12:04:07','User','only_my_events','7a07fb1df13b7f60f12895eb921694a0',0,'2018-03-27 05:48:04',NULL,NULL,NULL,0),(9,'rose','8bde0d567c558b685368225dedf9be9cbc95c977','Rose','Schwinghamer',0,1,'2023-03-03 20:15:20','en',NULL,'2018-04-27 06:54:52','2023-03-03 20:14:58','User','none','5867ded06ac5f689575fdd039e6e2086',0,'2023-03-03 20:14:58',NULL,NULL,NULL,0),(10,'asad','2794582d8e3c5bd01588243557726c66410ed84d','Asad','Ur Rehman',0,3,'2018-05-21 09:21:56','en',NULL,'2018-05-21 08:33:10','2018-05-31 07:45:10','User','only_my_events','e978576d266f8ed9272734ad0c409b9d',0,'2018-05-21 09:51:06',NULL,NULL,NULL,0),(11,'basil','ebd58567e3ba03055a43e6097636d79731d467b6','Basil','Meer',0,3,'2019-08-01 00:05:04','en',NULL,'2018-05-21 08:34:27','2019-08-01 17:55:43','User','only_my_events','52218d8585707d0184d68e9c999ca2f7',0,'2018-05-21 09:25:46',NULL,NULL,NULL,0),(12,'qasim','ee686a0371a7f77e88baa851e7ebfba54ee0224a','Muhammad','Qasim',0,3,'2019-04-24 08:22:02','en',NULL,'2018-06-05 08:09:51','2019-08-01 17:55:57','User','only_my_events','b3814859e186142316b7dbbb011d3a17',0,'2018-06-05 08:09:51',NULL,NULL,NULL,0),(13,'patrick','82d2963a83382aa95c03ba8196dc2f108063639b','Patrick','Dague',0,3,'2018-07-07 17:09:03','en',NULL,'2018-06-25 06:54:24','2021-07-23 13:24:06','User','only_my_events','7c011e1555d631bffc34153bd8242f84',0,'2018-06-25 06:54:24',NULL,NULL,NULL,0),(14,'duanetharp','28c1f2d5efedf0173dfe49b8c96f592b8d189221','duane','tharp',0,3,'2019-04-24 14:26:14','en',NULL,'2018-07-19 08:07:42','2021-07-23 13:23:45','User','only_my_events','164f9478b4ea7d142f4fc3fa2cea20f5',0,'2018-12-31 08:53:27',NULL,NULL,NULL,0),(15,'numan','f84d4506bf4ed298c0cae5e16d4ccadf0897c7b4','Numan','Yaqoob',0,3,'2021-09-24 08:15:04','en',NULL,'2018-08-08 05:11:02','2022-05-06 07:16:09','User','only_my_events','806770c446d631c10dfb5a166b3dcb5d',0,'2018-11-29 11:20:05',NULL,NULL,NULL,0),(16,'ahad','3b8d8a0a0ebf16d773b0edf5aa097f1bbae14f67','Abdul','Ahad',0,3,'2020-07-15 09:31:44','en',NULL,'2018-09-07 13:57:39','2020-07-21 06:54:16','User','only_my_events','04c959821cf71ea7b6b6e41b19c265fd',0,'2018-09-07 13:57:39',NULL,NULL,NULL,0),(17,'mohsin','a5b9ebb54d4ad511dfe7aa74dcdc50a514d153e9','Mohsin','Bashir',0,3,'2022-04-22 11:57:34','en',NULL,'2018-09-07 14:02:10','2022-05-06 07:16:04','User','only_my_events','789bfe97a3dbe7c26b9fbb00a1b687b8',0,'2021-11-08 16:42:19',NULL,NULL,NULL,0),(18,'asim','30b5ca3a8a80d8d04ea59b5ce401db85fcbd0e48','Asim','Riaz',0,3,'2020-06-30 06:05:27','en',NULL,'2018-09-07 14:02:50','2020-07-01 19:02:07','User','only_my_events','6cf26eff762c5f8d52c7d661dca3ebb8',0,'2018-12-20 06:55:59',NULL,NULL,NULL,0),(19,'leland','8cd14d11f512beb80221dbcaa79db9d4c848ea40','Leland','McFarland',0,3,'2019-05-15 19:23:30','en',NULL,'2019-03-28 13:04:06','2021-07-23 13:23:53','User','only_my_events','2d82a88a1c979dcd727568c647c3db30',0,'2019-03-28 13:04:06',NULL,NULL,NULL,0),(20,'anita','de5458d50b6a1de0c63191a22446db9c43b950c8','Anita','Campbell',0,3,'2019-08-14 00:40:00','en',NULL,'2019-03-28 13:04:51','2021-07-23 13:23:37','User','only_my_events','7f691d395d1e7312368794cd2e54607d',0,'2019-03-28 13:04:51',NULL,NULL,NULL,0),(21,'veteran','d9e7c66839f6c94dbcdd9220a7d2ad74c1797d5c','veteran','people',0,1,'2020-05-09 21:26:04','en',NULL,'2019-04-03 16:54:43','2019-04-03 16:54:43','User','only_my_events','048b6d9e01f65591ae893e7ee53aaea6',0,'2019-04-03 16:54:43',NULL,NULL,NULL,0),(22,'jeremy','7105492b4ac4f914a44ca10a82487f11e4da559e','Jeremy','Snead',0,1,NULL,'en',NULL,'2019-04-05 21:28:46','2019-04-05 21:28:46','User','only_my_events','2ac481e0d6a87f96b3eab847501bff59',0,'2019-04-05 21:28:46',NULL,NULL,NULL,0),(23,'aqeel','8210269d7ae6299b45d67f67301495b4d86326cf','Aqeel','Ahmed',0,3,'2019-10-11 13:07:30','en',NULL,'2019-06-10 11:37:17','2019-12-09 06:24:35','User','only_my_events','3b4e0b72db2501e6148ac3b1394eeb64',0,'2019-06-10 11:37:17',NULL,NULL,NULL,0),(24,'belawal','5babf25e3c6811395c570572e62176a8a12b74c1','Belawal','Umer',0,3,'2019-12-03 14:46:38','en',NULL,'2019-06-10 11:41:10','2019-12-09 06:24:44','User','only_my_events','fe3a9be6e4f0e35fbacadfa495f2803d',0,'2019-06-10 11:41:10',NULL,NULL,NULL,0),(25,'shakeel','939d7355a489182f1a7ecacd51e723f83c7821ee','Shakeel','Nasir',0,3,'2019-09-30 13:02:31','en',NULL,'2019-07-01 09:38:30','2019-12-09 06:24:54','User','only_my_events','c7d8bca320fc5fc40b9a0255df459f61',0,'2019-07-01 09:38:30',NULL,NULL,NULL,0),(26,'aroosh','30c12c7efb5dc3578f3fdcd031f010108ad6c1a5','Aroosh','Khalid',0,3,'2019-11-04 14:04:04','en',NULL,'2019-07-24 10:03:13','2021-07-23 13:23:41','User','only_my_events','f2f80aa04a2e032c8cbe3270b8541ed2',0,'2019-07-24 10:03:13',NULL,NULL,NULL,0),(27,'asif','2585e452f8deee1410121fac2b8c49a3658e7808','Asif','Islam',0,3,'2019-07-25 17:17:36','en',NULL,'2019-07-25 17:11:52','2020-09-22 11:49:23','User','only_my_events','f91799b99789f807b75acc89b2ca88b6',0,'2019-07-25 17:11:52',NULL,NULL,NULL,0),(28,'muhammad.ali','41e16a733515be689dcce9ef09c8ba678f976877','Muhammad','Ali',0,1,'2025-10-27 14:42:17','en',NULL,'2019-12-09 06:25:52','2020-01-22 11:12:25','User','only_my_events','f0f8e79d72e188c5df8a5e81a73d384f',0,'2019-12-09 06:25:52',NULL,NULL,NULL,0),(29,'arbaz','d35eae49eda77eb1cec93ae1df9b0373b0402a77','Arbaz','Ehsan',0,3,'2020-05-29 06:39:04','en',NULL,'2020-01-15 06:29:11','2020-09-22 11:49:16','User','only_my_events','23b8172c5b7291604b45f776319aa41f',0,'2020-01-15 06:29:11',NULL,NULL,NULL,0),(30,'mario','fe172ec95f0abaede565f9c152e061a95a1ca900','Mario','G',0,3,'2020-03-11 19:29:13','en',NULL,'2020-02-20 06:38:11','2021-07-23 13:23:58','User','only_my_events','40afc8a79b291b4a3ebd9f307eb2358a',0,'2020-02-20 06:38:11',NULL,NULL,NULL,0),(31,'parkinglot','9da44eba244fee28dca9d5d20b7c66e3e1392223','Mr','Parking Lot',0,1,'2020-03-02 08:09:35','en',NULL,'2020-03-02 08:06:35','2020-03-02 08:10:00','User','none','b5bf5f41484cbf93582d4533ef433598',0,'2020-03-02 08:06:35',NULL,NULL,NULL,0),(32,'hamza','27277af3ead996b3f818aefdeac1e2b6708bf66c','Hamza','Yousaf',0,3,'2020-06-18 08:17:13','en',NULL,'2020-03-03 14:43:47','2020-09-22 11:49:07','User','only_my_events','5ac43ea57b343e0b725ccd555701e20d',0,'2020-03-03 14:43:47',NULL,NULL,NULL,0),(33,'amanda','e749fdf034bea6cbcc16725830a47a10baca4804','amanda','amanda',0,3,NULL,'en',NULL,'2020-08-06 05:22:54','2021-07-23 13:23:24','User','only_my_events','bc2a64897f1a22f6ab9c9b5b6aca929f',0,'2020-08-06 05:22:54',NULL,NULL,NULL,0),(34,'frank','45fd1ed25a65a8cc54c1ae820b2ec447cf400787','Frank','Spillers',0,1,'2025-12-15 21:35:37','en',NULL,'2020-08-11 16:35:47','2020-08-11 16:35:47','User','only_my_events','0c233ebfa4873bea6ab665768143916c',0,'2020-08-11 16:35:47',NULL,NULL,NULL,0),(35,'hamza.naeem','591730ee94b33014066d2d5b85c5bd190bc766db','Hamza','Naeem',0,1,'2025-05-13 17:31:19','en',NULL,'2020-10-05 07:24:24','2021-06-07 13:25:55','User','only_my_events','a8ee7292c3f0c2ea63d3167bc7f842fa',0,'2021-06-07 13:25:44',NULL,NULL,NULL,0),(36,'andrew','b25ed0fd3f142567fc171caeca1e86b52b3dacf9','Andrew','Knight',0,3,NULL,'en',NULL,'2020-12-15 11:00:23','2021-07-23 13:23:32','User','only_my_events','b389c0d7f67035154e9800fef1e71a29',0,'2020-12-15 11:01:17',NULL,NULL,NULL,0),(37,'izza','3fcee66b21a4713c2022f43e75bd2d0c677a1e0b','Izza','Bakhtawar',0,1,'2025-06-30 23:21:47','en',NULL,'2021-01-05 07:13:15','2021-01-05 07:13:15','User','only_my_events','7f788a7794a47e68f525a0471ac3faba',0,'2021-01-05 07:13:15',NULL,NULL,NULL,0),(38,'ahmad.nazir','41bd644a15ca492596089944a4f575a9936d4fb7','Ahmad','Nazir',0,1,'2025-10-07 20:17:52','en',NULL,'2021-02-01 13:33:07','2021-02-01 13:33:07','User','only_my_events','eafc5f27c6c4c6a8f096a9332f812648',0,'2021-02-01 13:33:07',NULL,NULL,NULL,0),(39,'haris.shafiq','730cf20556d0724c061a563ec80f5733beeb096d','Haris','Shafiq',0,3,'2021-10-25 07:13:33','en',NULL,'2021-10-07 08:01:15','2021-10-29 07:42:29','User','only_my_events','4dcfa84586ea5a339b4fb61a0f1bdf76',0,'2021-10-07 08:01:15',NULL,NULL,NULL,0),(40,'ali.sarmad','c8591ff9a69867b0d59f255b8fc98998b5667671','Ali','Sarmad',0,3,'2023-05-23 07:41:27','en',NULL,'2021-10-07 08:03:56','2023-05-29 08:28:55','User','only_my_events','675d6de261ee6a1e82ae083eae82234f',0,'2021-10-07 08:03:56',NULL,NULL,NULL,0),(41,'maria','e4444740a4ac38098c866458cc48c5d921929540','Maria','Maria',0,3,'2022-05-08 11:24:44','en',NULL,'2022-02-08 07:22:06','2023-05-29 08:29:33','User','only_my_events','1817c4f43e8260d41b66e0f01eb4992e',0,'2022-02-08 07:22:06',NULL,NULL,NULL,0),(42,'deepika11.sds','28c3d9bfd724b71ced6956637b500ebfb9c4c20c','deepika11','sds',0,1,'2022-04-26 11:33:36','en',NULL,'2022-04-07 11:49:04','2022-04-07 11:50:28','User','only_my_events','b9455106b965fadfbbb5079dc8fb59eb',0,'2022-04-07 11:50:28',NULL,NULL,NULL,0),(43,'depain','d001b07e7b21b9617dd79d37bf194c8011059f3c','depain','k',0,1,'2022-06-22 17:54:10','en',NULL,'2022-04-07 11:51:28','2022-04-25 11:18:24','User','only_my_events','083edc9f25409a52f877ed8f3adc6cbd',0,'2022-04-07 11:52:07',NULL,NULL,NULL,0),(44,'akash.sds','32f7ec9e6dbfcbc9170b571427af9b9ec1cb5c82','akash','sds',0,1,NULL,'en',NULL,'2022-04-11 13:04:06','2022-04-11 13:04:43','User','only_my_events','5717db44229c17ddb3e4dafdd6cfc9f7',0,'2022-04-11 13:04:43',NULL,NULL,NULL,0),(45,'avninirwan.sds','1f510099081cb1c9096d4e4c7130a9f6ec9a6a6b','avninirwan','sds',0,1,'2022-04-25 09:57:38','en',NULL,'2022-04-11 13:06:05','2022-04-11 13:06:05','User','only_my_events','1c2dcf87db80789069ae2ecf8a202f85',0,'2022-04-11 13:06:05',NULL,NULL,NULL,0),(46,'nitintom11','2e1e6d9e027a1976aeefcbc5fb348791e20c0122','nitintom','11',0,1,'2022-06-17 12:35:46','en',NULL,'2022-04-11 13:07:32','2022-04-11 13:07:32','User','only_my_events','031350499c5c3ca5fafdc123fab5bcd2',0,'2022-04-11 13:07:32',NULL,NULL,NULL,0),(47,'mdiop@jbonet-mobilier.com','a8a9ba7d08356ec4f4dd101627bdedc581358d98','Marieme','diop',0,1,'2022-07-15 11:58:41','en',NULL,'2022-07-15 10:23:23','2022-07-15 10:25:56','User','only_my_events','fcc9f8676b74b0f4f1bf7620ceab722b',0,'2022-07-15 10:25:56',NULL,NULL,NULL,0),(48,'marben.dimson.it@gmail.com','255cb84345396916b4327fb67ca08e1e95065b21','marben','dimson',0,1,NULL,'en',NULL,'2022-10-06 14:23:01','2022-10-06 14:23:01','User','only_my_events','d772034721c17d661302e3e162708979',0,'2022-10-06 14:23:01',NULL,NULL,NULL,0),(49,'jen','96ffd1a45ba6b05f1719912e673b408815ff9553','Jen','Alexander',0,1,'2022-10-21 22:13:12','en',NULL,'2022-10-21 19:54:55','2022-10-21 19:54:55','User','only_my_events','5f55d24bf187a8bd96aadc611c3bcddc',0,'2022-10-21 19:54:55',NULL,NULL,NULL,0),(50,'izhar','555e4a6fae12fd6c6cf2d5cd18a14d61498fc0c3','Izhar','Izhar',0,1,'2023-07-14 07:43:00','en',NULL,'2023-06-12 09:03:03','2023-06-16 08:49:18','User','only_my_events','ec88a7534cc9165692a34275cb0c38d4',0,'2023-06-16 08:49:18',NULL,NULL,NULL,0),(51,'udi','186e48b124ceb0749abba47ebe873afb2ee88896','Udi','Sharir',0,1,NULL,'en',NULL,'2023-10-26 10:39:58','2023-10-26 10:39:58','User','only_my_events','63ba94fbf4212b65712c37c21e361414',0,'2023-10-26 10:39:58',NULL,NULL,NULL,0),(52,'sakib','60319f734d64458b3659c7c704234fba1cac7497','sakib','sakib',0,1,NULL,'en',NULL,'2023-11-09 07:13:37','2023-11-09 07:13:37','User','only_my_events','96693241ba1a62575ce9756fd807593c',0,'2023-11-09 07:13:37',NULL,NULL,NULL,0),(53,'aaron','bc300714c598b188c53b4a2c432ebc88b15f13cf','Aaron','Conis',0,1,'2024-08-07 16:07:44','en',NULL,'2024-06-21 14:21:06','2024-06-21 14:21:06','User','only_my_events','9ab6dea2c06e5edca419e41d0ec1b29c',0,'2024-06-21 14:21:06',NULL,NULL,NULL,0),(54,'mabubakar','5f2d683cfb8328adf704f47cbf175b7b1da161ab','Abu','Bakar',0,1,'2025-03-10 13:35:34','en',NULL,'2024-12-03 14:22:05','2024-12-03 14:22:05','User','only_my_events','f68b7638b8e1bf1d4b3072942cfa0ebd',0,'2024-12-03 14:22:05',NULL,NULL,NULL,0),(55,'hayden','81efd2edd3b38d03bb16d5d8c83965611794c991','Hayden','Keiser',0,1,'2025-03-17 23:12:13','en',NULL,'2025-03-11 00:18:11','2025-03-11 00:18:11','User','only_my_events','94c6d10362c8e360d90d99627796016d',0,'2025-03-11 00:18:11',NULL,NULL,NULL,0),(56,'neal','b3b1a1df5a6d182383b4911f89aa68351401a544','Neal','Beshears',0,1,'2025-03-16 23:46:01','en',NULL,'2025-03-11 00:19:04','2025-03-11 00:19:04','User','only_my_events','2b21bc04fe8241d88d3154173ff43c18',0,'2025-03-11 00:19:04',NULL,NULL,NULL,0),(57,'eyamin','7578631689cff16966dc13c0ceb99e0965a2e973','Eyamin','Hossian',0,1,'2025-03-12 02:07:25','en',NULL,'2025-03-11 00:20:25','2025-03-11 00:20:25','User','only_my_events','0b46a5e7bfdf0850779aa90ceb8b65b8',0,'2025-03-11 00:20:25',NULL,NULL,NULL,0);

--
-- Table structure for table `versions`
--

CREATE TABLE `versions` (
  `id` int(11) NOT NULL AUTO_INCREMENT,
  `project_id` int(11) NOT NULL DEFAULT 0,
  `name` varchar(255) NOT NULL DEFAULT '',
  `description` varchar(255) DEFAULT '',
  `effective_date` date DEFAULT NULL,
  `created_on` datetime DEFAULT NULL,
  `updated_on` datetime DEFAULT NULL,
  `wiki_page_title` varchar(255) DEFAULT NULL,
  `status` varchar(255) DEFAULT 'open',
  `sharing` varchar(255) NOT NULL DEFAULT 'none',
  PRIMARY KEY (`id`),
  KEY `versions_project_id` (`project_id`),
  KEY `index_versions_on_sharing` (`sharing`)
) ENGINE=InnoDB DEFAULT CHARSET=latin1 COLLATE=latin1_swedish_ci;

--
-- Dumping data for table `versions`
--


--
-- Table structure for table `watchers`
--

CREATE TABLE `watchers` (
  `id` int(11) NOT NULL AUTO_INCREMENT,
  `watchable_type` varchar(255) NOT NULL DEFAULT '',
  `watchable_id` int(11) NOT NULL DEFAULT 0,
  `user_id` int(11) DEFAULT NULL,
  PRIMARY KEY (`id`),
  KEY `watchers_user_id_type` (`user_id`,`watchable_type`),
  KEY `index_watchers_on_user_id` (`user_id`),
  KEY `index_watchers_on_watchable_id_and_watchable_type` (`watchable_id`,`watchable_type`)
) ENGINE=InnoDB AUTO_INCREMENT=608 DEFAULT CHARSET=latin1 COLLATE=latin1_swedish_ci;

--
-- Dumping data for table `watchers`
--

INSERT INTO `watchers` VALUES (1,'Issue',12,8),(2,'Issue',12,5),(3,'Issue',12,1),(4,'Issue',12,7),(5,'Issue',13,8),(6,'Issue',13,1),(7,'Issue',17,5),(8,'Issue',17,7),(9,'Issue',18,5),(10,'Issue',18,7),(11,'Issue',20,5),(12,'Issue',20,6),(13,'Issue',20,7),(14,'Issue',22,5),(15,'Issue',22,6),(16,'Issue',22,7),(17,'Issue',20,9),(18,'Issue',27,5),(19,'Issue',27,7),(20,'Issue',27,9),(21,'Issue',28,5),(22,'Issue',28,6),(24,'Issue',28,9),(25,'Issue',28,7),(26,'Issue',29,7),(27,'Issue',29,9),(28,'Issue',30,7),(29,'Issue',30,9),(30,'Issue',31,7),(31,'Issue',31,9),(32,'Issue',32,7),(33,'Issue',32,9),(34,'Issue',33,5),(35,'Issue',33,6),(36,'Issue',34,5),(37,'Issue',34,7),(38,'Issue',34,9),(39,'Issue',35,5),(40,'Issue',35,7),(41,'Issue',35,9),(42,'Issue',36,5),(43,'Issue',36,7),(44,'Issue',36,9),(45,'Issue',37,5),(46,'Issue',37,7),(47,'Issue',37,9),(48,'Issue',38,5),(49,'Issue',38,7),(50,'Issue',38,9),(51,'Issue',39,5),(52,'Issue',39,7),(53,'Issue',39,9),(54,'Issue',40,5),(55,'Issue',40,7),(56,'Issue',40,9),(57,'Issue',41,11),(58,'Issue',41,7),(59,'Issue',41,9),(60,'Issue',42,11),(61,'Issue',42,7),(62,'Issue',42,9),(63,'Issue',43,11),(64,'Issue',43,7),(65,'Issue',43,9),(66,'Issue',44,11),(67,'Issue',44,7),(68,'Issue',44,9),(69,'Issue',45,11),(70,'Issue',45,5),(71,'Issue',45,6),(72,'Issue',46,11),(73,'Issue',46,5),(74,'Issue',46,6),(75,'Issue',47,11),(76,'Issue',47,5),(77,'Issue',47,6),(78,'Issue',47,12),(79,'Issue',46,7),(80,'Issue',46,9),(81,'Issue',48,5),(82,'Issue',48,9),(83,'Issue',49,5),(84,'Issue',49,13),(85,'Issue',50,5),(86,'Issue',50,7),(87,'Issue',50,9),(88,'Issue',51,5),(89,'Issue',51,7),(90,'Issue',51,9),(91,'Issue',52,5),(92,'Issue',52,7),(93,'Issue',52,9),(94,'Issue',53,5),(95,'Issue',53,7),(96,'Issue',53,9),(97,'Issue',54,5),(98,'Issue',54,7),(99,'Issue',54,9),(100,'Issue',55,5),(101,'Issue',55,7),(102,'Issue',55,9),(103,'Issue',56,5),(104,'Issue',56,7),(105,'Issue',56,9),(106,'Issue',59,11),(107,'Issue',59,5),(108,'Issue',59,6),(109,'Issue',59,12),(110,'Issue',66,5),(111,'Issue',66,6),(112,'Issue',66,12),(113,'Issue',67,11),(114,'Issue',67,5),(115,'Issue',67,6),(116,'Issue',67,12),(117,'Issue',89,11),(118,'Issue',89,5),(119,'Issue',89,7),(120,'Issue',89,9),(121,'Issue',90,11),(122,'Issue',90,5),(123,'Issue',90,7),(124,'Issue',90,9),(125,'Issue',96,5),(126,'Issue',96,7),(127,'Issue',96,9),(128,'Issue',97,11),(129,'Issue',97,5),(130,'Issue',97,7),(131,'Issue',97,9),(132,'Issue',98,11),(133,'Issue',98,5),(134,'Issue',98,7),(135,'Issue',98,9),(136,'Issue',99,5),(137,'Issue',99,7),(138,'Issue',99,9),(139,'Issue',100,5),(140,'Issue',100,7),(141,'Issue',100,9),(142,'Issue',101,5),(143,'Issue',101,7),(144,'Issue',101,9),(145,'Issue',102,5),(146,'Issue',102,7),(147,'Issue',102,9),(148,'Issue',103,11),(149,'Issue',103,5),(150,'Issue',103,7),(151,'Issue',103,9),(152,'Issue',104,5),(153,'Issue',104,7),(154,'Issue',104,9),(155,'Issue',77,5),(156,'Issue',77,12),(157,'Issue',107,5),(158,'Issue',107,11),(159,'Issue',111,5),(160,'Issue',111,7),(161,'Issue',111,9),(162,'Issue',112,5),(163,'Issue',112,7),(164,'Issue',112,9),(165,'Issue',113,5),(166,'Issue',113,7),(167,'Issue',113,9),(168,'Issue',114,5),(169,'Issue',114,7),(170,'Issue',114,9),(171,'Issue',106,7),(172,'Issue',115,5),(173,'Issue',115,7),(174,'Issue',115,9),(175,'Issue',116,5),(176,'Issue',116,7),(177,'Issue',116,9),(178,'Issue',117,5),(179,'Issue',117,7),(180,'Issue',117,9),(181,'Issue',118,5),(182,'Issue',118,7),(183,'Issue',118,9),(184,'Issue',119,5),(185,'Issue',119,7),(186,'Issue',119,9),(187,'Issue',120,5),(188,'Issue',120,7),(189,'Issue',120,9),(190,'Issue',121,11),(191,'Issue',121,5),(192,'Issue',121,6),(193,'Issue',122,5),(194,'Issue',122,6),(195,'Issue',122,12),(196,'Issue',123,5),(197,'Issue',123,7),(198,'Issue',123,9),(199,'Issue',124,5),(200,'Issue',124,7),(201,'Issue',124,9),(202,'Issue',127,5),(203,'Issue',127,7),(204,'Issue',127,9),(205,'Issue',129,5),(206,'Issue',129,7),(207,'Issue',129,9),(208,'Issue',132,5),(209,'Issue',132,7),(210,'Issue',132,9),(211,'Issue',144,11),(212,'Issue',144,7),(213,'Issue',144,9),(214,'Issue',145,11),(215,'Issue',145,5),(216,'Issue',130,6),(217,'Issue',130,12),(218,'Issue',146,5),(219,'Issue',146,7),(220,'Issue',152,11),(221,'Issue',152,6),(222,'Issue',152,12),(223,'Issue',152,7),(224,'Issue',152,9),(225,'Issue',153,11),(226,'Issue',153,5),(227,'Issue',153,6),(228,'Issue',153,12),(229,'Issue',155,5),(230,'Issue',155,7),(231,'Issue',155,9),(232,'Issue',157,11),(233,'Issue',157,5),(234,'Issue',157,6),(235,'Issue',157,12),(236,'Issue',157,7),(237,'Issue',157,9),(238,'Issue',158,5),(239,'Issue',159,5),(240,'Issue',161,5),(241,'Issue',162,5),(242,'Issue',163,5),(243,'Issue',165,5),(244,'Issue',168,11),(245,'Issue',203,5),(246,'Issue',203,15),(247,'Issue',213,11),(248,'Issue',221,5),(249,'Issue',223,5),(250,'Issue',223,7),(251,'Issue',224,5),(252,'Issue',224,7),(253,'Issue',231,5),(254,'Issue',231,7),(255,'Issue',231,9),(256,'Issue',232,5),(257,'Issue',232,7),(258,'Issue',232,9),(259,'Issue',251,11),(260,'Issue',274,9),(261,'Issue',275,9),(262,'Issue',294,11),(263,'Issue',294,5),(264,'Issue',294,7),(265,'Issue',294,9),(266,'Issue',305,9),(267,'Issue',308,9),(268,'Issue',309,5),(269,'Issue',311,7),(270,'Issue',312,7),(271,'Issue',324,9),(272,'Issue',335,5),(273,'Issue',335,7),(274,'Issue',335,11),(275,'Issue',337,9),(276,'Issue',340,7),(277,'Issue',323,7),(278,'Issue',322,7),(279,'Issue',369,5),(280,'Issue',374,5),(281,'Issue',374,9),(282,'Issue',377,9),(283,'Issue',389,5),(284,'Issue',404,5),(285,'Issue',404,15),(286,'Issue',404,7),(289,'Issue',432,7),(290,'Issue',449,5),(291,'Issue',451,11),(292,'Issue',451,5),(293,'Issue',455,11),(295,'Issue',510,9),(296,'Issue',527,18),(297,'Issue',527,5),(298,'Issue',527,17),(299,'Issue',527,15),(300,'Issue',539,24),(301,'Issue',539,5),(302,'Issue',542,11),(303,'Issue',542,24),(304,'Issue',542,5),(305,'Issue',553,11),(306,'Issue',553,24),(307,'Issue',553,5),(308,'Issue',556,15),(309,'Issue',559,11),(310,'Issue',559,24),(311,'Issue',559,5),(312,'Issue',560,11),(313,'Issue',560,24),(314,'Issue',560,5),(315,'Issue',562,11),(316,'Issue',562,24),(317,'Issue',562,5),(318,'Issue',563,11),(319,'Issue',563,24),(320,'Issue',563,5),(321,'Issue',564,11),(322,'Issue',564,24),(323,'Issue',564,5),(324,'Issue',569,5),(325,'Issue',571,11),(326,'Issue',571,24),(327,'Issue',571,5),(328,'Issue',573,24),(329,'Issue',573,5),(330,'Issue',575,24),(331,'Issue',575,5),(332,'Issue',577,24),(333,'Issue',577,5),(334,'Issue',579,24),(335,'Issue',579,5),(336,'Issue',582,24),(337,'Issue',582,5),(338,'Issue',583,26),(339,'Issue',583,5),(340,'Issue',583,25),(341,'Issue',585,23),(342,'Issue',585,24),(343,'Issue',585,5),(344,'Issue',587,25),(345,'Issue',590,24),(346,'Issue',590,5),(347,'Issue',591,26),(348,'Issue',591,5),(349,'Issue',591,25),(350,'Issue',592,26),(351,'Issue',592,5),(352,'Issue',592,25),(353,'Issue',593,26),(354,'Issue',593,5),(355,'Issue',593,25),(356,'Issue',597,26),(357,'Issue',597,5),(358,'Issue',597,25),(359,'Issue',598,26),(360,'Issue',598,5),(361,'Issue',598,25),(362,'Issue',599,26),(363,'Issue',599,5),(364,'Issue',599,25),(365,'Issue',602,26),(366,'Issue',602,5),(367,'Issue',602,25),(368,'Issue',603,26),(369,'Issue',603,5),(370,'Issue',603,25),(371,'Issue',605,26),(372,'Issue',605,5),(373,'Issue',605,25),(374,'Issue',606,26),(375,'Issue',606,5),(376,'Issue',606,25),(377,'Issue',607,18),(378,'Issue',607,5),(379,'Issue',607,15),(380,'Issue',608,26),(381,'Issue',608,5),(382,'Issue',608,25),(383,'Issue',609,26),(384,'Issue',609,5),(385,'Issue',609,25),(386,'Issue',614,5),(387,'Issue',614,25),(388,'Issue',617,26),(389,'Issue',617,5),(390,'Issue',617,25),(391,'Issue',619,26),(392,'Issue',619,5),(393,'Issue',619,25),(394,'Issue',620,26),(395,'Issue',620,5),(396,'Issue',620,25),(397,'Issue',621,26),(398,'Issue',621,5),(399,'Issue',621,25),(400,'Issue',648,7),(401,'Issue',648,9),(402,'Issue',647,7),(403,'Issue',647,9),(404,'Issue',650,5),(405,'Issue',650,15),(406,'Issue',665,9),(407,'Issue',679,30),(408,'Issue',686,5),(409,'Issue',686,30),(410,'Issue',694,30),(411,'Issue',725,5),(412,'Issue',727,16),(413,'Issue',727,5),(414,'Issue',727,17),(415,'Issue',727,28),(416,'Issue',741,34),(417,'Issue',796,5),(419,'Issue',857,34),(420,'Issue',994,5),(421,'News',1,34),(423,'Issue',1175,34),(424,'Issue',1342,5),(425,'Issue',1342,7),(426,'Issue',1451,5),(427,'Issue',1451,41),(428,'Issue',1452,5),(429,'Issue',1452,41),(430,'Issue',1453,5),(431,'Issue',1453,41),(432,'Issue',1472,5),(433,'Issue',1472,41),(435,'Issue',1489,5),(436,'Issue',1489,41),(437,'Issue',1495,5),(438,'Issue',1496,5),(439,'Issue',1497,5),(440,'Issue',1498,5),(441,'Issue',1499,5),(442,'Issue',1500,5),(443,'Issue',1501,5),(444,'Issue',1502,5),(445,'Issue',1503,5),(447,'Issue',1505,5),(448,'Issue',1507,5),(449,'Issue',1508,5),(450,'Issue',1509,5),(451,'Issue',1510,5),(452,'Issue',1511,5),(454,'Issue',1513,5),(455,'Issue',1514,5),(456,'Issue',1515,5),(457,'Issue',1516,5),(458,'Issue',1517,5),(459,'Issue',1518,5),(460,'Issue',1519,5),(461,'Issue',1520,5),(462,'Issue',1521,5),(463,'Issue',1522,5),(464,'Issue',1523,5),(465,'Issue',1524,5),(466,'Issue',1525,5),(467,'Issue',1526,5),(468,'Issue',1527,5),(469,'Issue',1528,5),(470,'Issue',1529,5),(471,'Issue',1530,5),(472,'Issue',1531,5),(473,'Issue',1532,5),(475,'Issue',1534,5),(476,'Issue',1535,5),(477,'Issue',1536,5),(478,'Issue',1537,5),(479,'Issue',1538,5),(480,'Issue',1539,5),(481,'Issue',1540,5),(482,'Issue',1541,5),(483,'Issue',1542,5),(484,'Issue',1543,5),(485,'Issue',1544,5),(486,'Issue',1545,5),(487,'Issue',1546,5),(488,'Issue',1547,5),(489,'Issue',1548,5),(490,'Issue',1549,5),(491,'Issue',1550,5),(492,'Issue',1551,5),(493,'Issue',1552,5),(494,'Issue',1553,5),(495,'Issue',1554,5),(496,'Issue',1558,5),(497,'Issue',1676,5),(500,'Issue',1753,43),(501,'Issue',1753,46),(502,'Issue',1807,5),(503,'Issue',1842,34),(504,'Issue',2045,34),(505,'Issue',2150,38),(506,'Issue',2260,28),(507,'Issue',2261,28),(552,'Issue',2514,34),(553,'Issue',2514,48),(558,'Issue',2518,34),(559,'Issue',2518,48),(562,'Issue',2520,34),(563,'Issue',2520,48),(568,'Issue',2523,34),(569,'Issue',2523,48),(576,'Issue',2532,34),(577,'Issue',2532,48),(578,'Issue',2533,34),(579,'Issue',2533,48),(580,'Issue',2534,34),(581,'Issue',2534,48),(582,'Issue',2536,34),(583,'Issue',2536,48),(586,'Issue',2538,34),(587,'Issue',2538,48),(588,'Issue',2539,34),(589,'Issue',2539,48),(590,'Issue',2540,34),(591,'Issue',2540,48),(592,'Issue',2541,34),(593,'Issue',2541,48),(594,'Issue',2551,28),(596,'Issue',2604,5),(597,'Issue',2630,5),(598,'Issue',2690,55),(599,'Issue',2690,56),(600,'Issue',2691,55),(601,'Issue',2691,56),(602,'Issue',2692,55),(603,'Issue',2692,56),(604,'Issue',2694,55),(605,'Issue',2693,56),(606,'Issue',2694,56),(607,'Issue',2695,55);

--
-- Table structure for table `wiki_content_versions`
--

CREATE TABLE `wiki_content_versions` (
  `id` int(11) NOT NULL AUTO_INCREMENT,
  `wiki_content_id` int(11) NOT NULL,
  `page_id` int(11) NOT NULL,
  `author_id` int(11) DEFAULT NULL,
  `data` longblob DEFAULT NULL,
  `compression` varchar(6) DEFAULT '',
  `comments` varchar(1024) DEFAULT '',
  `updated_on` datetime NOT NULL,
  `version` int(11) NOT NULL,
  PRIMARY KEY (`id`),
  KEY `wiki_content_versions_wcid` (`wiki_content_id`),
  KEY `index_wiki_content_versions_on_updated_on` (`updated_on`)
) ENGINE=InnoDB AUTO_INCREMENT=7 DEFAULT CHARSET=latin1 COLLATE=latin1_swedish_ci;

--
-- Dumping data for table `wiki_content_versions`
--

INSERT INTO `wiki_content_versions` VALUES (1,1,1,5,'\r\ncommand to export:php bin/console flowmaker:presentation:download 5c0f52eec5c7e  C:/xampp/htdocs/dev_flowmaker/local/web/project/export_tes1t.ppt -vvv\r\n\r\ncommand to execute tasks:php bin/console flowmaker:tasks:execute\r\n\r\ncommand to import indd: php bin/console flowmaker:indd:import\r\npath: /home/flowmaker/mahboob/local/OxyNolon.epub\r\n\r\nmajid gmail acc: majid@viihealth.com\r\n asd123!@#','','','2019-01-09 13:57:41',1),(2,2,2,17,'*Documents for the Projects*\r\n\r\n\r\nh1. *Install Quiz Plugin and Make it Work in our Theme*\r\n\r\n\r\ninstall and setup HD Quiz Plugin\r\n\r\n* we install HD quiz and setup it on post and it was not displaying quiz content. after debugging its come to know that some of code in the file path(/home/biztrend/public_html/wp-content/themes/sahifa-child-smallbiz-1-1/functions/ssl_version.php) line no 47 was commented that\'s why post were not displaying content.\r\n* we just uncomment that line of code and after it was working.\r\n\r\n\r\n\r\n\r\n\r\nh1. Create Template for Ebook Landing Page\r\n\r\n\r\nwe create a template for ebook landing page\r\n\r\n* create a page template in elementor and we add the download counter by some script of php code\r\n* for download counter we add php script in functions.php line no 287 to 302 for display displaying counter also added some custom css in elementor custom css options.\r\n* added a webhook on the action of form submission and added php script in functions.php line no 166 to 188 for webhook action\r\n* we added the more fields download counter menu for different ebook page in the dashboard by adding php script in the functions.php line no 190 to 287\r\n\r\n*also guide line document attached.*\r\n\r\n\r\nh1. *Initial Overview(archive template)*\r\n\r\n\r\nwe created archive template in elementor for category\r\n \r\n\r\n* we added custom css for pagination in the elementor custom css menu\r\n* also added some php script in functions.php line no 155 to 164 and custom css in elementor custom css menu to *(hide other content except recent posts on 2nd,3rd,... pages)*\r\n* added php script in functions.php line no 307 to 314 for click able div for the whole post content.\r\n\r\n*also guide line document attached.*\r\n\r\n\r\n\r\n\r\nh1. *Revise Home Page Layout*\r\n\r\nwe have redesigned the layout of images of posts displaying on home page\r\n\r\n* we changed the layout of post displaying in the home page (large size image to medium(224x400) size) we added and modify css in style.css file.\r\n\r\n\r\n\r\nh1. *Improve Dark Blue Footer*\r\n\r\nwe added html and php code for footer\r\n\r\n\r\n* we have patch up html and php code for footer in footer.php line no 67 to 93.\r\n* added and modify some css in style.css located in main directory as well.\r\n* we also added php script for display latest magazine thumbnail in the footer.php line no 68 to 90 as well.','','','2019-05-17 12:51:30',1),(3,3,3,17,'h1. Wiki','','','2019-05-17 13:06:11',1),(4,1,1,5,'*Commands:\r\n*\r\nphp bin/console cache:clear --env=dev --no-debug\r\nphp bin/console assets:install\r\nsudo php /home/flowmaker/chright.php  /home/flowmaker/mahboob/local\r\nphp bin/console flowmaker:googleapi:approve\r\nphp bin/console flowmaker:presentation:download 5c0f52eec5c7e  C:/xampp/htdocs/dev_flowmaker/local/web/project/export_tes1t.ppt -vvv\r\nphp bin/console flowmaker:tasks:execute\r\nphp bin/console flowmaker:indd:import \r\npath: /home/flowmaker/mahboob/local/OxyNolon.epub\r\n\r\n*Gmail Account:*\r\n\r\nmajid@viihealth.com\r\nasd123!@#','','','2019-06-19 10:07:12',2),(5,1,1,5,'\r\n*Commands:*\r\n\r\nphp bin/console cache:clear --env=dev --no-debug\r\nphp bin/console assets:install\r\nsudo php /home/flowmaker/chright.php  /home/flowmaker/mahboob/local\r\nphp bin/console flowmaker:googleapi:approve\r\nphp bin/console flowmaker:presentation:download 5c0f52eec5c7e  C:/xampp/htdocs/dev_flowmaker/local/web/project/export_tes1t.ppt -vvv\r\nphp bin/console flowmaker:tasks:execute\r\nphp bin/console flowmaker:indd:import \r\npath: /home/flowmaker/mahboob/local/OxyNolon.epub\r\n\r\n*Gmail Account:*\r\n\r\nmajid@viihealth.com\r\nasd123!@#','','','2019-06-19 10:07:24',3),(6,4,4,5,'this is what we need to do after wpml upgrade EVERY time\r\n\r\n\r\n   - reimplement translation management fix to products (only translate instock)\r\n   - we edited the multilanguage-comments to fix (int) - DEBUG LOG -> PHP Warning:  A non-numeric value encountered in','','','2023-10-26 10:38:35',1);

--
-- Table structure for table `wiki_contents`
--

CREATE TABLE `wiki_contents` (
  `id` int(11) NOT NULL AUTO_INCREMENT,
  `page_id` int(11) NOT NULL,
  `author_id` int(11) DEFAULT NULL,
  `text` longtext DEFAULT NULL,
  `comments` varchar(1024) DEFAULT '',
  `updated_on` datetime NOT NULL,
  `version` int(11) NOT NULL,
  PRIMARY KEY (`id`),
  KEY `wiki_contents_page_id` (`page_id`),
  KEY `index_wiki_contents_on_author_id` (`author_id`)
) ENGINE=InnoDB AUTO_INCREMENT=5 DEFAULT CHARSET=latin1 COLLATE=latin1_swedish_ci;

--
-- Dumping data for table `wiki_contents`
--

INSERT INTO `wiki_contents` VALUES (1,1,5,'\r\n*Commands:*\r\n\r\nphp bin/console cache:clear --env=dev --no-debug\r\nphp bin/console assets:install\r\nsudo php /home/flowmaker/chright.php  /home/flowmaker/mahboob/local\r\nphp bin/console flowmaker:googleapi:approve\r\nphp bin/console flowmaker:presentation:download 5c0f52eec5c7e  C:/xampp/htdocs/dev_flowmaker/local/web/project/export_tes1t.ppt -vvv\r\nphp bin/console flowmaker:tasks:execute\r\nphp bin/console flowmaker:indd:import \r\npath: /home/flowmaker/mahboob/local/OxyNolon.epub\r\n\r\n*Gmail Account:*\r\n\r\nmajid@viihealth.com\r\nasd123!@#','','2019-06-19 10:07:24',3),(2,2,17,'*Documents for the Projects*\r\n\r\n\r\nh1. *Install Quiz Plugin and Make it Work in our Theme*\r\n\r\n\r\ninstall and setup HD Quiz Plugin\r\n\r\n* we install HD quiz and setup it on post and it was not displaying quiz content. after debugging its come to know that some of code in the file path(/home/biztrend/public_html/wp-content/themes/sahifa-child-smallbiz-1-1/functions/ssl_version.php) line no 47 was commented that\'s why post were not displaying content.\r\n* we just uncomment that line of code and after it was working.\r\n\r\n\r\n\r\n\r\n\r\nh1. Create Template for Ebook Landing Page\r\n\r\n\r\nwe create a template for ebook landing page\r\n\r\n* create a page template in elementor and we add the download counter by some script of php code\r\n* for download counter we add php script in functions.php line no 287 to 302 for display displaying counter also added some custom css in elementor custom css options.\r\n* added a webhook on the action of form submission and added php script in functions.php line no 166 to 188 for webhook action\r\n* we added the more fields download counter menu for different ebook page in the dashboard by adding php script in the functions.php line no 190 to 287\r\n\r\n*also guide line document attached.*\r\n\r\n\r\nh1. *Initial Overview(archive template)*\r\n\r\n\r\nwe created archive template in elementor for category\r\n \r\n\r\n* we added custom css for pagination in the elementor custom css menu\r\n* also added some php script in functions.php line no 155 to 164 and custom css in elementor custom css menu to *(hide other content except recent posts on 2nd,3rd,... pages)*\r\n* added php script in functions.php line no 307 to 314 for click able div for the whole post content.\r\n\r\n*also guide line document attached.*\r\n\r\n\r\n\r\n\r\nh1. *Revise Home Page Layout*\r\n\r\nwe have redesigned the layout of images of posts displaying on home page\r\n\r\n* we changed the layout of post displaying in the home page (large size image to medium(224x400) size) we added and modify css in style.css file.\r\n\r\n\r\n\r\nh1. *Improve Dark Blue Footer*\r\n\r\nwe added html and php code for footer\r\n\r\n\r\n* we have patch up html and php code for footer in footer.php line no 67 to 93.\r\n* added and modify some css in style.css located in main directory as well.\r\n* we also added php script for display latest magazine thumbnail in the footer.php line no 68 to 90 as well.','','2019-05-17 12:51:30',1),(3,3,17,'h1. Wiki','','2019-05-17 13:06:11',1),(4,4,5,'this is what we need to do after wpml upgrade EVERY time\r\n\r\n\r\n   - reimplement translation management fix to products (only translate instock)\r\n   - we edited the multilanguage-comments to fix (int) - DEBUG LOG -> PHP Warning:  A non-numeric value encountered in','','2023-10-26 10:38:35',1);

--
-- Table structure for table `wiki_pages`
--

CREATE TABLE `wiki_pages` (
  `id` int(11) NOT NULL AUTO_INCREMENT,
  `wiki_id` int(11) NOT NULL,
  `title` varchar(255) NOT NULL,
  `created_on` datetime NOT NULL,
  `protected` tinyint(1) NOT NULL DEFAULT 0,
  `parent_id` int(11) DEFAULT NULL,
  PRIMARY KEY (`id`),
  KEY `wiki_pages_wiki_id_title` (`wiki_id`,`title`),
  KEY `index_wiki_pages_on_wiki_id` (`wiki_id`),
  KEY `index_wiki_pages_on_parent_id` (`parent_id`)
) ENGINE=InnoDB AUTO_INCREMENT=5 DEFAULT CHARSET=latin1 COLLATE=latin1_swedish_ci;

--
-- Dumping data for table `wiki_pages`
--

INSERT INTO `wiki_pages` VALUES (1,1,'Wiki','2019-01-09 13:57:41',0,NULL),(2,12,'Document_for_the_Projects','2019-05-17 12:51:30',0,NULL),(3,12,'Wiki','2019-05-17 13:06:11',0,2),(4,41,'Wiki','2023-10-26 10:38:35',0,NULL);

--
-- Table structure for table `wiki_redirects`
--

CREATE TABLE `wiki_redirects` (
  `id` int(11) NOT NULL AUTO_INCREMENT,
  `wiki_id` int(11) NOT NULL,
  `title` varchar(255) DEFAULT NULL,
  `redirects_to` varchar(255) DEFAULT NULL,
  `created_on` datetime NOT NULL,
  `redirects_to_wiki_id` int(11) NOT NULL,
  PRIMARY KEY (`id`),
  KEY `wiki_redirects_wiki_id_title` (`wiki_id`,`title`),
  KEY `index_wiki_redirects_on_wiki_id` (`wiki_id`)
) ENGINE=InnoDB DEFAULT CHARSET=latin1 COLLATE=latin1_swedish_ci;

--
-- Dumping data for table `wiki_redirects`
--


--
-- Table structure for table `wikis`
--

CREATE TABLE `wikis` (
  `id` int(11) NOT NULL AUTO_INCREMENT,
  `project_id` int(11) NOT NULL,
  `start_page` varchar(255) NOT NULL,
  `status` int(11) NOT NULL DEFAULT 1,
  PRIMARY KEY (`id`),
  KEY `wikis_project_id` (`project_id`)
) ENGINE=InnoDB AUTO_INCREMENT=48 DEFAULT CHARSET=latin1 COLLATE=latin1_swedish_ci;

--
-- Dumping data for table `wikis`
--

INSERT INTO `wikis` VALUES (1,1,'Wiki',1),(2,2,'Wiki',1),(3,3,'Wiki',1),(4,4,'Wiki',1),(5,5,'Wiki',1),(6,6,'Wiki',1),(7,7,'Wiki',1),(8,8,'Wiki',1),(9,9,'Wiki',1),(10,10,'Wiki',1),(11,11,'Wiki',1),(12,12,'Wiki',1),(13,13,'Wiki',1),(14,14,'Wiki',1),(15,15,'Wiki',1),(16,16,'Wiki',1),(17,17,'Wiki',1),(18,18,'Wiki',1),(19,19,'Wiki',1),(20,20,'Wiki',1),(21,21,'Wiki',1),(22,22,'Wiki',1),(23,23,'Wiki',1),(24,24,'Wiki',1),(25,25,'Wiki',1),(26,26,'Wiki',1),(27,27,'Wiki',1),(28,28,'Wiki',1),(29,29,'Wiki',1),(30,30,'Wiki',1),(31,31,'Wiki',1),(32,32,'Wiki',1),(33,33,'Wiki',1),(34,34,'Wiki',1),(35,35,'Wiki',1),(36,36,'Wiki',1),(37,37,'Wiki',1),(38,38,'Wiki',1),(39,39,'Wiki',1),(40,40,'Wiki',1),(41,41,'Wiki',1),(42,42,'Wiki',1),(43,43,'Wiki',1),(44,44,'Wiki',1),(45,45,'Wiki',1),(46,46,'Wiki',1),(47,47,'Wiki',1);

--
-- Table structure for table `workflows`
--

CREATE TABLE `workflows` (
  `id` int(11) NOT NULL AUTO_INCREMENT,
  `tracker_id` int(11) NOT NULL DEFAULT 0,
  `old_status_id` int(11) NOT NULL DEFAULT 0,
  `new_status_id` int(11) NOT NULL DEFAULT 0,
  `role_id` int(11) NOT NULL DEFAULT 0,
  `assignee` tinyint(1) NOT NULL DEFAULT 0,
  `author` tinyint(1) NOT NULL DEFAULT 0,
  `type` varchar(30) DEFAULT NULL,
  `field_name` varchar(30) DEFAULT NULL,
  `rule` varchar(30) DEFAULT NULL,
  PRIMARY KEY (`id`),
  KEY `wkfs_role_tracker_old_status` (`role_id`,`tracker_id`,`old_status_id`),
  KEY `index_workflows_on_old_status_id` (`old_status_id`),
  KEY `index_workflows_on_role_id` (`role_id`),
  KEY `index_workflows_on_new_status_id` (`new_status_id`),
  KEY `index_workflows_on_tracker_id` (`tracker_id`)
) ENGINE=InnoDB AUTO_INCREMENT=150 DEFAULT CHARSET=latin1 COLLATE=latin1_swedish_ci;

--
-- Dumping data for table `workflows`
--

INSERT INTO `workflows` VALUES (1,1,1,2,3,0,0,'WorkflowTransition',NULL,NULL),(2,1,1,3,3,0,0,'WorkflowTransition',NULL,NULL),(3,1,1,4,3,0,0,'WorkflowTransition',NULL,NULL),(4,1,1,5,3,0,0,'WorkflowTransition',NULL,NULL),(5,1,1,6,3,0,0,'WorkflowTransition',NULL,NULL),(6,1,2,1,3,0,0,'WorkflowTransition',NULL,NULL),(7,1,2,3,3,0,0,'WorkflowTransition',NULL,NULL),(8,1,2,4,3,0,0,'WorkflowTransition',NULL,NULL),(9,1,2,5,3,0,0,'WorkflowTransition',NULL,NULL),(10,1,2,6,3,0,0,'WorkflowTransition',NULL,NULL),(11,1,3,1,3,0,0,'WorkflowTransition',NULL,NULL),(12,1,3,2,3,0,0,'WorkflowTransition',NULL,NULL),(13,1,3,4,3,0,0,'WorkflowTransition',NULL,NULL),(14,1,3,5,3,0,0,'WorkflowTransition',NULL,NULL),(15,1,3,6,3,0,0,'WorkflowTransition',NULL,NULL),(16,1,4,1,3,0,0,'WorkflowTransition',NULL,NULL),(17,1,4,2,3,0,0,'WorkflowTransition',NULL,NULL),(18,1,4,3,3,0,0,'WorkflowTransition',NULL,NULL),(19,1,4,5,3,0,0,'WorkflowTransition',NULL,NULL),(20,1,4,6,3,0,0,'WorkflowTransition',NULL,NULL),(21,1,5,1,3,0,0,'WorkflowTransition',NULL,NULL),(22,1,5,2,3,0,0,'WorkflowTransition',NULL,NULL),(23,1,5,3,3,0,0,'WorkflowTransition',NULL,NULL),(24,1,5,4,3,0,0,'WorkflowTransition',NULL,NULL),(25,1,5,6,3,0,0,'WorkflowTransition',NULL,NULL),(26,1,6,1,3,0,0,'WorkflowTransition',NULL,NULL),(27,1,6,2,3,0,0,'WorkflowTransition',NULL,NULL),(28,1,6,3,3,0,0,'WorkflowTransition',NULL,NULL),(29,1,6,4,3,0,0,'WorkflowTransition',NULL,NULL),(30,1,6,5,3,0,0,'WorkflowTransition',NULL,NULL),(31,2,1,2,3,0,0,'WorkflowTransition',NULL,NULL),(32,2,1,3,3,0,0,'WorkflowTransition',NULL,NULL),(33,2,1,4,3,0,0,'WorkflowTransition',NULL,NULL),(34,2,1,5,3,0,0,'WorkflowTransition',NULL,NULL),(35,2,1,6,3,0,0,'WorkflowTransition',NULL,NULL),(36,2,2,1,3,0,0,'WorkflowTransition',NULL,NULL),(37,2,2,3,3,0,0,'WorkflowTransition',NULL,NULL),(38,2,2,4,3,0,0,'WorkflowTransition',NULL,NULL),(39,2,2,5,3,0,0,'WorkflowTransition',NULL,NULL),(40,2,2,6,3,0,0,'WorkflowTransition',NULL,NULL),(41,2,3,1,3,0,0,'WorkflowTransition',NULL,NULL),(42,2,3,2,3,0,0,'WorkflowTransition',NULL,NULL),(43,2,3,4,3,0,0,'WorkflowTransition',NULL,NULL),(44,2,3,5,3,0,0,'WorkflowTransition',NULL,NULL),(45,2,3,6,3,0,0,'WorkflowTransition',NULL,NULL),(46,2,4,1,3,0,0,'WorkflowTransition',NULL,NULL),(47,2,4,2,3,0,0,'WorkflowTransition',NULL,NULL),(48,2,4,3,3,0,0,'WorkflowTransition',NULL,NULL),(49,2,4,5,3,0,0,'WorkflowTransition',NULL,NULL),(50,2,4,6,3,0,0,'WorkflowTransition',NULL,NULL),(51,2,5,1,3,0,0,'WorkflowTransition',NULL,NULL),(52,2,5,2,3,0,0,'WorkflowTransition',NULL,NULL),(53,2,5,3,3,0,0,'WorkflowTransition',NULL,NULL),(54,2,5,4,3,0,0,'WorkflowTransition',NULL,NULL),(55,2,5,6,3,0,0,'WorkflowTransition',NULL,NULL),(56,2,6,1,3,0,0,'WorkflowTransition',NULL,NULL),(57,2,6,2,3,0,0,'WorkflowTransition',NULL,NULL),(58,2,6,3,3,0,0,'WorkflowTransition',NULL,NULL),(59,2,6,4,3,0,0,'WorkflowTransition',NULL,NULL),(60,2,6,5,3,0,0,'WorkflowTransition',NULL,NULL),(61,3,1,2,3,0,0,'WorkflowTransition',NULL,NULL),(62,3,1,3,3,0,0,'WorkflowTransition',NULL,NULL),(63,3,1,4,3,0,0,'WorkflowTransition',NULL,NULL),(64,3,1,5,3,0,0,'WorkflowTransition',NULL,NULL),(65,3,1,6,3,0,0,'WorkflowTransition',NULL,NULL),(66,3,2,1,3,0,0,'WorkflowTransition',NULL,NULL),(67,3,2,3,3,0,0,'WorkflowTransition',NULL,NULL),(68,3,2,4,3,0,0,'WorkflowTransition',NULL,NULL),(69,3,2,5,3,0,0,'WorkflowTransition',NULL,NULL),(70,3,2,6,3,0,0,'WorkflowTransition',NULL,NULL),(71,3,3,1,3,0,0,'WorkflowTransition',NULL,NULL),(72,3,3,2,3,0,0,'WorkflowTransition',NULL,NULL),(73,3,3,4,3,0,0,'WorkflowTransition',NULL,NULL),(74,3,3,5,3,0,0,'WorkflowTransition',NULL,NULL),(75,3,3,6,3,0,0,'WorkflowTransition',NULL,NULL),(76,3,4,1,3,0,0,'WorkflowTransition',NULL,NULL),(77,3,4,2,3,0,0,'WorkflowTransition',NULL,NULL),(78,3,4,3,3,0,0,'WorkflowTransition',NULL,NULL),(79,3,4,5,3,0,0,'WorkflowTransition',NULL,NULL),(80,3,4,6,3,0,0,'WorkflowTransition',NULL,NULL),(81,3,5,1,3,0,0,'WorkflowTransition',NULL,NULL),(82,3,5,2,3,0,0,'WorkflowTransition',NULL,NULL),(83,3,5,3,3,0,0,'WorkflowTransition',NULL,NULL),(84,3,5,4,3,0,0,'WorkflowTransition',NULL,NULL),(85,3,5,6,3,0,0,'WorkflowTransition',NULL,NULL),(86,3,6,1,3,0,0,'WorkflowTransition',NULL,NULL),(87,3,6,2,3,0,0,'WorkflowTransition',NULL,NULL),(88,3,6,3,3,0,0,'WorkflowTransition',NULL,NULL),(89,3,6,4,3,0,0,'WorkflowTransition',NULL,NULL),(90,3,6,5,3,0,0,'WorkflowTransition',NULL,NULL),(91,1,1,2,4,0,0,'WorkflowTransition',NULL,NULL),(92,1,1,3,4,0,0,'WorkflowTransition',NULL,NULL),(93,1,1,4,4,0,0,'WorkflowTransition',NULL,NULL),(94,1,1,5,4,0,0,'WorkflowTransition',NULL,NULL),(95,1,2,3,4,0,0,'WorkflowTransition',NULL,NULL),(96,1,2,4,4,0,0,'WorkflowTransition',NULL,NULL),(97,1,2,5,4,0,0,'WorkflowTransition',NULL,NULL),(98,1,3,2,4,0,0,'WorkflowTransition',NULL,NULL),(99,1,3,4,4,0,0,'WorkflowTransition',NULL,NULL),(100,1,3,5,4,0,0,'WorkflowTransition',NULL,NULL),(101,1,4,2,4,0,0,'WorkflowTransition',NULL,NULL),(102,1,4,3,4,0,0,'WorkflowTransition',NULL,NULL),(103,1,4,5,4,0,0,'WorkflowTransition',NULL,NULL),(104,2,1,2,4,0,0,'WorkflowTransition',NULL,NULL),(105,2,1,3,4,0,0,'WorkflowTransition',NULL,NULL),(106,2,1,4,4,0,0,'WorkflowTransition',NULL,NULL),(107,2,1,5,4,0,0,'WorkflowTransition',NULL,NULL),(108,2,2,3,4,0,0,'WorkflowTransition',NULL,NULL),(109,2,2,4,4,0,0,'WorkflowTransition',NULL,NULL),(110,2,2,5,4,0,0,'WorkflowTransition',NULL,NULL),(111,2,3,2,4,0,0,'WorkflowTransition',NULL,NULL),(112,2,3,4,4,0,0,'WorkflowTransition',NULL,NULL),(113,2,3,5,4,0,0,'WorkflowTransition',NULL,NULL),(114,2,4,2,4,0,0,'WorkflowTransition',NULL,NULL),(115,2,4,3,4,0,0,'WorkflowTransition',NULL,NULL),(116,2,4,5,4,0,0,'WorkflowTransition',NULL,NULL),(117,3,1,2,4,0,0,'WorkflowTransition',NULL,NULL),(118,3,1,3,4,0,0,'WorkflowTransition',NULL,NULL),(119,3,1,4,4,0,0,'WorkflowTransition',NULL,NULL),(120,3,1,5,4,0,0,'WorkflowTransition',NULL,NULL),(121,3,2,3,4,0,0,'WorkflowTransition',NULL,NULL),(122,3,2,4,4,0,0,'WorkflowTransition',NULL,NULL),(123,3,2,5,4,0,0,'WorkflowTransition',NULL,NULL),(124,3,3,2,4,0,0,'WorkflowTransition',NULL,NULL),(125,3,3,4,4,0,0,'WorkflowTransition',NULL,NULL),(126,3,3,5,4,0,0,'WorkflowTransition',NULL,NULL),(127,3,4,2,4,0,0,'WorkflowTransition',NULL,NULL),(128,3,4,3,4,0,0,'WorkflowTransition',NULL,NULL),(129,3,4,5,4,0,0,'WorkflowTransition',NULL,NULL),(130,1,1,5,5,0,0,'WorkflowTransition',NULL,NULL),(131,1,2,5,5,0,0,'WorkflowTransition',NULL,NULL),(132,1,3,5,5,0,0,'WorkflowTransition',NULL,NULL),(133,1,4,5,5,0,0,'WorkflowTransition',NULL,NULL),(134,1,3,4,5,0,0,'WorkflowTransition',NULL,NULL),(135,2,1,5,5,0,0,'WorkflowTransition',NULL,NULL),(136,2,2,5,5,0,0,'WorkflowTransition',NULL,NULL),(137,2,3,5,5,0,0,'WorkflowTransition',NULL,NULL),(138,2,4,5,5,0,0,'WorkflowTransition',NULL,NULL),(139,2,3,4,5,0,0,'WorkflowTransition',NULL,NULL),(140,3,1,5,5,0,0,'WorkflowTransition',NULL,NULL),(141,3,2,5,5,0,0,'WorkflowTransition',NULL,NULL),(142,3,3,5,5,0,0,'WorkflowTransition',NULL,NULL),(143,3,4,5,5,0,0,'WorkflowTransition',NULL,NULL),(144,3,3,4,5,0,0,'WorkflowTransition',NULL,NULL);


