--
-- Host: europe-west2-001.proxy.kinsta.app    Database: inclusive-dashboard
-- ------------------------------------------------------


--
-- Table structure for table `audit`
--

CREATE TABLE `audit` (
  `id` bigint(20) unsigned NOT NULL AUTO_INCREMENT,
  `issue` varchar(255) COLLATE utf8mb4_unicode_ci NOT NULL,
  `rating` varchar(255) COLLATE utf8mb4_unicode_ci NOT NULL,
  `user_id` bigint(20) unsigned NOT NULL,
  `project_id` bigint(20) unsigned NOT NULL,
  `created_at` timestamp NULL DEFAULT NULL,
  `updated_at` timestamp NULL DEFAULT NULL,
  `audit_category` varchar(255) COLLATE utf8mb4_unicode_ci NOT NULL,
  `audit_name` varchar(255) COLLATE utf8mb4_unicode_ci NOT NULL,
  `quiz_info` longtext CHARACTER SET utf8mb4 COLLATE utf8mb4_bin NOT NULL CHECK (json_valid(`quiz_info`)),
  `mark_complete` varchar(255) COLLATE utf8mb4_unicode_ci DEFAULT NULL,
  `total_score` varchar(255) COLLATE utf8mb4_unicode_ci DEFAULT NULL,
  `completion_rate` varchar(255) COLLATE utf8mb4_unicode_ci DEFAULT NULL,
  `learning_engagement` varchar(255) COLLATE utf8mb4_unicode_ci DEFAULT NULL,
  `feedback` varchar(255) COLLATE utf8mb4_unicode_ci DEFAULT NULL,
  `emoji_feedback` varchar(255) COLLATE utf8mb4_unicode_ci DEFAULT NULL,
  PRIMARY KEY (`id`),
  KEY `audit_user_id_foreign` (`user_id`),
  KEY `audit_project_id_foreign` (`project_id`),
  CONSTRAINT `audit_project_id_foreign` FOREIGN KEY (`project_id`) REFERENCES `project` (`id`) ON DELETE CASCADE,
  CONSTRAINT `audit_user_id_foreign` FOREIGN KEY (`user_id`) REFERENCES `users` (`id`) ON DELETE CASCADE
) ENGINE=InnoDB AUTO_INCREMENT=123 DEFAULT CHARSET=utf8mb4 COLLATE=utf8mb4_unicode_ci;

--
-- Dumping data for table `audit`
--

INSERT INTO `audit` VALUES (95,'Misrepresenting an action or distorting an action','75',7,6,'2022-11-17 07:46:10','2024-02-13 12:31:02','Design-concept-audit','Internal Audit','[\"[{\\\"questionId\\\":\\\"36\\\",\\\"score\\\":\\\"100\\\"},{\\\"questionId\\\":\\\"37\\\",\\\"score\\\":\\\"100\\\"},{\\\"questionId\\\":\\\"38\\\",\\\"score\\\":\\\"100\\\"},{\\\"questionId\\\":\\\"39\\\",\\\"score\\\":\\\"100\\\"},{\\\"questionId\\\":\\\"40\\\",\\\"score\\\":\\\"100\\\"},{\\\"questionId\\\":\\\"41\\\",\\\"score\\\":\\\"100\\\"},{\\\"questionId\\\":\\\"42\\\",\\\"score\\\":\\\"100\\\"},{\\\"questionId\\\":\\\"47\\\",\\\"score\\\":\\\"100\\\"},{\\\"questionId\\\":\\\"56\\\",\\\"score\\\":\\\"100\\\"},{\\\"questionId\\\":\\\"13\\\",\\\"score\\\":\\\"0\\\"},{\\\"questionId\\\":\\\"21\\\",\\\"score\\\":\\\"75\\\"}]\"]',NULL,'88','35',NULL,NULL,NULL),(96,'Misrepresenting an action or distorting an action','25',1,1,'2022-11-17 11:04:19','2024-02-14 07:22:53','Audience-audit','Essential Of Internal Audit','[\"[{\\\"questionId\\\":\\\"13\\\",\\\"score\\\":\\\"25\\\"},{\\\"questionId\\\":\\\"17\\\",\\\"score\\\":\\\"50\\\"},{\\\"questionId\\\":\\\"18\\\",\\\"score\\\":\\\"75\\\"},{\\\"questionId\\\":\\\"19\\\",\\\"score\\\":\\\"25\\\"},{\\\"questionId\\\":\\\"20\\\",\\\"score\\\":\\\"75\\\"},{\\\"questionId\\\":\\\"21\\\",\\\"score\\\":\\\"100\\\"}]\"]',NULL,'58','20',NULL,NULL,NULL),(97,'Misrepresenting an action or distorting an action','75',1,7,'2022-11-17 11:14:04','2022-11-17 11:14:04','Complete-design-audit','Objectives Of Internal Audit','[\"[{\\\"questionId\\\":\\\"43\\\",\\\"score\\\":\\\"25\\\"},{\\\"questionId\\\":\\\"45\\\",\\\"score\\\":\\\"75\\\"}]\"]',NULL,'20','100',NULL,NULL,NULL),(99,'Misrepresenting an action or distorting an action','0',2,19,'2022-11-17 11:17:48','2024-02-14 07:45:16','Design-concept-audit','External Audit','[\"[{\\\"questionId\\\":\\\"44\\\",\\\"score\\\":\\\"25\\\"},{\\\"questionId\\\":\\\"13\\\",\\\"score\\\":\\\"100\\\"},{\\\"questionId\\\":\\\"17\\\",\\\"score\\\":\\\"100\\\"},{\\\"questionId\\\":\\\"18\\\",\\\"score\\\":\\\"100\\\"},{\\\"questionId\\\":\\\"21\\\",\\\"score\\\":\\\"0\\\"},{\\\"questionId\\\":\\\"19\\\",\\\"score\\\":\\\"50\\\"}]\"]',NULL,'62','20',NULL,NULL,NULL),(100,'Misrepresenting an action or distorting an action','50',7,2,'2022-11-18 07:48:23','2024-01-30 10:51:34','Audience-audit','Internal Audit','[\"[{\\\"questionId\\\":\\\"33\\\",\\\"score\\\":\\\"75\\\"},{\\\"questionId\\\":\\\"17\\\",\\\"score\\\":\\\"100\\\"},{\\\"questionId\\\":\\\"18\\\",\\\"score\\\":\\\"60\\\"},{\\\"questionId\\\":\\\"19\\\",\\\"score\\\":\\\"100\\\"},{\\\"questionId\\\":\\\"20\\\",\\\"score\\\":\\\"75\\\"},{\\\"questionId\\\":\\\"21\\\",\\\"score\\\":\\\"25\\\"},{\\\"questionId\\\":\\\"13\\\",\\\"score\\\":\\\"50\\\"},{\\\"questionId\\\":\\\"31\\\",\\\"score\\\":\\\"75\\\"},{\\\"questionId\\\":\\\"29\\\",\\\"score\\\":\\\"50\\\"},{\\\"questionId\\\":\\\"30\\\",\\\"score\\\":\\\"75\\\"}]\"]',NULL,'80','0',NULL,NULL,'likely'),(101,'Misrepresenting an action or distorting an action','25',7,2,'2022-11-18 07:49:55','2022-11-18 07:49:55','Test-Design-audit','External Audit','[\"[{\\\"questionId\\\":\\\"13\\\",\\\"score\\\":\\\"25\\\"},{\\\"questionId\\\":\\\"17\\\",\\\"score\\\":\\\"75\\\"},{\\\"questionId\\\":\\\"18\\\",\\\"score\\\":\\\"75\\\"},{\\\"questionId\\\":\\\"19\\\",\\\"score\\\":\\\"75\\\"},{\\\"questionId\\\":\\\"20\\\",\\\"score\\\":\\\"75\\\"},{\\\"questionId\\\":\\\"21\\\",\\\"score\\\":\\\"25\\\"}]\"]',NULL,'70','100',NULL,NULL,NULL),(102,'Misrepresenting an action or distorting an action','100',7,6,'2024-01-08 10:08:29','2024-01-31 07:43:06','Design-concept-audit','Mahboob Audit','[\"[{\\\"questionId\\\":\\\"36\\\",\\\"score\\\":\\\"0\\\"},{\\\"questionId\\\":\\\"34\\\",\\\"score\\\":\\\"0\\\"},{\\\"questionId\\\":\\\"35\\\",\\\"score\\\":\\\"100\\\"},{\\\"questionId\\\":\\\"59\\\",\\\"score\\\":\\\"100\\\"}]\"]',NULL,'10','0',NULL,NULL,NULL),(110,'Misrepresenting an action or distorting an action','75',7,29,'2024-02-06 11:55:24','2024-02-06 11:56:19','Audience-audit','Audit C','[\"[{\\\"questionId\\\":\\\"13\\\",\\\"score\\\":\\\"50\\\"},{\\\"questionId\\\":\\\"20\\\",\\\"score\\\":\\\"75\\\"}]\"]',NULL,NULL,NULL,NULL,NULL,NULL),(113,'Misrepresenting an action or distorting an action','25',7,39,'2024-02-14 07:53:02','2024-02-14 11:53:26','Design-concept-audit','Developer','[\"[{\\\"questionId\\\":\\\"13\\\",\\\"score\\\":\\\"75\\\"},{\\\"questionId\\\":\\\"21\\\",\\\"score\\\":\\\"50\\\"},{\\\"questionId\\\":\\\"32\\\",\\\"score\\\":\\\"50\\\"},{\\\"questionId\\\":\\\"37\\\",\\\"score\\\":\\\"75\\\"},{\\\"questionId\\\":\\\"31\\\",\\\"score\\\":\\\"25\\\"}]\"]',NULL,'55','16',NULL,NULL,NULL),(114,'Misrepresenting an action or distorting an action','75',7,40,'2024-03-08 17:20:25','2024-03-08 17:21:46','Audience-audit','L2Beta','[\"[{\\\"questionId\\\":\\\"13\\\",\\\"score\\\":\\\"50\\\"},{\\\"questionId\\\":\\\"17\\\",\\\"score\\\":\\\"75\\\"},{\\\"questionId\\\":\\\"18\\\",\\\"score\\\":\\\"75\\\"},{\\\"questionId\\\":\\\"19\\\",\\\"score\\\":\\\"75\\\"},{\\\"questionId\\\":\\\"20\\\",\\\"score\\\":\\\"75\\\"}]\"]',NULL,'70','16',NULL,NULL,NULL),(115,'Misrepresenting an action or distorting an action','50',39,42,'2024-03-11 08:16:05','2024-03-11 08:16:09','Audience-audit','Talhas','[\"[{\\\"questionId\\\":\\\"13\\\",\\\"score\\\":\\\"50\\\"}]\"]',NULL,'50','3',NULL,NULL,NULL),(116,'Misrepresenting an action or distorting an action','100',12,43,'2024-03-11 08:18:09','2024-03-11 08:18:13','Audience-audit','zaryab','[\"[{\\\"questionId\\\":\\\"13\\\",\\\"score\\\":\\\"100\\\"}]\"]',NULL,'100','3',NULL,NULL,NULL),(117,'','',1,6,'2024-04-02 06:59:30','2024-04-02 06:59:30','Design-concept-audit','dd','[]',NULL,'0',NULL,NULL,NULL,NULL),(118,'','',1,44,'2024-04-15 16:38:11','2024-04-15 16:38:11','Design-concept-audit','d','[]',NULL,'0',NULL,NULL,NULL,NULL),(119,'Misrepresenting an action or distorting an action','25',41,2,'2024-08-16 12:47:20','2024-08-16 12:49:59','Audience-audit','test audit1','[\"[{\\\"questionId\\\":\\\"13\\\",\\\"score\\\":\\\"25\\\"},{\\\"questionId\\\":\\\"17\\\",\\\"score\\\":\\\"75\\\"},{\\\"questionId\\\":\\\"18\\\",\\\"score\\\":\\\"100\\\"},{\\\"questionId\\\":\\\"20\\\",\\\"score\\\":\\\"50\\\"}]\"]',NULL,'62','13',NULL,NULL,NULL),(120,'','',7,45,'2024-10-31 10:56:13','2024-10-31 10:56:13','Design-concept-audit','dd','[]',NULL,'0',NULL,NULL,NULL,NULL),(121,'Misrepresenting an action or distorting an action','0',1,46,'2024-12-02 12:54:01','2024-12-02 12:55:02','Audience-audit','`XXX','[\"[{\\\"questionId\\\":\\\"13\\\",\\\"score\\\":\\\"75\\\"},{\\\"questionId\\\":\\\"17\\\",\\\"score\\\":\\\"75\\\"},{\\\"questionId\\\":\\\"18\\\",\\\"score\\\":\\\"75\\\"},{\\\"questionId\\\":\\\"19\\\",\\\"score\\\":\\\"75\\\"},{\\\"questionId\\\":\\\"20\\\",\\\"score\\\":\\\"50\\\"},{\\\"questionId\\\":\\\"21\\\",\\\"score\\\":\\\"75\\\"},{\\\"questionId\\\":\\\"29\\\",\\\"score\\\":\\\"75\\\"},{\\\"questionId\\\":\\\"30\\\",\\\"score\\\":\\\"100\\\"},{\\\"questionId\\\":\\\"31\\\",\\\"score\\\":\\\"25\\\"},{\\\"questionId\\\":\\\"32\\\",\\\"score\\\":\\\"0\\\"},{\\\"questionId\\\":\\\"33\\\",\\\"score\\\":\\\"75\\\"}]\"]',NULL,'63','36',NULL,NULL,NULL),(122,'Misrepresenting an action or distorting an action','0',1,47,'2024-12-02 13:16:13','2024-12-02 13:16:33','Audience-audit','T1','[\"[{\\\"questionId\\\":\\\"17\\\",\\\"score\\\":\\\"50\\\"},{\\\"questionId\\\":\\\"18\\\",\\\"score\\\":\\\"75\\\"},{\\\"questionId\\\":\\\"19\\\",\\\"score\\\":\\\"75\\\"},{\\\"questionId\\\":\\\"20\\\",\\\"score\\\":\\\"75\\\"},{\\\"questionId\\\":\\\"21\\\",\\\"score\\\":\\\"100\\\"},{\\\"questionId\\\":\\\"29\\\",\\\"score\\\":\\\"100\\\"},{\\\"questionId\\\":\\\"30\\\",\\\"score\\\":\\\"75\\\"}]\"]',NULL,'78','23',NULL,NULL,NULL);

--
-- Table structure for table `comments`
--

CREATE TABLE `comments` (
  `id` bigint(20) unsigned NOT NULL AUTO_INCREMENT,
  `comments` varchar(1000) COLLATE utf8mb4_unicode_ci NOT NULL,
  `created_at` timestamp NULL DEFAULT NULL,
  `updated_at` timestamp NULL DEFAULT NULL,
  `user_id` bigint(20) unsigned NOT NULL,
  `project_id` bigint(20) unsigned NOT NULL,
  `like` varchar(255) COLLATE utf8mb4_unicode_ci NOT NULL,
  `dislike` varchar(255) COLLATE utf8mb4_unicode_ci NOT NULL,
  `comments_id` longtext CHARACTER SET utf8mb4 COLLATE utf8mb4_bin DEFAULT NULL CHECK (json_valid(`comments_id`)),
  PRIMARY KEY (`id`)
) ENGINE=InnoDB AUTO_INCREMENT=49 DEFAULT CHARSET=utf8mb4 COLLATE=utf8mb4_unicode_ci;

--
-- Dumping data for table `comments`
--

INSERT INTO `comments` VALUES (40,'Randall Flag, Jack Torrance and John Coffey are all characters created by which author','2022-09-09 06:26:18','2023-09-27 06:35:21',7,2,'14','7','[{\"comment_id\":\"40\",\"comment_text\":\"test1\",\"date\":\"2022\",\"logo\":\"1661840323.jpg\",\"user_name\":\"veteranLogix\"},{\"comment_id\":\"40\",\"comment_text\":\"test2\",\"date\":\"2022\",\"logo\":\"1661840323.jpg\",\"user_name\":\"veteranLogix\"},{\"comment_id\":\"40\",\"comment_text\":\"test\",\"date\":\"2023-09-27\",\"logo\":\"1661840323.jpg\",\"user_name\":\"veteranLogix\"}]'),(41,'nnn','2022-09-13 01:36:34','2022-11-17 07:35:53',2,2,'11','9','[{\"comment_id\":\"40\",\"comment_text\":\"fff\",\"date\":\"2022\",\"logo\":\"1661840323.jpg\",\"user_name\":\"veteranLogix\"},{\"comment_id\":\"40\",\"comment_text\":\"test\",\"date\":\"2022\",\"logo\":\"1661840323.jpg\",\"user_name\":\"veteranLogix\"}]'),(42,'fff','2022-09-14 03:25:44','2024-01-31 07:43:55',2,2,'14','8','[{\"comment_id\":\"42\",\"comment_text\":\"mian\",\"date\":\"2022\",\"logo\":\"1657186670.jpg\",\"user_name\":\"Muhammad hamza\"},{\"comment_id\":\"42\",\"comment_text\":\"hamza\",\"date\":\"2022\",\"logo\":\"1657186670.jpg\",\"user_name\":\"Muhammad hamza\"},{\"comment_id\":\"42\",\"comment_text\":\"test last\",\"date\":\"2022-09-14\",\"logo\":\"1657186670.jpg\",\"user_name\":\"Muhammad hamza\"}]'),(43,'The Difference Between Internal Audit And External Audit','2022-11-17 11:17:03','2024-01-31 07:44:35',2,19,'5','3','[{\"comment_id\":\"43\",\"comment_text\":\"Internal Audit\",\"date\":\"2024-01-31\",\"logo\":\"1668071647.jpg\",\"user_name\":\"Manager\"}]'),(44,'test','2024-08-16 12:47:50','2024-08-16 12:47:50',41,2,'0','0',NULL),(45,'test','2024-08-16 12:47:59','2024-08-16 12:47:59',41,2,'0','0',NULL),(46,'testfr','2024-08-16 12:48:05','2024-08-16 12:48:05',41,2,'0','0',NULL),(47,'mm','2024-08-16 12:49:16','2024-08-16 12:49:37',41,2,'1','1',NULL),(48,'mmmm','2024-08-16 12:49:28','2024-08-16 12:49:43',41,2,'0','1','[{\"comment_id\":\"48\",\"comment_text\":\"m\",\"date\":\"2024-08-16\",\"logo\":null,\"user_name\":\"testuser\"}]');

--
-- Table structure for table `company`
--

CREATE TABLE `company` (
  `id` bigint(20) unsigned NOT NULL AUTO_INCREMENT,
  `name` varchar(255) COLLATE utf8mb4_unicode_ci NOT NULL,
  `description` varchar(255) COLLATE utf8mb4_unicode_ci NOT NULL,
  `logo` varchar(255) COLLATE utf8mb4_unicode_ci NOT NULL,
  `url` varchar(255) COLLATE utf8mb4_unicode_ci NOT NULL,
  `created_at` timestamp NULL DEFAULT NULL,
  `updated_at` timestamp NULL DEFAULT NULL,
  PRIMARY KEY (`id`)
) ENGINE=InnoDB AUTO_INCREMENT=10 DEFAULT CHARSET=utf8mb4 COLLATE=utf8mb4_unicode_ci;

--
-- Dumping data for table `company`
--

INSERT INTO `company` VALUES (1,'Experience dynamic','software developer','1710227501.png','www.veteranlogix.com','2022-06-03 01:22:13','2024-03-12 07:11:41'),(3,'Inner circle','ux','1667889789.jpg','www.uxinnercircle.com','2022-06-03 01:22:13','2022-11-17 07:24:57'),(4,'Women Enabled','Women Enabled','1667889789.jpg','www.womenenabled.com','2022-06-03 01:22:13','2022-11-17 07:25:37'),(9,'miusa','abc','1714724282.png','https://lolwhoa.com','2024-05-03 08:18:02','2024-05-03 08:18:02');

--
-- Table structure for table `failed_jobs`
--

CREATE TABLE `failed_jobs` (
  `id` bigint(20) unsigned NOT NULL AUTO_INCREMENT,
  `uuid` varchar(255) COLLATE utf8mb4_unicode_ci NOT NULL,
  `connection` text COLLATE utf8mb4_unicode_ci NOT NULL,
  `queue` text COLLATE utf8mb4_unicode_ci NOT NULL,
  `payload` longtext COLLATE utf8mb4_unicode_ci NOT NULL,
  `exception` longtext COLLATE utf8mb4_unicode_ci NOT NULL,
  `failed_at` timestamp NOT NULL DEFAULT current_timestamp(),
  PRIMARY KEY (`id`),
  UNIQUE KEY `failed_jobs_uuid_unique` (`uuid`)
) ENGINE=InnoDB DEFAULT CHARSET=utf8mb4 COLLATE=utf8mb4_unicode_ci;

--
-- Dumping data for table `failed_jobs`
--


--
-- Table structure for table `follow_ups`
--

CREATE TABLE `follow_ups` (
  `id` bigint(20) unsigned NOT NULL AUTO_INCREMENT,
  `project_id` bigint(20) unsigned NOT NULL,
  `created_at` timestamp NULL DEFAULT NULL,
  `updated_at` timestamp NULL DEFAULT NULL,
  `user_id` bigint(20) unsigned NOT NULL,
  `question_id` bigint(20) unsigned NOT NULL,
  `notes` varchar(255) COLLATE utf8mb4_unicode_ci NOT NULL,
  `audit_id` bigint(20) unsigned NOT NULL,
  `status` varchar(255) COLLATE utf8mb4_unicode_ci DEFAULT NULL,
  PRIMARY KEY (`id`),
  KEY `follow_ups_project_id_foreign` (`project_id`),
  KEY `follow_ups_user_id_foreign` (`user_id`),
  KEY `follow_ups_question_id_foreign` (`question_id`),
  CONSTRAINT `follow_ups_project_id_foreign` FOREIGN KEY (`project_id`) REFERENCES `project` (`id`) ON DELETE CASCADE,
  CONSTRAINT `follow_ups_question_id_foreign` FOREIGN KEY (`question_id`) REFERENCES `questions` (`id`) ON DELETE CASCADE,
  CONSTRAINT `follow_ups_user_id_foreign` FOREIGN KEY (`user_id`) REFERENCES `users` (`id`) ON DELETE CASCADE
) ENGINE=InnoDB AUTO_INCREMENT=21 DEFAULT CHARSET=utf8mb4 COLLATE=utf8mb4_unicode_ci;

--
-- Dumping data for table `follow_ups`
--

INSERT INTO `follow_ups` VALUES (1,1,'2022-06-08 02:20:34','2022-06-08 02:20:34',2,13,'It is a long established fact that a reader will be distracted by t',0,NULL),(5,1,'2022-06-09 03:04:04','2022-06-09 03:04:04',2,17,'always free from repetition',0,NULL),(9,19,'2022-11-17 11:16:27','2022-11-17 11:16:27',2,17,'external ausit',0,NULL),(10,19,'2022-11-17 11:16:47','2022-11-17 11:16:47',2,44,'control system',0,NULL),(11,6,'2024-02-12 11:16:43','2024-02-12 13:04:29',7,36,'always free from repetition',95,'Redo'),(12,6,'2024-02-12 11:22:35','2024-02-12 11:22:35',7,37,'Explain external audit',95,'Passed'),(13,6,'2024-02-12 13:04:09','2024-02-12 13:04:27',7,39,'It is a long established fact that a reader will be distracted by t',95,'Passed'),(14,19,'2024-02-13 08:01:51','2024-02-13 08:01:51',2,46,'',99,'Passed'),(15,19,'2024-02-13 08:04:48','2024-02-13 08:04:48',2,44,'',99,'Redo'),(16,39,'2024-02-14 07:54:19','2024-02-14 07:54:19',7,21,'',113,'Passed'),(17,39,'2024-02-14 07:54:23','2024-02-14 07:54:23',7,32,'',113,'Redo'),(18,2,'2024-08-16 12:49:02','2024-08-16 12:49:02',41,13,'test',119,NULL),(19,19,'2024-10-31 10:53:21','2024-10-31 10:53:21',2,13,'',99,'Passed'),(20,46,'2024-12-02 12:54:24','2024-12-02 12:54:24',1,13,'TESTXXX',121,NULL);

--
-- Table structure for table `jobs`
--

CREATE TABLE `jobs` (
  `id` bigint(20) unsigned NOT NULL AUTO_INCREMENT,
  `job_title` varchar(255) COLLATE utf8mb4_unicode_ci NOT NULL,
  `job_description` varchar(255) COLLATE utf8mb4_unicode_ci NOT NULL,
  `created_at` timestamp NULL DEFAULT NULL,
  `updated_at` timestamp NULL DEFAULT NULL,
  PRIMARY KEY (`id`)
) ENGINE=InnoDB AUTO_INCREMENT=13 DEFAULT CHARSET=utf8mb4 COLLATE=utf8mb4_unicode_ci;

--
-- Dumping data for table `jobs`
--

INSERT INTO `jobs` VALUES (4,'developer','web developer','2022-08-16 08:24:51','2022-08-16 08:24:51'),(8,'blog writer','blog writer','2022-11-16 06:05:50','2022-11-16 06:05:50'),(9,'QA Tester','QA Tester','2022-11-16 06:06:09','2022-11-16 06:06:09');

--
-- Table structure for table `learning_engagement`
--

CREATE TABLE `learning_engagement` (
  `id` bigint(20) unsigned NOT NULL AUTO_INCREMENT,
  `count` varchar(255) COLLATE utf8mb4_unicode_ci DEFAULT NULL,
  `created_at` timestamp NULL DEFAULT NULL,
  `updated_at` timestamp NULL DEFAULT NULL,
  `project_id` bigint(20) unsigned NOT NULL,
  `tags` longtext CHARACTER SET utf8mb4 COLLATE utf8mb4_bin DEFAULT NULL CHECK (json_valid(`tags`)),
  PRIMARY KEY (`id`)
) ENGINE=InnoDB AUTO_INCREMENT=12 DEFAULT CHARSET=utf8mb4 COLLATE=utf8mb4_unicode_ci;

--
-- Dumping data for table `learning_engagement`
--

INSERT INTO `learning_engagement` VALUES (1,'98','2022-06-22 04:53:45','2024-01-22 11:22:04',1,NULL),(8,'4','2022-06-24 02:57:38','2024-01-08 13:01:09',2,NULL),(9,'3','2022-09-14 01:06:59','2024-01-08 10:09:11',6,NULL),(10,'2','2022-11-17 11:15:52','2022-11-17 11:16:03',19,NULL),(11,'1','2024-01-08 13:24:27','2024-01-08 13:24:27',7,NULL);

--
-- Table structure for table `learning_zone`
--

CREATE TABLE `learning_zone` (
  `id` bigint(20) unsigned NOT NULL AUTO_INCREMENT,
  `name` varchar(255) COLLATE utf8mb4_unicode_ci NOT NULL,
  `description` varchar(255) COLLATE utf8mb4_unicode_ci NOT NULL,
  `logo` varchar(255) COLLATE utf8mb4_unicode_ci NOT NULL,
  `created_at` timestamp NULL DEFAULT NULL,
  `updated_at` timestamp NULL DEFAULT NULL,
  `tags` longtext CHARACTER SET utf8mb4 COLLATE utf8mb4_bin DEFAULT NULL CHECK (json_valid(`tags`)),
  PRIMARY KEY (`id`)
) ENGINE=InnoDB AUTO_INCREMENT=21 DEFAULT CHARSET=utf8mb4 COLLATE=utf8mb4_unicode_ci;

--
-- Dumping data for table `learning_zone`
--

INSERT INTO `learning_zone` VALUES (3,'frank spiller','It is a long established fact that a reader will be distracted by the readable content of a page when looking at its layout.','1667907104.jpg','2022-11-08 06:31:44','2022-11-08 06:31:44','[\"1\"]'),(4,'Experience Dynamics','Contrary to popular belief, Lorem Ipsum is not simply random text. It has roots in a piece of classical Latin literature from 45 BC, making it over 2000 years old. Richard McClintock','1667995571.jpg','2022-11-09 07:06:11','2022-11-09 07:06:11',NULL),(17,'Experience Dynamic','Experience Dynamic helps you build loyalty and generate more revenue by giving your customers the interactions they crave.','1667907104.jpg','2024-01-09 06:31:40','2024-01-09 06:31:40',NULL),(18,'Blog','Learning Zone Blog','1667907104.jpg','2024-01-24 13:20:43','2024-01-24 13:20:43','[\"3\",\"4\",\"7\"]');

--
-- Table structure for table `migrations`
--

CREATE TABLE `migrations` (
  `id` int(10) unsigned NOT NULL AUTO_INCREMENT,
  `migration` varchar(255) COLLATE utf8mb4_unicode_ci NOT NULL,
  `batch` int(11) NOT NULL,
  PRIMARY KEY (`id`)
) ENGINE=InnoDB AUTO_INCREMENT=58 DEFAULT CHARSET=utf8mb4 COLLATE=utf8mb4_unicode_ci;

--
-- Dumping data for table `migrations`
--

INSERT INTO `migrations` VALUES (1,'2014_10_12_000000_create_users_table',1),(2,'2014_10_12_100000_create_password_resets_table',1),(3,'2019_08_19_000000_create_failed_jobs_table',1),(4,'2019_12_14_000001_create_personal_access_tokens_table',1),(5,'2022_05_24_074658_create_roles_table',1),(6,'2022_05_24_074836_create_project_table',1),(7,'2022_05_24_075003_create_questions_table',1),(8,'2022_05_24_075131_create_audit_table',1),(9,'2022_05_24_075308_create_follow_ups_table',1),(10,'2022_05_24_095744_add_user_id_to_questions',1),(11,'2022_05_24_095817_add_user_id_to_follow_ups',1),(12,'2022_06_02_143600_create_company_table',1),(13,'2022_06_03_094307_add_columns_to_questions_table',2),(14,'2022_06_03_102444_add_slider_to_questions_table',3),(15,'2022_06_07_060406_add_category_to_audit_table',4),(16,'2022_06_07_063446_add_audit_name_to_audit_table',5),(17,'2022_06_07_130655_create_comments_table',6),(18,'2022_06_08_070300_remove_column_from_follow_ups',7),(19,'2022_06_08_071140_add_questions_follow_up',8),(20,'2022_06_08_072246_add_range_to_follow_up',9),(21,'2022_06_08_073345_remove_range_to_follow_up',10),(22,'2022_06_09_113458_add_notes_to_follow_up',11),(23,'2022_06_10_111241_create_tags_table',12),(24,'2022_06_10_111556_rename_tags_column',13),(25,'2022_06_10_112001_add_name_to_tags',14),(26,'2022_06_14_053352_add_quiz_info_to_audit',15),(27,'2022_06_17_073040_add_logo_to_users',16),(28,'2022_06_17_073356_remove_logo_from_users',17),(29,'2022_06_17_073610_add_logo_to_users',18),(30,'2022_06_17_092945_alter_comments_table',19),(31,'2022_06_22_093816_create_learning_engagement_table',20),(32,'2022_06_23_075730_add_mark_complete_to_audit',21),(33,'2022_06_30_055149_add_total_score_to_audit',22),(34,'2022_07_01_063348_add_completion_rate_to_audit',23),(35,'2022_07_01_094013_add_learning_engagement_to_audit',24),(36,'2022_08_10_062342_add_feedback_to_audit',25),(37,'2022_08_11_071256_add_emoji_to_audit',26),(38,'2022_08_16_124846_create_jobs_table',27),(39,'2022_08_30_085353_add_like_dislike_to_comments',28),(40,'2022_08_31_065752_add_comments_id_to_comments',29),(41,'2022_08_31_070545_drop_column_from_comments',30),(42,'2022_08_31_070726_add_comment_id_to_comments',31),(43,'2022_09_13_093452_drop_columns_from_questions',32),(44,'2022_11_08_104643_create_learning_zone_table',33),(45,'2022_11_09_115313_add_tags_to_learning_zone',34),(46,'2024_01_24_121738_add_tags_to_learning_engagement_table',35),(47,'2024_01_24_131355_add_tags_to_learning_zone_table',36),(48,'2024_01_25_122939_remove_image_column_from_questions_table',37),(49,'2024_01_25_123335_add_explanation_to_questions_table',38),(50,'2024_01_29_073136_remove_image_from_questions_table',39),(51,'2024_02_07_122604_add_description_to_tags_table',40),(52,'2024_02_12_080453_add_status_to_audit_table',41),(53,'2024_02_12_105924_add_status_to_follow_ups_table',42),(54,'2024_02_12_110221_drop_status_from_audit_table',43),(55,'2024_03_06_125734_create_themes_table',44),(56,'2024_03_07_065336_add_theme_column_to_tags_table',45),(57,'2024_03_19_065017_drop_learning_engagement_table',46);

--
-- Table structure for table `password_resets`
--

CREATE TABLE `password_resets` (
  `email` varchar(255) COLLATE utf8mb4_unicode_ci NOT NULL,
  `token` varchar(255) COLLATE utf8mb4_unicode_ci NOT NULL,
  `created_at` timestamp NULL DEFAULT NULL,
  KEY `password_resets_email_index` (`email`)
) ENGINE=InnoDB DEFAULT CHARSET=utf8mb4 COLLATE=utf8mb4_unicode_ci;

--
-- Dumping data for table `password_resets`
--

INSERT INTO `password_resets` VALUES ('veteran@mail.com','$2y$10$K3BsFA1/0NHnREJ7qMg61edeCRQSYxZ9olkngKyejWGo0UAngc/Tq','2024-02-15 10:51:14'),('hamza@mail.com','$2y$10$TtC2I6P8DbIwXZSfGFb8uunKwcOrnp/XTTdky0VXIGY8bWljWu/wu','2024-03-14 06:15:12'),('mian.hamza8880@gmail.com','$2y$10$hc3pwHNQmAYpjmXA7nX.y.y.y8vu1mIWkRXnc0feQyn33bEQmRMWC','2024-05-29 10:31:46'),('denamd3887@gmail.com','$2y$10$VnkCvaQFTis2Rv29nTIzYunSNw74CB//ki6KoFG6TPRX3D5CxVQka','2024-11-09 04:27:14'),('kqj8njyfeyu0@yahoo.com','$2y$10$.FRhCAf4SfdO/.EGGb9E5uKdZh8fM.Zzp9ELYzsJS975fNjsBlv8e','2024-11-09 05:47:43'),('sesking64@gmail.com','$2y$10$3qVhBL7mHrKogKsataNLB.UO9e/gh9gB429mWzHssTAFzGdwDXQeK','2024-11-09 08:03:33'),('fam.pilz@kabelbw.de','$2y$10$4ncmiLDuNzzwO9uXrbA4ku1DshM6/d3JGXaJVUjf/k9CrBrqOs3Ii','2024-11-09 10:02:41'),('jonnyevs@hotmail.com','$2y$10$vIW9JpYCZHkS2SSfBJ0fXelO.AqWgk4o8alnYw/FuULTnBME9gvHK','2024-11-09 15:02:21'),('susu6117@gmail.com','$2y$10$8B8TL9qW/CSUsEOqwtqiXeZi4AYcQWuZxWh8m1IUcvYDlTXqcrSm6','2024-11-09 15:32:44'),('marypack87@comcast.net','$2y$10$f92PBE68piraJot/5tqJ2uOMLYZrid2UL1IDXlXZFOsE5Q2ezv5O.','2024-11-09 16:23:50'),('passaicfamily@gmail.com','$2y$10$dh9GVVHPZFQ0U/LtVoPDe.TvNIQdvmSiW0reorI5xI9AQyIOrkt7S','2024-11-09 16:51:32'),('jayne.tritt@gmail.com','$2y$10$bdhXvvYBSCA4c.48HyPKUuOS9fcHsctuC0c6Nf7T5GGTQ0/EQEM8.','2024-11-09 20:33:47'),('elliekent15@hotmail.co.uk','$2y$10$drm2qrLAC2H1Pxrj49LP0OEVydSZD1sSR/nDDkVx8SFHkADSZ3a2K','2024-11-09 22:53:10'),('rouba@abwfoods.com.au','$2y$10$vKtk7peMF37TMeHQ14DHP.wvTrRH1BIAA1rotZpdMfa3wDHQ9jMJq','2024-11-09 23:16:24'),('charlotteg2009@hotmail.co.uk','$2y$10$IMBqX2wpPQLANuNM8jjpjuFN.1TII87qSsHt64nRFE1CuC.WoFX.6','2024-11-09 23:32:38'),('lldoucett@gmail.com','$2y$10$lShzvqCdfDIWR45cPqFrJ.SUFnIvugjhLiv1FPvRhc3SJNmY6T8DK','2024-11-10 03:16:29'),('jacksonphillip100@gmail.com','$2y$10$dAL4guu7ZGGpzlUqHx4fAexD9oA/KrV6a0.kGYVthlpn.ZH0Wf9kW','2024-11-10 07:12:36'),('lindahsiehwilson@juno.com','$2y$10$GfCWTH.9izQeTwsm.GO8tulBPdnuzjK8/prsMQwkmEFDzeSOmDlVu','2024-11-10 09:56:07'),('brad.katrin.woodworth@gmail.com','$2y$10$OLvmIO2kML9tQY4UgCSJ0OL4f.z.TfGcT8sEbTRocGRmtGLedsO.W','2024-11-10 10:36:45'),('zykierrah20@gmail.com','$2y$10$onGlKYAnFeF3jN9x8guzueJ9/c64lNZ3QeWrtmSeu7EaUFgATlYOC','2024-11-10 14:27:01'),('charnettafurdge40@gmail.com','$2y$10$py0rttxFT9QDbuTgNZ2GN.CJil/T5JE3dMtxPNf823ayusbV2iN6m','2024-11-10 15:38:43'),('zxcww777895112@gmail.com','$2y$10$xd27/poLCLbLMrAgU/4jxOYMc/eUBoxzfm3SJ1QHR61VggdHabsa2','2024-11-10 15:43:29'),('treecare@hotmail.co.uk','$2y$10$xJFWiY/5mXAKhEZzTQEc.unPMGdEQzdndxJyX/a1GPm0oXAF4.DB6','2024-11-10 17:42:54'),('patriciaannrodriguez@gmail.com','$2y$10$NgOMOki8phdhuq.IN6lc8.HgQc.dAl3kdva6hq0pfHuDwKiDYtpBm','2024-11-10 17:51:55'),('anita420c@gmail.com','$2y$10$mZtJo64rUQqQL7MBi7CUdOELBkzKEOWJYiZUTvhjFFEVv61xfWIN6','2024-11-10 18:33:02'),('acastrops@gmail.com','$2y$10$DSfXGHwGzrbKgUL8xa0DmO1Fn7wifw3AZuha/ous54yBSncksDAbK','2024-11-10 18:34:42'),('laurarandall@hotmail.co.uk','$2y$10$J2PKsXV.hrNRPa0WPILV3.r4d1Ex9CG.Iv8i4yG8tCaO8rembduWu','2024-11-10 19:52:09'),('blackcrytv@gmail.com','$2y$10$zxtOwzWOfkIGkm.UHL/6yeuglT36Cj7Rk3xrdcjDTkXWgnSvj2rWu','2024-11-11 00:32:26'),('x0qsevuxsnu3rbfi@yahoo.com','$2y$10$cfwl0EBnYQcXkhN5/Yt7BOV8danxsg9MUt3w4KEOszipqiiLMwDCq','2024-11-11 03:48:18'),('mangiacotti@gmail.it','$2y$10$qAC87zP8j5beeQQed72lE.Mmv7w1dLdFwbajGqnGaqqh50F.ImErq','2024-11-11 05:15:08'),('myoken7676@gmail.com','$2y$10$bTQL6N8u7KVj.dJUPszRyuAlrxME2O64HU5bOPm5pJzItO3Vfs2qS','2024-11-11 05:32:26'),('ritchiefh@gmail.com','$2y$10$7azcRXQ8uKQGTi7X991C8O2knnSyW/SFcm0iNMOI2Y.HNkbyXTdXa','2024-11-11 06:57:25'),('hdettmers@abeking.com','$2y$10$pOFi4TW7agGuFhiYiXgiYeXiRMbow2lqUFtXL63g5j0hEfZisHEwC','2024-11-11 08:08:09'),('skumar@tripartmgmt.com','$2y$10$HCDtr6rCjrlMxaYIuEo2xuIdBAWbmBsrjWxTfhqwiSpxXqSgWD7JW','2024-11-11 08:08:56'),('peter-rosenfeld@dg-email.de','$2y$10$hFB8zMLjtZaR3dv2RKve4uEV6UXhJt4fQjfSy980OP2o1cHyj8Df6','2024-11-11 08:44:51'),('ann-cathrin.mueller@aex-experts.com','$2y$10$7aFbQ6y/lRManmwGCKUAXudZzph4eVeVCQl4K5yW7NV5Ej8mBX9Eq','2024-11-11 08:49:52'),('guske@accentro.de','$2y$10$rQJi4AX3XOHc/HPPmh1kAu3hgnSX/a3ptyiqA3uFtuT4xYA9bZ.QS','2024-11-11 09:29:23'),('dolgeo@abbelen.de','$2y$10$1ZwKLuucjH4tA6oAVPqbQeKYOw1oi.WIuVXXyppAmtPxa9kdfKXFC','2024-11-11 09:32:21'),('purchasing@nowyoucansee.com','$2y$10$NHGZZOEbMCnx8Y2vUQOEQObUyPOpi34dPuzubOXXE8dgVWsonVLiS','2024-11-11 09:34:26'),('accexpd@accumalux.com','$2y$10$NLgReWeiEPjp7FZ3xxrPk.dsCeE.UR8Flf5twNRpU/l.6zHuD5ckm','2024-11-11 09:36:03'),('rds.systems.usa@gmail.com','$2y$10$XCqwuRaR1vHO6HBgtQwIgeDIOK4z0oSXYAZiDpt0zgg.oKSXVeu5O','2024-11-11 10:26:55'),('to.aoki1991@gmail.com','$2y$10$ZtTddWolPOBsDaQMSNJ6OOgnB08hAs6rbsGyXgyzxdGWcK5ZOnctC','2024-11-11 11:08:34'),('alan.bain@gmail.com','$2y$10$qEZrKBwj6rEmVfwe0x5tr.0JXVbUKfENJnpMfKdVK2rqaqCqMa4Ye','2024-11-11 11:48:33'),('markus.schulz@yaskawa.eu','$2y$10$7H.GdMFuGQz.OPxTO1bq8Oz00a6WSsjDaWbH9wziIZevH7xHS7ErO','2024-11-11 11:51:13'),('bgetchen@gmail.com','$2y$10$LJJdTuWBJjT2dfWEgvu5DuuAZS8kFF/c0zCY2MH/Fy0Lr8DF3Ft1W','2024-11-11 12:19:53'),('jbaut294@gmail.com','$2y$10$Aco2RcuULeM6obSgWig/2OJjEeAKKqBeSTzOHQXEzWzo29/fNB022','2024-11-11 12:22:32'),('zennonn1@gmail.com','$2y$10$BsuqV7J36Bk0mazBA7hOoeT0Lp1TVD6Q1O.9vPMk2gTJgib9uSYly','2024-11-11 12:37:48'),('jeanmariekondek@gmail.com','$2y$10$MGiaOHnpnvhruV.AnhB5ZOPgFdXgpzEELFTtuR9011LI2usasokPa','2024-11-11 13:00:37'),('maticstevo@gmail.com','$2y$10$uVHWrqVJ6hR2JDAPgyQsl.kFgaFIuBLsIC8xYXBQyAKbWkWzpQxJ2','2024-11-11 13:48:56'),('bugnbugn1@gmail.com','$2y$10$dSIbD6PfdDNu.S8z7gnTI.jF7Yn6cF2i1BLFJZEDq4g/HVxweRZIi','2024-11-11 14:29:30'),('amg4984@gmail.com','$2y$10$6nftRdRQnWRgxeKpIxZfyucqngc/x8mrxyqxvf1GObOeVQPfySRKC','2024-11-11 14:46:11'),('don@steammusic.com','$2y$10$LcA3HOy3gkE3XHeTEL9dtOEB.gUlsbz9LkizJ8pT1U.sEtfu6cXYm','2024-11-11 14:53:48'),('cdoughertyjr@gmail.com','$2y$10$Y3isqQmbL9y0G8PVzzErJ.ue46Px1Pir3sJqdJCWMwlnWzXADGb8O','2024-11-11 15:13:46'),('robinsoncameron930@gmail.com','$2y$10$2Ol7GseVQhKsL0TTWsVtmu17bCwTGGIVYxvM1iLKKwxSaq4zH0956','2024-11-11 18:48:21'),('jcreidenouer@gmail.com','$2y$10$VhJmRs2i1K0.o068Nm9YgOvxHtCxdN.5q4axynDF.j4Gr56tJxprq','2024-11-11 19:13:05'),('caitlynrobb2703x@gmail.com','$2y$10$g0GLq1/M2Lx.NtLK52e4b.facZsNCVae3nUqFqvIMnLyat2AD.Rwe','2024-11-11 19:16:16'),('johnston330@hotmail.com','$2y$10$gPy9olTC2ET8Yva1W2KYWedpZk6REbWXGsTsFBShKHGH.7VBckq8e','2024-11-11 21:21:34'),('paola.bucciarelli@yahoo.com','$2y$10$p9p7thbUOwsf9XL9AbwZf.rJN9syGP3R9ikGmQ8X7v21gfDX7uuQe','2024-11-11 22:10:22'),('edjimenez77@gmail.com','$2y$10$6WU7YJtLLuW8l5jlz/TBzeFRI6TXU15/iypfhz5Jg/7HP2kDJa/rW','2024-11-11 23:12:58'),('allison.conkright@gmail.com','$2y$10$jIGx6kQJXw3fiJ4dNdq0xe.M00/wF6rYzkTa.v43OUISJkZPxJY8a','2024-11-12 00:11:42'),('info@amechi.co.uk','$2y$10$rPZ3rbEeAIATLRzjTkraoOkS59OpvygMCtTt5AnWAYtJmPW7wpfHe','2024-11-12 00:31:37'),('cuthbertsonamanda@gmail.com','$2y$10$zgEV4WIGhfHi.0wPiR62tOZQCWLECOKH/ve7jcayq40Z4AjES7wTa','2024-11-12 00:53:08'),('taraboudreaux70@outlook.com','$2y$10$/uMQTQAe8GRmOUrDucaR1.MVq83oO3HKeJdr0tAPl8ITfMGcbfhru','2024-11-12 03:02:09'),('rshutt473@gmail.com','$2y$10$zbFUSp1bgUIEbLe3lTmPEuNMbDWWZLWq4ZH3JFE8/cbQu6JJq6YIy','2024-11-12 03:23:41'),('inokai0311@gmail.com','$2y$10$GhNXSKB/2uebVVOh53li.O1WRXeO1b1UGI2nmUeag7BkuHzdKBAc2','2024-11-12 03:28:58'),('alexismadrid13@gmail.com','$2y$10$83bVYZUVr2s8Bhdijs.oouTHthbKMiVODfnhv6NoyCaE9gmO9RwkG','2024-11-12 03:40:46'),('dksaarush@gmail.com','$2y$10$apXIDTukUUgr7brmbUU0VOYFmRv.5dc6kXZ9V/oCqxJfcfWJpPtA6','2024-11-12 05:35:46'),('sslick81@gmail.com','$2y$10$3Nt7AO0a.111mddDMvP29.EHcKDjrzd8DcYy3S4IdkmAPMZPSTZGy','2024-11-12 05:50:26'),('philip.hemmetter@gmail.com','$2y$10$OukHD2VzZWazjhVWNQp9M.4qNbxXVpBou3NkgIA2MZxQuIxGCDSwC','2024-11-12 08:47:45'),('bdashi@ejot.com','$2y$10$K7O9hKPo1.7jayQ7gpv8EedwpQkXhVU9.LwPQkJQGYv5.vowPHJVm','2024-11-12 08:55:18'),('saniilu213@gmail.com','$2y$10$3YFGFTmr3sHpk6tKrJ2pBeA9.vJ7ZkncoGZmeRp.sXbVBMuKbfcNa','2024-11-12 09:49:25'),('anthony.chambaud@eckes-granini.com','$2y$10$RLB9IHFby9CfrnBhPz8s8es96A0DlVBIh/SygEJTMeBZ9nO8PBBMy','2024-11-12 10:14:09'),('dr.gulf@gmail.com','$2y$10$d11d2UGaJGE0Xk.VWLxNreZLT5cRkGI/997jubHTMsiuViReBY6Vu','2024-11-12 10:58:02'),('oldrat2014@gmail.com','$2y$10$.7rclndLiEyo.lvGiKZT1O54WfZLs0SFo0n31X/wyqypDSKcTcdzC','2024-11-12 11:04:55'),('jessy.michy@hotmail.de','$2y$10$HAomf.yfI43QyodePFvi5.Z.iAXKWz1RebfnBXMStqV6/TPYPCsS2','2024-11-12 11:33:42'),('nicholasorrenti321@gmail.com','$2y$10$QKWgAqrMB2R3hC9hxKKBhux48/5j0myB7WE72RnbWHeLIRH7yhFPK','2024-11-12 11:58:52'),('david.pelliccia@bgh.de','$2y$10$NSGfvsf9lnrJkLFf9iczreFwb0d6r70usvzHssEyLrX5h.cvpytBy','2024-11-12 12:37:34'),('cgslehigh@gmail.com','$2y$10$dNmdTuyE3Ft2Xb3jhgsgr.rYz0ygoVb4mln81wtDWl65ucqFZWI22','2024-11-12 12:56:12'),('ahmedhassan7_@outlook.com','$2y$10$rSRzRGji1RaqcI8RVPvpguRYe1jS5BARpjY8oaAltmP1qTBcZ.27K','2024-11-12 13:30:40'),('maryam@gr8realestate.es','$2y$10$XxCws6gFsKQuGJ.Jvn4fT.Kb0.3TVv8eLbet0cwCa0ChIgw3VCxjy','2024-11-12 13:41:47'),('pat.johnson1106@gmail.com','$2y$10$4TuF8uoa6YXIlIcwmgt4fuaHmrDWfjxawbde5UANWQ4xQu5YXRFd2','2024-11-12 13:52:45'),('christoph.wedler@sap.com','$2y$10$cItsBx27u8DxGOF1y8rIXeL3Kn1Lfz90G8d2COrLEc5QPqzeVPDz.','2024-11-12 14:15:30'),('info@firstgroup.it','$2y$10$hDDxb5XYF/4SXwod4m4n8.j/qFp1z6E7sJw2dCRnZus5jNQ5uuDca','2024-11-12 14:15:44'),('heike.suessmilch@doll.eu','$2y$10$AGVowe7f1kqFDUQuigaaUuHBn/t0.nru/pq3jqFxB.45tXCQkdC2q','2024-11-12 14:45:34'),('tuan2me@gmail.com','$2y$10$ApQ4kArBB7QCfSkDf6DZyOOi4Wslyjn2WewCjlMvkoN0hytj3meIO','2024-11-12 14:48:17'),('chris.young@rsandh.com','$2y$10$eeSJ7mBhFtSt9zvuyfqu9.vCDECWXXD0xaRVGIkpHKM/IKk1K2Qq6','2024-11-12 14:52:23'),('amyrico@gmail.com','$2y$10$WvA4NGamXWG/iM3sAXHOr.Gb7WyGK2s44Um.k4O8nIPlGNBN0k2TS','2024-11-12 15:14:08'),('effie.brooks@beva.org.uk','$2y$10$zC3I9ZnqG/uJFTLM38aZiOivoNHRWik2mQZjdl601EGn22hBe./mi','2024-11-12 15:19:04'),('bretts@csphouston.com','$2y$10$PFyfaiDqqDfxmDdVU6Vz5u6IklMa7p/MVf8yUOGcglGjJJ8UfJFhW','2024-11-12 15:24:56'),('helena.schermer@beckers-group.com','$2y$10$f6CU7LW8rxCaVKLVc5mLdemdHNLNxkAfEn2PcafVrqS/aYh7ItZSC','2024-11-12 15:26:15'),('david.mountford@beva.org.uk','$2y$10$dBv.L.O5nhWVE0QFuZt3Y.oTC3qchOZAvmuVDn0SyO6uAiIipdcPW','2024-11-12 15:30:28'),('evangelos.theodossiu@vincotech.com','$2y$10$CKRa.4EN49DNgFfOerqAY.8OLdIrpxOabPbR9HH7VbgN83MDyykfe','2024-11-12 15:32:56'),('antonio48avarino@hotmail.com','$2y$10$kud6qb0UxdXxb86PqQNI0Of9Dc2.gYsC568QdeGCOjswilFcDJfB.','2024-11-12 15:49:51'),('jweiland@reliable-churchill.com','$2y$10$6FJ4kDopd.k14dLVaJVH4Oy6mlJFQOl4l7Wvr8l.5fHIuhnkh6sbi','2024-11-12 15:53:18'),('daniel.valles@geon.com','$2y$10$VaRj5LY7doKe9Z/VEEJvU.bO98BEKt0bGAJKwwV63Ut6KBVM6oTO6','2024-11-12 15:58:42'),('kelly.wall@cccga.com','$2y$10$mdTDOiwzMLqwW/th3gVmy.xkt2PTiG..m6Vxu33iAnj68f0CrKKlG','2024-11-12 16:00:17'),('kkonecko@wacoal-america.com','$2y$10$8um8288DUDlu9ZmUOt1tNuFjtSBLUIGyO6ijollErfuE3u9vC0GMy','2024-11-12 16:00:28'),('mhellman@bepc.com','$2y$10$N.HvrfDzrAm8CRzwWsCBJOTd.conP118GZhadcZKC76LeLaYsNTHq','2024-11-12 16:02:47'),('bwestern@epi.org','$2y$10$nrSpgKKSAc4Q9XRIVapbN.OgDTjXVVRRE7EKrEUNCO40EOk97W9Ka','2024-11-12 16:05:57'),('marilynmartin202@gmail.com','$2y$10$/WQohJVeliEYKixFJ1AnL.e1FLtX39letUL1DJmjPj5mfRrFjOQcO','2024-11-12 16:13:16'),('h.kummermehr@lemken.com','$2y$10$ZoirpWLZ4Y6gnKDz0WWGruIKrKBaszdVwBh1zcSVvlsqzvWIN1vCK','2024-11-12 16:15:04'),('rhorton64@gmail.com','$2y$10$d5L0I5qkHjxJ9mPhOh8BMuhlvGAO2N7yy0.r3nvDZHgcJbnT7iR2S','2024-11-12 16:28:41'),('kathy.yu@astrazeneca.com','$2y$10$IpJ5DI2z76Heu4d4SG.9y.2oYV8idyKpJPHOOltU6YkPeEcPhLHdi','2024-11-12 17:04:10'),('smais@igus.net','$2y$10$A7FPYnpoOElikwoBQ64QxO2mXBQ9jjkYH1Etx6M6Fpc4Yg.gs0ale','2024-11-12 17:40:18'),('peter.kytka@bkvibro.com','$2y$10$FWzp8Z3MKyVU9tx3Gk/5H.YxN9OEnlRKOjPuyW5exXi.iVWy3jk.a','2024-11-12 17:47:31'),('jfwilliamsgt@gmail.com','$2y$10$3MECkAf0HN.yeHuC8JXkmOaXxpPFOoU0OOurrzj3Xh0iy2jM6Rip2','2024-11-12 18:01:03'),('jdeanta@rcpmanagement.com','$2y$10$2nQgBLONkIfm5H5M73ewwOdG4xqmvSOrbipQVLqzNdYbzTXU1yIvK','2024-11-12 18:20:40'),('jtarbert1@gmail.com','$2y$10$dlX0ori.B2epovgvPmZSkuufNACk65kcQ7g7trwGtJlFKSJF.6l5i','2024-11-12 18:21:59'),('rajlakshmi.krishna@accenture.com','$2y$10$c9pAyGnWzarXbudHpRM73uL73F2/s2Px3JPrNoWwrp.Ld9xa/RMQC','2024-11-12 18:23:40'),('tobias.pauly@vossloh.com','$2y$10$WloLbB3rGHVw9kGVAfiN2.agdN8u4ENem2gGx7/6hAolJOPsUzpXa','2024-11-12 18:28:53'),('rachel.e.barton@accenture.com','$2y$10$1HpLfkHSCYFusbUAtJvO1epPjRbPVSWdV/NHneveuhrdKCcmuSIAe','2024-11-12 18:54:55'),('christopher.beaner@gmail.com','$2y$10$bM/eta276nHGGez8pOPyp.cRzhLcDawaXm5u7ONjvqX3VdP2s3M6u','2024-11-12 18:59:04'),('cbrown@cudd.com','$2y$10$W9mA4qYUP71vzBUtwzLO7uKHC62rmTtnmRtWEYNwG6/O7lQ3o7LBK','2024-11-12 19:25:23'),('mikedraper87@gmail.com','$2y$10$D9PFaCaTNJeyYHvdVZjIm.om.0ujyeXwhVdgNVRR5nX5ovq78H3Mq','2024-11-12 19:34:05'),('shad.lierley@schuff.com','$2y$10$o44FiSnmY0kzo5S4346.zOd3LXX.yUa4MnE0f0d/Jz6BR528znXea','2024-11-12 19:34:23'),('rjenkins@cudd.com','$2y$10$AVaNBlsmRlhCBtfbaHWdiu45VGyiUxUOXFcena10240PcGJ5/UX76','2024-11-12 19:40:46'),('smccoy@searsseating.com','$2y$10$coSjGExgu4OriNbdVV5lE.i0X2D05eFB7WtC67X93RbinAdgUd7eW','2024-11-12 20:12:49'),('afears@cudd.com','$2y$10$jbYmP21N.rfN0RPS/vJwFOpOKRFn8IrUyoBNY6GOWhuwXACyUiHuu','2024-11-12 20:15:21'),('dorozco@cudd.com','$2y$10$ZpUy5FY67dDGLtuIt9QGRu0pbr08JgmSv25I/EAlMaG0za1cWy4mu','2024-11-12 20:16:40'),('mpule94@gmail.com','$2y$10$IW.XR8.Cw30RDChvPqAoCORF2EghREIQTPYQKwzAezF5/wQp.3RrS','2024-11-12 20:20:02'),('pschones@cudd.com','$2y$10$H4T5LKmFhuV60ncLkmAIKOT0wbu37xpKcJsHRh1K4ASU.gm/RYxPW','2024-11-12 20:21:00'),('mbrown@cudd.com','$2y$10$cxcP5qXxa5JhVT.kjxxmt.GhN2Y6XWG0d7xpJx633hpjd.JYf3pNK','2024-11-12 20:45:22'),('ahuffman@palmerholland.com','$2y$10$IXBRbJl9LhGk/cdaw0cpq.9L0nU78RXsPQ5eyAww7hDjPjOrfxp3y','2024-11-12 20:54:43'),('branford.mcallister@gmail.com','$2y$10$RmEUB7X3NMFrF83RkiKwKeQ1q1g14URHuaDf3ZsFptzMNyQ2Wqvva','2024-11-12 21:01:26'),('apatton@thebuildingcenterinc.com','$2y$10$aTVoXG1qXNZPUA38IbqYnu/ow9..AKQcFyZ1XYzMFQ5uDo7s3mA.C','2024-11-12 21:13:21'),('michael.dodsworth@atlona.com','$2y$10$IVrFEqIzapkT3gWW0wVY2OMuo5FCX0F7lLNMDk/xhTu.1ksz11Wbe','2024-11-12 21:42:28'),('brennac@dunnlumber.com','$2y$10$ZTaCwWLq7eomhelbK7jT8.oA5AS7UTOgaOXN7m7.DxY/MQsTtaYS6','2024-11-12 21:57:55'),('bharjala@wyze.com','$2y$10$J1NM4YUqhpleq.OBs9Hwueq8SlsaQnQfGfnk2ufV4Ai1vi6o8Sh6S','2024-11-12 21:59:32'),('abdrhmn.abdurrahman@apps.ipb.ac.id','$2y$10$CgYayoRbYoI008C0bJ4vS.V4jjgksBifD8NvPgWQcWTP9.nx5DtTO','2024-11-12 22:04:24'),('drchristman23@gmail.com','$2y$10$97Nnv6ldTJ6xBBaPSEevLu3In06JcKnhMGe0CRPrvlwQA6QL9ulzW','2024-11-12 22:16:08'),('askzee@oiandd.com','$2y$10$iswslWykPaQlS0qCZ5S6puy.GNagUUfVDuBi5j8ZPDXAhYDQqWy/e','2024-11-12 22:38:13'),('angelfumagalli@gmail.com','$2y$10$BFZvT5oHenh/T6h./0za5upsBxExM.KZqyA6A/GYcYkNfcTtiPB86','2024-11-12 23:15:10'),('jsf050847@gmail.com','$2y$10$2Ko3a.DRjprkOGK96gkHjukauMVr9sDC9ijlBbBvgquDaDv7./nkK','2024-11-12 23:40:42'),('anhnhangheo@gmail.com','$2y$10$gaVYoi9k7n1fMu05LS3eC.SnHFRyfTHcUo8GFVhidhH/Ea..cWlGm','2024-11-12 23:50:19'),('samplecarl85@gmail.com','$2y$10$rjZkz/eLA9oJA4PDDgKXDO2i8d4IPu7qatb/qrEVFZMP57PMeNZ62','2024-11-13 00:06:23'),('adamthebantam@hotmail.com','$2y$10$vqRX1/4P.QoS2d78fGzcueV6Ico48sIECIBp.FBxppQdW/a82xn0u','2024-11-13 00:15:11'),('tporter@dtool.com','$2y$10$RVmFL0SwjUk5RLzKP9kLw.QmIb.h7ohd6zfZ7xVD49idlZxj8oPBG','2024-11-13 00:22:19'),('martyvec@comcast.net','$2y$10$VByL8Xao0CQqztE3R6D/yuVapOsdzivlAQQVd3VubV6t6/e.DL6MC','2024-11-13 00:49:39'),('sderbyshire1@comcast.net','$2y$10$WEj.S6c7vdkyxQOXL0bO.OOJn/ygFUB2eCZvFGr2QVPNOdeKOakJ6','2024-11-13 02:46:55'),('theslaviccat@gmail.com','$2y$10$sg/PpT5ZF7XQLQ.Spf.AeurbuWySNvTJbfwprx5oawtlzS1w0jmy2','2024-11-13 04:41:38'),('jrpzachary@juno.com','$2y$10$ceg/a29Ybku6tssMRCjBYuyj05qjSJIc9TC7ksjhvFtGiSgLxA33q','2024-11-13 05:12:25'),('buchmaier@atc-aviation.com','$2y$10$N9TxcBsdDW0cOSVj/xbI4eaejQaPBsdy4j1WD0/5iGq1qZenUKQca','2024-11-13 07:53:37'),('bahamilton7777777@gmail.com','$2y$10$nU2q9/gHpcsnahJTAympieUClXIKwhJ7pI8bnwnI8QXg.zKcZJFD6','2024-11-13 08:44:03'),('joguest83@gmail.com','$2y$10$rPS8j4oIVO46AsjHqRsnyOe4Rnw/0T5BJ2EgsgWATMXPvLjRTe1CK','2024-11-13 08:58:26'),('macheln29@gmail.com','$2y$10$6ENnSHjZsZSTm6ZLfWYr7.npzOSE09eTtxwCEiRosKgurXFsn3WQq','2024-11-13 09:28:24'),('wildflowers19@icloud.com','$2y$10$NLKr7LbwZJZ9ScDkznffK.zhYzKVA2O.R8bT5TkfVDC03z48wjPD2','2024-11-13 09:31:28'),('buchhaltung@atreus.de','$2y$10$K0rYoDJtTUUSSIXvMZykZe5rEC9TKRa7bWfjpMEHfNaWzeBlZESBS','2024-11-13 09:38:10'),('weddingtonmadeline@gmail.com','$2y$10$.O/dwZaoNajXKzsi0uuLreENxDGbMGA8j0y4jrJ2OFAh4N8UtMjlS','2024-11-13 09:38:42'),('javier14kd@gmail.com','$2y$10$xvw1Jrsan.0PP6c7P85A/uj6ZFp1HGSCLPLFMPiP50bjusrLR0sx.','2024-11-13 09:59:08'),('happy_luppy0714@icloud.com','$2y$10$PCoBOTG.9JHTJobzUyhjied8jjTZXOUY5fhO4dTnkUwtXAvJxWwpS','2024-11-13 10:14:15'),('qir4rsvuua@yahoo.com','$2y$10$MEIYLWnR74RuwN3fqwUt4.0GpQx6yi8FtjVXPvZHnARRFX8U6/v6W','2024-11-13 10:51:33'),('julia.ster@becker-mining.com','$2y$10$j4klorUfvtIPfePY509rx.uiggCkkr7mQo13im7curKidoZBYkrKK','2024-11-13 10:59:37'),('m.sieber@erco.com','$2y$10$l3y4fNCerpkpAFMQ0e/nruC/4zSXUFiOS.ZLltdC/vsfgvVCyGlCK','2024-11-13 11:19:08'),('joe.zaboroski@berndorf-usa.com','$2y$10$Yv4SagwJez2QsxmwsGg19OAdkYsdtyN0FGFfkh4h5MneUFD/py9WC','2024-11-13 11:20:40'),('kirsten.kulike@baader.com','$2y$10$0ua8BJAcCPhyw1VxVj1MT.zmh2RK4bvJHcylWT.nvA5KmtN5Bw.s2','2024-11-13 11:37:43'),('dilek.faki@bestsecret.com','$2y$10$sKiqdaQm7cdcUbyD/JnZyOkxq1BGaKky3a4Ij6FrbeaerOITB5RAS','2024-11-13 11:40:54'),('dennisbosley303@gmail.com','$2y$10$6rlsnSQWCng4AGhfa/1xZuwXOVxUW8ompu.v1EPpWfnWFExQZKNqu','2024-11-13 12:24:02'),('vanessa.dessis@gmail.com','$2y$10$pRUhy3jMpundp5NvNOOcXuYdcJni93Ne24N5ddiE5T.VxQYahkk0.','2024-11-13 12:26:44'),('martin.loris@becker-mining.com','$2y$10$r1FM2PSBj4PrYHU/ddn/hONsmvqVsJja7AU7FL73.THmG7NqFLYhO','2024-11-13 12:42:08'),('marstrain@hotmail.com','$2y$10$7mcBjO5w.7OMGUFJ8MGQi.G/sF80s4TuP5UDFruxIkpm3e3a0woWS','2024-11-13 12:53:20'),('mario.bergmann@benztooling.com','$2y$10$AtzUUhB85glLvCOn2WU8p.UZkbDck4aqzrvF163sbMC7LAy3B8/OC','2024-11-13 12:54:28'),('matthiasfischer@bhs-world.com','$2y$10$WCUxGQx/lPsNfMIbFQt3iOrlW./V6Dg4ETFr.aud0dfd3gVUexaI2','2024-11-13 13:06:58'),('martina.sklenarova@bucherer.com','$2y$10$/GcJdikzajAFj3MX0XW2y.NLD.Zb.XVhnsRGZ7TLU1mzBrhGFPOHa','2024-11-13 13:52:20'),('mlaroche@hmhparis.com','$2y$10$qrtpRUwsrnqg.bPbWTpKtOZV4cCWN4xFUeD3Oa93ywkAYxc0k8hZG','2024-11-13 14:04:01'),('mark@harr.us','$2y$10$iyYvQ89VJJeioUEVWmjk9.xUtph2xzbVcbZw4wL3xeXWxuJUl7Hl.','2024-11-13 14:12:59'),('ricesmith@gmail.com','$2y$10$CK1dHo/GAhzbSc5oCX5EY.3Fp5a8scYu5jq74dIllT6lFqtwOxSUO','2024-11-13 14:43:19'),('dhall@landuse.us','$2y$10$ZhdduvjNmZu5kWNIE5Ck9eRmeeO8VH/2pWcQXYXzTO3hV3/vs5WCK','2024-11-13 14:44:21'),('jagirppatel@gmail.com','$2y$10$0apLRIuZ.4I35jSbiQm6Qe/ixBofk6OwbfRX4dMvSPJ6GirxuYBCe','2024-11-13 15:02:36'),('bcoppage@kellybros.com','$2y$10$de20ctgez/2BY6iB1GifiuOGLoVsoLMURRt1LkIWwmTA.9GkCxtAy','2024-11-13 15:22:19'),('bsutcliffe@gmail.com','$2y$10$SgxNc3U913Df7lyrRdNL.OVlRNP2tWcU7HkJLfIdnB0Twu48G0Ipa','2024-11-13 15:22:20'),('tomm2811@live.com','$2y$10$9vfG3UzNRdFGAjudqblzaugTeV9XSxww1l/RCH.EGOFFq2xt6JZM.','2024-11-13 15:31:24'),('stevestracener@earthlink.net','$2y$10$hVwAI0dU8v9Qsy6JYPd4y.UZHUvhybgM3NG8MMERExbkkV03TiLWi','2024-11-13 15:35:17'),('kieranharmes.khs@gmail.com','$2y$10$PtiHTUj2NWO8bBoZm4LIsuRT.KLWNecW.qa5UEV3oEkwSDiGMdUNi','2024-11-13 16:11:22'),('ipaksoy@boyden.com','$2y$10$DHfQCUsjhdkrp26QQKGEueEqcsw7e5T9SFqv7KON/OKiOHuADOb8m','2024-11-13 16:19:13'),('ahmedheteba@hillintl.com','$2y$10$mHLyvxrtGT0JIHBuRUynoOSphj5QlTTUNrMbYZueLC8nbx7R.jj1.','2024-11-13 16:32:10'),('beal08@hotmail.com','$2y$10$ZUc9xbXq5KhFq6jZsJ8DTeLVNDCE0VJsReHZh0rV9UucG73AiW3uW','2024-11-13 16:36:53'),('knapel@api.org','$2y$10$1KrbhTxGltKLwAqXV41nc.dg4/lD7cbzsUY0ks4.GW8ufc1PpNv5K','2024-11-13 16:45:51'),('mmcnulty@eliassen.com','$2y$10$Gi3pGPcpHmwaMg.K0ZhDa.MnjMm.Ad1TR7ROAGWVmfP24uakRGvV6','2024-11-13 16:53:11'),('anas.kasem@frost.com','$2y$10$zRxQWeM5otvqwctPx7cWjubsrfSOFpGA/ENs7GUf8J0UrmfQXb1zC','2024-11-13 17:08:39'),('jkain27@gmail.com','$2y$10$HYU6Y6FfmdpMgwddq4hlH.JcX.gk87AdxOhWGOaM7caN8p75z9ZqG','2024-11-13 17:26:18'),('ron.gaydos@gmail.com','$2y$10$1Oc/XqAZ5b77pVw3m0XLBebSrMEdzWjEYoWU7Dyg9BP9lbzjLGQf6','2024-11-13 17:36:28'),('mssamantha.pride@gmail.com','$2y$10$8J6J.84OY0UuId2Pl8mAMuHttHIvT3cKFG8dyDLmtb.wvEcHxcgna','2024-11-13 17:38:47'),('johnmaaseide@gmail.com','$2y$10$sWlnVvz1tku6oQNcxUIGTOCwFaOyT3OqKOsmpY/G2xF0KsEotkfUW','2024-11-13 18:03:55'),('alice-9393@live.co.uk','$2y$10$KgQVJC8z9qXTuCulICGua.M4o7yRZn0s4CCR0zNmmmf9mDOiDIN5W','2024-11-13 18:16:47'),('utkarsha.laharia@som.com','$2y$10$EJAUESuLaeBecJTnchVM.OTVHYQA4oqZONxYa98rfC8r9h8pvH/.O','2024-11-13 18:27:42'),('tanya.wipraechtiger@bluewin.ch','$2y$10$0avxxxBRklWiVOKNPxrbjOYhY9sJsZt71Zn9b2If6ezpbkDQSEmSi','2024-11-13 18:55:37'),('mkulkarni@plugpower.com','$2y$10$DbHHrqvfnaLB9jiMQ.tLOukNgvDnm6SvamOPGNdP0eYJX2Uc8kMLS','2024-11-13 19:35:21'),('david.corenstein@worldwide.com','$2y$10$O5wutnoxgSTSx5wcj0umB.Wdgvm1UkCqKNJjW.zRAbGujeUKYgZS.','2024-11-13 19:35:26'),('andreas.burmester@right.com','$2y$10$g/CCVyB2FnzpjbJBW3tfBuNdA2WHSH6t5dD0UcCCyrDz7KBIYaIzS','2024-11-13 19:40:51'),('cathy_molavi@85cbakerycafe.com','$2y$10$pCZdXFWmAl7dUm9PfvngeeKhAfiqovOItAKWz8n4vQ.jmaP3KnNmK','2024-11-13 19:46:19'),('youssef.salman@live.com','$2y$10$wjqcBxPNwYvDX5SXrRUyaun0Sff0d2W6ARDYPW2kFqQMakOGKLeHa','2024-11-13 19:47:14'),('audrey@dotandcompany.co','$2y$10$bqph0PvT720T27ZLgAu1HuSiWePuaX1XW6a.Z/xbDnOwH.H3/A/2G','2024-11-13 20:02:56'),('stephenparsons111@btinternet.com','$2y$10$wP.LY/wK7EcJE4rk73SeJ.ZEqZt0.VflH/b7HSD6xpub56fkbt8ve','2024-11-13 20:58:18'),('dylanben1508@gmail.com','$2y$10$PJuySxDsntzzV//QeroHu.EmyM.mV3VSKsf64zUFEi173KI7NTGQW','2024-11-13 21:06:43'),('rodrickfaison@gmail.com','$2y$10$xwWKpYUdS4Ex8OqQO8MHDeclLsJG5ahOwHEI.5beM/MxgVtHE0Lwa','2024-11-13 21:16:26'),('k_collett@hotmail.com','$2y$10$UBczfVDN/OtoUM3SncSYXemEdQ5IJAnPMzxs539Ub0WcAve2V.K0W','2024-11-13 21:24:05'),('gillygilchrist2015@gmail.com','$2y$10$YJrZwjevgDFcnqCMCftJI.4CIYbKff1.5aSV/5qjusL8VrcOyR/yq','2024-11-13 21:31:20'),('jonwgowing1985@gmail.com','$2y$10$9xTNllhgAM.idQD.xTr6P.edy.PP0T/JOpgXGliizJfgnRwqXoYPy','2024-11-13 21:58:58'),('j.j.mehilba@gmail.com','$2y$10$vvbqC1GOp9mwc3v1KoNNluI/6.FrgI8Rp.H0DyUv04/LpfXg4eCPm','2024-11-13 22:38:06'),('g.campbell@mail.com','$2y$10$HHsIX7H50upgsdjRq9EB4.DF6d1utBQmAFqXzPWt5Rf.i0HHxzDH2','2024-11-13 22:48:42'),('corrales69@msn.com','$2y$10$7.G/F6kT3IvDG9u/gFD0Jusb.OJjF83jCWKHPbkvpoFCkrun30aS.','2024-11-13 22:59:37'),('sunnybunx3@gmail.com','$2y$10$Z1J7NhncndIIvQbEqAexqeqhd0fAd6cFnsm5JTz9Y0TJdinNKNrM.','2024-11-13 23:05:59'),('west467@gmail.com','$2y$10$glIaTQRurRHOCqQiD8FJZOgsNefKh/ukVZjtklEON7EIyyTBm1a1y','2024-11-13 23:12:57'),('vsybcvurcnmkg@yahoo.com','$2y$10$bNt.5sbAvo.eHlcNLjbqp.aNO94LLxj/8qzd8MS7RocJrqt3xJyWm','2024-11-14 00:05:10'),('abigailwwest@gmail.com','$2y$10$pHB0NNGsNYVJZ9UozU5CyOfe0gU4CAWdp/yOCXtA2zlwLMqtjZYn6','2024-11-14 00:41:37'),('fushing.tfs@gmail.com','$2y$10$gL3GLlEfdvSyfxkELoKOm.OkRIoyA7O3wxmhdFQkMWhOPBfWEOmGe','2024-11-14 00:50:25'),('srskemp@hotmail.com','$2y$10$56OAbxjytHayrr/h8T0FV.FluVWiTpjLfS7ENIPnP2iytYB/zEq9i','2024-11-14 00:54:12'),('marianelamary14@gmail.com','$2y$10$bpvgZ46SqGUmzqEMAd2jwulEwlcP2fQL5gKX5kP2UAQiUAh1RRKNa','2024-11-14 02:45:28'),('09042277xxx@gmail.com','$2y$10$/hZJd5a0s5h0pP7EsIUskOtqMO/ocD1oIPLGl6CPYVMUcBpb1Z2J2','2024-11-14 03:50:47'),('s.lobstein@eizadesign.de','$2y$10$kkNTKJuxrFCqui3UhPi5S.gdXLksHTNZTrJzqOT9K1KsdMU8byFcS','2024-11-14 04:55:46'),('k.ruttmann@gmx.at','$2y$10$TWleYc8L2hGIag7bWs/uy.yRV95alGRQSY2pfeOqIosT.KN7.YCVi','2024-11-14 04:59:09'),('st.fiofab@yahoo.com','$2y$10$RuHZWONGxcTy7cEecXwNKOglATLR085yMPTq0M5ohLry1TNMBDQLm','2024-11-14 06:11:09'),('scottmkoltick@gmail.com','$2y$10$zYHDjeKOhp4fhgxTJOcIL.q5CR.YxILblXiKpoxjeLcXam.CUz8ga','2024-11-14 07:37:43'),('shortie3191@gmail.com','$2y$10$Tp0AGzcRB6Hz26khKtq/mecJTFKQy3QojV0KBxM29ToB1S2cVoWNW','2024-11-14 07:54:54'),('yves1776@yahoo.com','$2y$10$8lKi71osAifOorlvgEAP7ORe36qjo/Re3lEC.0uJTzpgqKpGlowrm','2024-11-14 13:18:22'),('awifubkekpde@yahoo.com','$2y$10$C3FWu.sj5K5j3.KSHhR7ZukK53fILK5rmIp03FnzuZu7RqAvaaHES','2024-11-14 16:44:07'),('Elementofworld@outlook.com','$2y$10$zfoHIYdiqQGkZIxj27pTlu74BNh6tD36gzdn96M/RrkaDNvtoplT2','2024-11-14 21:35:02'),('goitinh.1980@yahoo.com','$2y$10$Q5Ye/ghNyPtYBE00cRzYVOJW9kuJ1hwbRWjYWHvH4LWHmS.fx2Mv6','2024-11-15 02:10:37'),('mrellruzek@yahoo.com','$2y$10$7taclccM6vKGCA7hZ0ver.kMq1sCB/waSceBZiaW918X5HUxYIKH2','2024-11-15 18:58:18'),('willifordalfini@yahoo.com','$2y$10$GZXJLvj7Ax2GboOtjINYTuhckdK1RM.KTCy7tOlYaDmEKY0aDQdkK','2024-11-16 15:14:59'),('dnunezj44@gmail.com','$2y$10$lkiDadx2iimEq4yGKrAdHe1yW3ne9C.Qa/cSfQ3oSwhhai8enVdvq','2024-11-16 20:34:19'),('salisakin@yahoo.com','$2y$10$ewhXgRv0Pw7qKCkWs1mXFOMjKJGrbMr0Fv9hoRGLTv3mmUSjhBK5K','2024-11-16 22:21:17'),('elpcjtsoco@yahoo.com','$2y$10$kE/5zyUNRKFVYv03fdkmBeuz/xCshjXSMGQNg/j.pOAgXlQm2WJKa','2024-11-17 16:36:11'),('klfddhtxceypwlmu@yahoo.com','$2y$10$aTAfOs8/xLp1OU/c5S6lA.tIoOWD0qXgPXp5JGoU3MGt.FHVliCtq','2024-11-17 22:30:15'),('gklifford7290@gmail.com','$2y$10$rB15d78p.BdB7NDDu9cIh.qsgTt3tKVmPF0WGZYl7DuVXWUwohHCu','2024-11-18 01:06:03'),('lkoltenq1984@gmail.com','$2y$10$Qra57vQcjpRDFu7VgpTPY.fdK3kmH.z1zRG8r3/pZv99xl2ESj2Eq','2024-11-18 23:30:30'),('mne7erevxwfnm23s@yahoo.com','$2y$10$1oztPU8rrXXG0sP8BXlfsuG2/srGxgoHGZSSCtOq8KF6qbtfTLjpq','2024-11-19 04:20:50'),('camachoabbigael5547@gmail.com','$2y$10$tksuyPWHqea..7A5Gzln.emNxE1DEQlT74.jLd56MEpfr3TXtW0FW','2024-11-19 04:30:46'),('ojwignkplgf@yahoo.com','$2y$10$mFT.MeS9Lz.Dv3hqwBaZgOeChD6077Pn62UuItZEvwlxUlhv7lOQ6','2024-11-19 10:25:31'),('shattig1981@gmail.com','$2y$10$FGAXkafOts2c9l266s3xR.n5NBpeI5VjTJo2OfmX.fdHkgaoIp8ra','2024-11-19 15:31:34'),('lprgnclkyhnmvxiw@yahoo.com','$2y$10$qH/BS1CZ5PH/EELYkV3JnOehwhL6BPmXDeCivi8l2G2DqY46bMoWi','2024-11-19 18:50:40'),('cjhewmhycaiqu@yahoo.com','$2y$10$OLc7c6GOz5VQPqKTnI6cZOUdTIhlVBObqUvef1L1OkRbdHAu9uJfO','2024-11-19 23:34:32'),('bradfaetelmv2424@gmail.com','$2y$10$WQtbvwRJdG7//8lMLZRG3ObJ9E01pp3ZqJxlR4N8O3bMHrJawZYI6','2024-11-20 04:29:43'),('cesennosdalofpyky@yahoo.com','$2y$10$iDv3uVcfneScNDNmoteqTe.4fp6HG0JZeiGC2hCOtSxaaF3ZOJYxq','2024-11-20 06:32:45'),('tpy8kfbgkt@yahoo.com','$2y$10$qASHVyRoobo6tLK7C7gV0O6kKxeng4nEfA7rfg3wJcmjF3E/NsO7K','2024-11-20 07:12:53'),('knoxkeshonh711@gmail.com','$2y$10$hwnWhj8/vHhk0jpgQ6XUR.SaMTZavV3Yns.v3pgeTCz1js3oeuxN2','2024-11-20 07:23:36'),('anjelinagrayl791@gmail.com','$2y$10$e2upKmkfWQD7f.hg/MAFX.fbiErH4Z8LDFiwZ3Da4RIEi0wXsMWOO','2024-11-20 08:24:40'),('eimanisko@yahoo.com','$2y$10$3.Cq.gv0l/Eg44Wezibd9u4BxtvBuXRV1iVIczrsv55r3TVwltHsO','2024-11-20 12:28:32'),('museramalandrccolo@yahoo.com','$2y$10$ntDmB3eaVbkBpi7yJg6Uy.UejQBmFoVw/j4FWk9Hu53QpcqOpBFau','2024-11-20 14:36:42'),('sheldonsaunders690@gmail.com','$2y$10$HuEP/Eto9oETNzyyOKmIpuEfGKzDrW1vbCJeDo2BqTHfrJPr3Tg3u','2024-11-20 17:28:39'),('vdawmhovvtnpqxkp@yahoo.com','$2y$10$IzxiKs64jWHA06wKCB1Kke./BDIRrKPOi3d0bdY5h5eUEIuC5Xp8S','2024-11-21 09:42:39'),('shadowtimerr@yahoo.com','$2y$10$OSxZl4i1H/41MdI.8amDqeeI03NA9eljiwYmFRyAsl/ti4.iPFZci','2024-11-21 10:29:22'),('iib4jslntv8u@yahoo.com','$2y$10$hXP1xnd/FUMSni9xQounDuWfCwnshFJUIeZycEVA8RzaAjDIE2F9i','2024-11-21 13:16:41'),('hbeardd@gmail.com','$2y$10$i3a9.Es.NxH5jO2/XCa2jOrGPBNoRgeGtqzwIHPJHKoFi/EG4Vhm.','2024-11-21 15:11:27'),('yannyonghl@yahoo.com','$2y$10$8/FqBkmzN1lsSbJLxB6dYekjx702SiRzcH2LhUtnLh1Kvp9eHCKX6','2024-11-21 19:30:35'),('mccluredodjx@gmail.com','$2y$10$dCVDfa5ofDk2yejSdljbrOmoG9UQVB1X6nuBtVssJA.GZai/HQGie','2024-11-21 19:36:21'),('lgardhonolka@yahoo.com','$2y$10$hL6KEMfZHZJD5HiLd4g2ueHp0L3Y7Rmp8g4q5KyGW1Hu7VuPPxBey','2024-11-21 19:41:29'),('dizzy_taz15@hotmail.com','$2y$10$3My2Ae5Qfbh.n6pcdAwbJ.nqbB4M5gGe7/qMLVOA1qYXSCdnpMcNm','2024-11-21 23:34:26'),('edgar_619_1@hotmail.com','$2y$10$ZRnhqVZntFBArIKdArCqF.BDwkc45DC5aPPPnmpjrHV68bWP6eN0O','2024-11-22 00:38:47'),('grantkemeronvv7639@gmail.com','$2y$10$HYqiOlOwrT99IGSQ.c3PUeKk56VLYtPc2QE3HWNC0FE9yoI0Tpq9S','2024-11-22 01:06:42'),('shepherdbaiyardij756@gmail.com','$2y$10$f.shERQbsd7nSapiDpwV.OX8JA9WzZ1rm1lOetusNUTFEbwNeHlEW','2024-11-22 05:43:34'),('dalindavillegase429@gmail.com','$2y$10$RewYViyKO/FbwRu/bBbhm.Mp9r1kxyPt/D1OxGAc9hbvdr/zfRAEG','2024-11-22 14:13:02'),('gleofvain1985@gmail.com','$2y$10$nC2g7u5Z8fbICsECtYCuv.MIOT0qkQ2f9aH.ck5ZkbF8167SznBKy','2024-11-22 21:38:32'),('auukcitethn@yahoo.com','$2y$10$Ncs73.t9iur3MxXNs4KibuYhLVUsOT5H880lKxXCED2t54UnYcgn2','2024-11-23 05:44:11'),('quinnfavn467@gmail.com','$2y$10$2iQkOhn9Fhx.j4FffIVdXOKIE4hUDIMNpOLVS0fE.hfTBhlFHPtwO','2024-11-23 06:12:46'),('oskuimiskovch@yahoo.com','$2y$10$5q4W83StuXDdvu7S3EY3g.SuCGb.7eRJCLs8eh324J0.Z9glQqIPS','2024-11-23 11:52:02'),('sabrinhjw7651@gmail.com','$2y$10$2WrZqQNxfcoGBHzG/Bqy4OrRiFUAwtwS4W/hBi8ywSBnUSlj7yB9S','2024-11-23 11:52:37'),('dario.1955@yahoo.com','$2y$10$tF2cKi5TyaDodukfAQwCi.dKWZ9FvuBykw5iqwt97ru82E/6aGzyO','2024-11-23 15:48:28'),('v6kyg2mvinyxr2stw@yahoo.com','$2y$10$mE5eHmO02Zj2v4Ee0ooC1epWGkQ1KejbRi8zdcs6q5T4MUrI.y.Ti','2024-11-23 17:34:37'),('kingheizel2002@gmail.com','$2y$10$oTuVOfbi7LfH24MdPnHU4unYm8YgQ/YW8Jna5mSC2YWtkV1qwNEFq','2024-11-23 20:16:32'),('pachecorasti6561@gmail.com','$2y$10$umvigcrpKe1OU3aULN9ThONm6IgA5QNuvw6SQ/Vv3bxv.J7zl.TuG','2024-11-23 23:40:30'),('djb6rtp9e@yahoo.com','$2y$10$UjrY4baer6CdZiUUGW9mmuKmu32mm.BcGDwWjkZPyxnx.p9mtN3w2','2024-11-24 03:01:19'),('djohnsonwl1990@gmail.com','$2y$10$k6S2U0AeKSnSjC2pcwrjlu7w/qNpA0UNvG0RxZn7sssYM8vweD4Zq','2024-11-24 03:15:28'),('cberendjer42@gmail.com','$2y$10$nrlnAbybYpvbcb1JPFDjTexETT9ccpLflZY5Y16SHG57ZWZ.K65Ju','2024-11-24 03:16:21'),('poseireevesa2357@gmail.com','$2y$10$I.9bQhUpU1guSrVigv0AgOIq08gKHLSmN/LV0uDI0.YjEzYOp/Uby','2024-11-24 17:47:49'),('m81driqyr@yahoo.com','$2y$10$5EIp8VBnHWcINzlWYP0nV.wEQIvTNOh3DmDa2ZKRvkrMQZ2VNkX4G','2024-11-24 20:01:26'),('ameyersy@gmail.com','$2y$10$UuFK4TFtMxfjurpsXdyOn.SrovimUF9yP0pPM1SzZRPaF/vUzVGaq','2024-11-24 21:49:32'),('watdjekki5910@gmail.com','$2y$10$FlKtS/U9m1t4tYmh5VhWTuVNKnG7/EfJcd2maxZAqZkRWqxff4i5y','2024-11-24 22:51:20'),('gfd23yi9egj5@yahoo.com','$2y$10$k/v49RfmFCJaep4QXvV8YuDEmtRrKAMVAatDldwr13golhgX51nHC','2024-11-25 16:37:15'),('miidarnoldhx1995@gmail.com','$2y$10$ChXoNH7Q5KIQ/5znBc.0Aujy/v17lbb2VEn3HSMAgAoxx21cFt5SG','2024-11-26 06:09:15'),('santoslorisd6544@gmail.com','$2y$10$Lo.NLCyvG5q13yFkal/kFeNUoTgcyyJz8/WTlXvtYRaPrmzMWKHg.','2024-11-26 16:59:58'),('gronnicr3853@gmail.com','$2y$10$ktvZlqm8n1wXvwZI30SHm.IY/dWzxZByBl9ISBNSbZgAlrS9PNuRG','2024-11-26 20:32:50'),('valeelleri43@gmail.com','$2y$10$1zhSlW/s/Bcvy8KEdruydeK1RrVZhEZ6DbEu29XDV8rvy/btRgbia','2024-11-26 21:20:51'),('ewellgiustr@yahoo.com','$2y$10$jX6zAKI2SrxTCHPu.AoRVOXqctWzPGlJjsVyR1shnqiJKVlq5qUDq','2024-11-27 06:27:01'),('ifwjsopdgqjuut@yahoo.com','$2y$10$BA2XVjnUtsAnbGJisA5oae/Am5pEaOzxXdqYvXtdRpV5yGTgPGB..','2024-11-27 11:38:25'),('rollinskrizanta3863@gmail.com','$2y$10$0bEqknuBGxDioR/Jo/W5ru2WDGMIafv2TLOYhDadN8kbRUjv5fX2.','2024-11-27 12:49:31'),('ygowmwgso0qolpga@yahoo.com','$2y$10$uKFH6zh2YwNDAKX9OOx2Y.MIAmkDhMYpdcUC0id7vxXW5gVvvBdUq','2024-11-28 11:10:28'),('djinetdavisa@gmail.com','$2y$10$846akUBALHUIRpnQT1M03O.bp9POpqlo0JM3WZ.pV2oF65JaD.YsG','2024-11-28 12:06:21'),('xxenlhztxmie4gufe@yahoo.com','$2y$10$ttyGng0avHbuL92FFP341./8BEDRY03st3xiMUuBgsWyuwpSQdwI2','2024-11-28 23:12:24'),('burchdevnetd@gmail.com','$2y$10$qS6R3vcmwNmVm/eRiiIU0Oc9jFATxOJYNI52GB3Yrt8mf1AF8JcKq','2024-11-29 01:38:41'),('chandorianbo50@gmail.com','$2y$10$q.YGpUBA0hAb5/Vpj/AJsO0vXqrMnhkSgGmbEsxyCGcwI6fl7ZKK6','2024-11-29 19:03:31'),('aligamb5662@gmail.com','$2y$10$IMs2HGD/0Q6QVzn9UvN6JexTLhDDiXA/ilEv6ed03ci7dFgnZgMnC','2024-11-29 23:19:39'),('dgcastle@comcast.net','$2y$10$U/0a7.KpOiVvVlvnJB84G.5TXtMWYXxAJLUbwitmRom0mFmv/kW/i','2024-11-30 02:29:48'),('megan-hopkins@live.co.uk','$2y$10$IeP35S0o.vcGo7qaCjsYu.W0DJXSj00VjRHBVxyrR4vE7uv08xA/i','2024-11-30 02:36:28'),('dickins-anthony@zai.com','$2y$10$GzQ3nWGdaJO9gsRLNSTo3.GnPWH.dBmKGktD5g7Ut3pLC9p7R/HYi','2024-11-30 02:59:00'),('gywot9xjayr7nj@yahoo.com','$2y$10$ynAXp7hkNG0welqO7.XvU.wovhube0d6KEqzPxgcc0QuqKGEXpjre','2024-11-30 07:40:17'),('chadpitts96@gmail.com','$2y$10$UammGWKo8DfoWZcYhuCx8.HtrI73/wO8aJPoAC65VpytBExzl0Aby','2024-11-30 08:04:07'),('bujirun9@gmail.com','$2y$10$LmchPy/S1A4l7IKqBCzhM.qHyekSX9QiMC2VZMaDmCVLwOInKDGGW','2024-11-30 11:23:40'),('t.inachan0615@gmail.com','$2y$10$iev.Q4xJ2p5TkqD6rxyWHewPCdVS7kftfk.6ldDO5P9Y.D4EK2w92','2024-11-30 12:09:12'),('bethann.marshall@drc.ohio.gov','$2y$10$dZdQ0ouxgK0aRfyMFE0jq.yi84Yjs4YURWf/29xmLw9P/O6qZv7r2','2024-11-30 13:35:51'),('hotchkissautomotive@gmail.com','$2y$10$78gaJnrPJefIfUXPlOZ4bOv9PosyTqBftpFx0CXvkT3dssUsqGjHy','2024-11-30 15:57:47'),('bethmurray024@gmail.com','$2y$10$YMcagXWFq8EkAq.4omjbEe/NV0K.eRsc5avhyWewIjxQIUAjjqWWi','2024-11-30 16:13:42'),('pjanecke@comcast.net','$2y$10$rwQaApRHi1u7kF/mNEKfwunPFKnZB6DqmoXky7gbwyTgzOrc2dWRO','2024-11-30 16:31:11'),('tylerjsanders@gmail.com','$2y$10$.c9niZMzkjJQZ6RyWdpc8.Kok12wV7t7uGT2/JZVfYvQ4fUZyqOMW','2024-11-30 16:59:43'),('jelnionisklaidas@gmail.com','$2y$10$49u3Io8pNqbHBYtMKaeZ4.JP2Ooj0KbJtfX9kH68N0iR1ekUGSRFC','2024-11-30 17:55:58'),('seamusmc1950@gmail.com','$2y$10$d7Exmurr885aiMVf1P75DOP5LlY3CFPjZX9/PsDAgKAoYgA6BsbC6','2024-11-30 18:52:13'),('achristy822@gmail.com','$2y$10$BVkoE8XCpjRFM/RQnNJ4L.0BTDUZlQJUUaO3t5Nqk9WutEKppQvve','2024-11-30 18:56:17'),('cflounders1980@gmail.com','$2y$10$tt9WLE2BRSYAWu4lefRMqungLYXrTGw7LGP2U0uOTwBRvpMRb/bh6','2024-11-30 19:09:20'),('thomas.nawrockyj11@gmail.com','$2y$10$XKhlg8vzR2CriRZLqdEcDeLbHhcvOdrJGyUuLC/jsLASMiv03frua','2024-11-30 19:29:48'),('gretchenm.827@gmail.com','$2y$10$nL4K75eNaOX/pwz7w.bdo.yX8yKJ4QH1ZO0Zpua9GOvH5C0FocMQa','2024-11-30 22:24:16'),('supercheif117@gmail.com','$2y$10$yobr.x3FWrPDvbwEw6YNGeIuglK8WQmSpqq5iF9L4o7U73qgJO3ry','2024-11-30 22:47:15'),('dean.robinson86@gmail.com','$2y$10$Al8dEss8Ub5jpB6uicfj2eIRSUgctdjA8KQ5SHk9uenVvvcNWZIPy','2024-11-30 22:56:36'),('delemaiasan@gmail.com','$2y$10$i3mTJzzebCRZBLesDa6JIexfrdZssy2wGw4a79C9T.5K3FBKRS0ny','2024-11-30 23:52:02'),('jonicgreer@gmail.com','$2y$10$zfxGYDB1Vixi0WF/iEYg5OvMiEpz41YyNd.AtceiQghinZqU9C2wa','2024-12-01 00:29:06'),('jordanpierson@gmail.com','$2y$10$1a3pTNmHlTXRteFNMvWU.ehPjRHJrLCEdh2bRdurQqTWxRjRoqMK2','2024-12-01 01:23:18'),('gravy381@googlemail.com','$2y$10$w3Ac6t7esr2Sk7hE1Bv4ye58CZOMflvZR1xt1qUOGqDeam2Wll2Nu','2024-12-01 01:35:34'),('jennings.rishiah@gmail.com','$2y$10$14yMJJGZTZU4gCIb895xkelWxtMaqlA6l1rjU3.EScarLHq.NE2hK','2024-12-01 02:10:15'),('ecyates@msn.com','$2y$10$QQo13.bTUgbLfIPFlXGf2uT74pD98.Hwn5yxzjWFAMHKv6a3UqT4G','2024-12-01 02:38:08'),('sfcgswife4life@gmail.com','$2y$10$MJZ6sJ.diPlVZu.rDVjE0uw1aYkLSFIJ4w.7D.3W6Ot4kFlisXV9e','2024-12-01 03:27:18'),('difel823@gmail.com','$2y$10$M6H0NmmwhuTqTEwfoI6KF.JYAS.ygrIcFMxv4UovH0WaMNL0OXiUC','2024-12-01 04:29:11'),('jujjuj@gmail.com','$2y$10$KdPockgFgRJNEukkPkh6IO6iYaojHZ7fRCBumuRJ3PtVn7BGfzQei','2024-12-01 05:15:59'),('cwt021989@gmail.com','$2y$10$vub/HRZsdx.z5sAOO3Ejhe7cwjLXaVlnhbV93iJSvHiDQ51cIgPf2','2024-12-01 05:31:01'),('hudson9498@gmail.com','$2y$10$nJ0Gx7pXG64AXb5fkU1w4OtLbSu3emstTtByqRLK/sRmz15CP83Wm','2024-12-01 06:39:49'),('jennypho17@gmail.com','$2y$10$760g4b4ScWQDmGK6X6a/l.iw0Y8GF4xYkRo16qezTEVXbROiy9Qva','2024-12-01 08:41:02'),('izzizigan@gmail.com','$2y$10$vfCm6Zvh9Be1SFGWpvKbA.CImU0Qzsl56FJnaoZxTys6TXPzKbRfG','2024-12-01 08:47:26'),('info@prestigeeventok.com','$2y$10$xlOKIpire6osywZlFNYLpOOO4/DEMrM3qqoKGU/TK6JwdDY8Cs6bi','2024-12-01 14:57:10'),('kalyn355@hotmail.com','$2y$10$hdCrkOpBnN.9R.sRyI166uRcjv2aU9D5x.oiVh3vlo2lIqSBMP4P2','2024-12-01 16:14:33'),('shawngarrett74@gmail.com','$2y$10$o11k1bCWVscT/Q1fu.nt8ubkEvxqmFXgYxtGSL9DuDQl9zA65kxjO','2024-12-01 16:17:09'),('margit.kastner@liwest.at','$2y$10$LAE4ZMd1VRkoFb0oWx0Iguc24OvB7KaZxSvXUDZZxHlG5Gi/96236','2024-12-01 16:27:13'),('thwagner@hotmail.com','$2y$10$NQoeHbNn5tIDAiQ60ZaZZ.eNG3yc5A0f/30HRbVCHN15aQ1ptzEe.','2024-12-01 16:36:55'),('abzzcba@gmail.com','$2y$10$JBQqNFfOr3/kOBcf830wlOooN7biT0UGapUQa/rMU9CiLSIhghOz.','2024-12-01 16:41:43'),('papillion.vole@gmail.com','$2y$10$m8Mw/cvOZU/cSMnhkBZr4.TM0oWxp6cSmn1AN3YgOgepaPNJbjsIm','2024-12-01 18:18:32'),('youngsimba345@gmail.com','$2y$10$f1QsjNLq/.PfAgrFHel/EODTw1Ku9umj2PuDsdJ2gS.GRB9lPEDyu','2024-12-01 19:11:51'),('walterluciap08@gmail.com','$2y$10$CrOjs6Hlkk7wtE8lbO9UeOMokW8zOc96goIrlavZLhcfJn/S1MGIm','2024-12-01 19:17:08'),('princereik2000@gmail.com','$2y$10$8WUdVwGiHLOfNeOnvXCZ4.voenpFLHNSstnjKl8XQPl01/4iuU58.','2024-12-01 19:18:40'),('sycisland@gmail.com','$2y$10$MI5ICwmsbgJn1XNCZAlR1OuQ/8IXAiPvAL2Nb2kDI865zZgfxExqe','2024-12-01 21:34:28'),('crosland94@hotmail.co.uk','$2y$10$MtAs7rI2DrtdCF5rpOUBR.c0PM7C8MKfjzs71UdZuI16UYLbHqeGq','2024-12-01 22:31:30'),('siboveira@gmail.com','$2y$10$QPlcECcwViY3pb4/IYx5j.IvRVwgyg/bTau16EgyXBuyg6Wp7l40m','2024-12-01 22:45:40'),('quirosyamara@gmail.com','$2y$10$cSqyOG.ei3.gCf0lZ2UhSuC50FfQEZA/NrKjGI6ra1ZjEbZWJKW9y','2024-12-01 23:16:17'),('heatherluffman101@gmail.com','$2y$10$VsJCYF.KIo5Wwwxfo1krlut52KtUR93/4ijL4rXPI.C67q/7pRLI.','2024-12-02 00:47:08'),('treyalewine1@gmail.com','$2y$10$tjLezTfysY1RVsUs3fZLB.BLYpuKYFuAVYOlxJm7g1KZsWv/3P2i6','2024-12-02 01:25:39'),('natalka.liskovakh@gmail.com','$2y$10$2q2oKWn79Nxfn/bfS3hZyeqnkSOC8dPgy36cFelgTJ0V6.28LMHQG','2024-12-02 02:40:50'),('curtisb3133@gmail.com','$2y$10$L.OZWBOdf7OWswp6VzgScOOTukkjsRHeoKdnOc8K3Ml7YhSQeLxYe','2024-12-02 03:23:10'),('ashandal@idwcorp.com','$2y$10$w.91eEtFC7pFGIYz/hS9auMG3amjCRMUvb34t1k3r6FsKbZMY4LoO','2024-12-02 04:16:44'),('norman_apilux@hotmail.com','$2y$10$.D0Oy6JOo54iPkqwSYaFCeaHnMOMDOEDOJmcVHdBg6ALo16JSc6GG','2024-12-02 07:08:13'),('craigb@nwhgroup.co.uk','$2y$10$ktN7oKO2bvzKP5DRjoQGEuMagfTPDhLADk/epsSuuTRbODcG0vHwK','2024-12-02 08:10:39'),('petra.moser@greiner.com','$2y$10$TcwdcNR0dfxDfHxQwQ4jKeNspTRqZqVOk0.ZH.HzDch4SVkX/ETcC','2024-12-02 08:34:15'),('pennydeniger1981@gmail.com','$2y$10$AmQxDlJ2oq.VPfuHL5RzduxII2WSqSrFx6Dw.osO1FdVImMgN0PAy','2024-12-02 08:38:16'),('qernix32@gmail.com','$2y$10$eNNn5MyXWOTnGvdx0L/W2.89bnQ4CwqJKiljUIuGh6OmZH4yqpzAC','2024-12-02 09:34:04'),('erickrawitt@gmail.com','$2y$10$7N5xGwptcYve4MslssuqKeyj3dMKJqWLGGVLQTSy3PczgcmTNkIpe','2024-12-02 10:01:03'),('florian.langbein@maxionwheels.com','$2y$10$7HzwbBPYuqcGa7FOqnx.NeJTx.F4qd42vZqn43qe7ly6TnqeYz5GO','2024-12-02 11:31:39'),('brandongrove89@gmail.com','$2y$10$wWxjLcZpWDhmWdApKogiQuQW4WEJu1QIYh4ig8HToVmPL3XsjBd6.','2024-12-02 11:43:01'),('kshea32989@gmail.com','$2y$10$Q5VNC.kOa5xVZtXCO2//K.23vd.wEXyM828i8vTRTvVWKCPA0.tIq','2024-12-02 12:30:04'),('blynd15@gmail.com','$2y$10$8oU9m0XSoNjMW.qz/8377Odtt9DORcV1X5OwWLGZmM/bTGJJ7s1mq','2024-12-02 13:00:34'),('danick.rahard@dbschenker.com','$2y$10$VYgg.og/A8IqQl8II8mNRucqN/eDnlCIcCeynxbDDvhvPphjWieqK','2024-12-02 13:05:50'),('jtoth2170@gmail.com','$2y$10$MlnfRhzKhWAMaJ4KmsJMJOtROxyJoNKfa/4Qw.DjByQenF0Od0Jsa','2024-12-02 13:40:53'),('jimnvickie5@gmail.com','$2y$10$DjX5NoaWbDsBhXbB.rHN..jzOIHAXD/wJMV9knE59H4bgCs0jR8ye','2024-12-02 13:46:02'),('ajshukla@clifyx.com','$2y$10$qS5MMldO4vakEr2kEAkGn.81DUdXFSXcghRdPVB5.rigeRECl9ESS','2024-12-02 14:03:15'),('marco.donnici@dbschenker.com','$2y$10$P5alw35vOXiqeeoSKl75Aelms7F4c.ObaEw6/4eCYmjGih1I/kotG','2024-12-02 14:11:56'),('maria.gutierrez@engelglobal.com','$2y$10$l4k/f90oM0lWD6fXTBMr2..3YGfyALYad5yC.9AMH0J.AnOrgpElK','2024-12-02 14:12:27'),('nadia.bobaly@gmail.com','$2y$10$csUxlvdg9B8m5Ls/uhytKe62pGwRtawGsmJCQGR/UtENw3dBm/Ylm','2024-12-02 14:24:44'),('vvantuyl@gmail.com','$2y$10$.ITB0Mo6kM2d5iYpO6thk.Tu0z3Fz4KBIDpWU1ED5hYkOh1K/ZgOW','2024-12-02 14:46:46'),('gestionmagygagnon@live.com','$2y$10$JYFKh9evqj2mADXsDmj2KeNN2Pg44rVDpzMtmVqdY8vQVex3fpTuO','2024-12-02 14:49:51'),('rzuniga1515@gmail.com','$2y$10$lhvU9E79N//6d8Zyks4LIeEH4VMLYoKZ1/E/wTItMli7Xn/yMaEya','2024-12-02 15:46:37'),('jennlaxylax@icloud.com','$2y$10$czq8IO8YrBmaiqL9pOO1s.ujUbdB2TxFnU/32ywV2sRjWISEEka8C','2024-12-02 15:54:14'),('cannonvikki@gmail.com','$2y$10$fXOPk5nIInndvKzghw1Jq.m0J2v9EJdf586uioXYlDXubLOQfE3BC','2024-12-02 16:08:37'),('tifanymorey182004vif@gmail.com','$2y$10$cYB7U8/r1cY.NIRqphysO.BRhunhf6SP6VPQbRA.XJOY7S/iAz352','2024-12-02 16:22:35'),('kathemurray@gmail.com','$2y$10$/OqDzQ8qWKLVZGHN9/BA3.8FPI0FwS9ct.PnYvP5nZv3ZHfGSO7ry','2024-12-02 17:11:08'),('paulatatum32@gmail.com','$2y$10$I1uEi2p9e/EjrrLwyes8Qu1TCj5EiZmY4J8hRStoFSTa4eIh8..9.','2024-12-02 17:25:20'),('lakeishahightower@gmail.com','$2y$10$kCDExJbFUKdrZvi7n1/s9eslLnN/7LOYhKT.uaEF1t7V1JUz2UO3y','2024-12-02 17:26:47'),('gsand40@gmail.com','$2y$10$fKe5o7fsRYHWOSmbhosLYO0ZUIqRFb2PAviN14idanoHyoaKyOGEG','2024-12-02 17:39:19'),('nrs1103@gmail.com','$2y$10$IFMaGnR4E3tmKlZFfW5PB.Z9x/IbllXkfJDkIU4//8gPVMf08JFSC','2024-12-02 17:59:20'),('edwinyang814@gmail.com','$2y$10$EC//tPPtaqsW564N7bPh3edVyZFEX.CNi8AbZbxfxHhssCqxrv0pq','2024-12-02 18:00:46'),('rdelleo@abacusnyc.com','$2y$10$6q0xtw5DGpFvSZ6jG7YlxOvnQj7Y6SRpw8i8d1GfzMagQjWdHQ4Fi','2024-12-02 18:05:24'),('natalie.reds@gmail.com','$2y$10$YkvKmjEZ75n8q9RWcDaZQuSaAwTCeCAdbyIWb9wET3MvzpQBricuO','2024-12-02 18:45:35'),('rodolfo.solares@liquidityservices.com','$2y$10$/7f4bF.QF21czrB7/584TeoAr2degwGz2iXggqPT7phHFarjwj5y.','2024-12-02 18:48:27'),('wcaswill@gmail.com','$2y$10$kMknfcUY0F0Vf4QbE.ViMOn9fCOoJ4U6Q0pW8zkeWXxZiDZJvajQa','2024-12-02 19:01:15'),('sarahliz0677@gmail.com','$2y$10$bJg7A3ynmzeB4y8dHDIAUOTh5DqS7G6vpciV4ZH7oOuO949htlS1O','2024-12-02 19:03:18'),('lmalkin97@gmail.com','$2y$10$ntGXh.ZvmAslcebMyoJKOOiTauyhcm4l3qb8tKT4zTpFPypejh7I.','2024-12-02 19:14:21'),('dannymathurasingh@gmail.com','$2y$10$jagoTaglPgPJW86ebSRL2ubxNDayP1a9OH/0Njar37GXcECdZUdU.','2024-12-02 19:29:34'),('davidwlamar@gmail.com','$2y$10$c9mSrtQl/zYsYBTh6i3dQuOj7CX0lzekIOpKEBG9qG5pL8thgmHSC','2024-12-02 19:52:35'),('kamenn19@cfl.rr.com','$2y$10$mzjLLKUro06TwQfWRoGhAOvBENYtN6nARDI3LucH8H.PvukvN0dcu','2024-12-02 20:00:54'),('maribelcavazos2@gmail.com','$2y$10$.TlvCYvfLzP3WQx13bbag.E9Mzn1rp64s5QtcP8qeqLC1UVdXVtxG','2024-12-02 20:01:49'),('fitzgerald.keri@gmail.com','$2y$10$NEv660ajTDYaLg6xRhtCzuKre9CJ1J0EPkAcxcG19R6OYPhh4YKF.','2024-12-02 20:02:57'),('hestonmoyers92@gmail.com','$2y$10$cTOdeb6zN/7cqlKlhmzfIedUjrsjIV6EyZcuF.PilxOGl2ppvWGiq','2024-12-02 20:17:03'),('dariusz.skowronski77@gmail.com','$2y$10$wv/hZ8Q88lhi/LR/7QdtrOxOBoKQEezEHibKIFAskotuCQDuka0Z.','2024-12-02 20:18:35'),('tmarie1983@gmail.com','$2y$10$CjsqszCgXhlnnwyC7xKyKe68ZZAGo5r8g.MZDvaF9SHpgWXVUWbFK','2024-12-02 20:25:39'),('yustin@selectdoor.net','$2y$10$Gwt8KnpRIxec4zdEzkOA2.TJc0zHpN500iFGTDDT.ln/KSMY6UP8i','2024-12-02 20:33:49'),('remi.laroche@soucy-group.com','$2y$10$bBoDyaMzBKOBmO9AzSy9z.Z4Nmy1IhOJlg34CF9/DBe0xevdj3iX6','2024-12-02 20:42:20'),('beartkacz@gmail.com','$2y$10$iMjzLDEzBq1MFQDs1BANsOWMHTFAvGtv.kASF.dCFagFdt4VuLY9S','2024-12-02 20:58:00'),('mfobes@gmail.com','$2y$10$53tyftG99Dz2NhS0.FNv7uFyihHRlNcttx/p5N7OMi2HQ14DIGfAi','2024-12-02 22:26:33'),('belinda.ferguson@hotmail.com','$2y$10$rlRDySLaUY8JLFQMUMQty.7H9K0IszZRe.2I/BV/xZndpRZtcxM.e','2024-12-02 22:35:48'),('trandall54@gmail.com','$2y$10$EnpWnpawIOsGZBhewi6Lku/0NuqKs43Hf5vidhlteQwNMTcDWfIyW','2024-12-02 22:39:12'),('tyracz@gmail.com','$2y$10$bQ2jzCTuJ0T5aD78sNOcZuSx81pQHWFuf3UQ2cwinRG7NCci30GKa','2024-12-02 22:56:08'),('sebastianbexa@icloud.com','$2y$10$kcdG.xa2ht8rBMGMbQSb8OW9jeOodfWGp9tWEgSVEnN/bynyTLgM.','2024-12-02 22:58:07'),('jpghira@hotmail.com','$2y$10$9Q5vTCcPH94twkfBY56bxuimZHz.P6nrM9mNKA6nThfjcNQkqSX3i','2024-12-02 23:10:54'),('cplossl@gmail.com','$2y$10$tiwDKL7OuWVhj7eUGOkEvuQWARL5W9H6MfnZubPRCnpAXfZ1ruXg6','2024-12-02 23:25:05'),('bulgcj@gmail.com','$2y$10$WDYTKt6cbhWiqmYheFNAwO/Jg/steNhtFuiRVgvYLQ9DJXu/svK2u','2024-12-02 23:33:31'),('amandine.peeters07@gmail.com','$2y$10$t5pDcHZ4NgCOdE6lW4by7uwMp.156StA6d/ugwWUE2rOoWh8GsQHm','2024-12-02 23:55:37'),('mandy.christiansen@ngc.com','$2y$10$s8ERFA5DNWQpvEoAFQYp/ukqPldFbwp9VI2NdgMwTyfuKZynNbwWO','2024-12-02 23:55:47'),('pdace@cox.net','$2y$10$FyUpfEiWsAnIgIPyFsgAwudHKhH5wgMM0u6EAb7.kTsI8LZq4dCwu','2024-12-03 00:09:34'),('katepanozzo@gmail.com','$2y$10$lVIkYkK62KxoC4vmGLcmw.OukErvKCaMC3.RK0XTsglyyFWUJQqm2','2024-12-03 01:26:23'),('lenzo78@gmail.com','$2y$10$ddbxLv9CJYyL9oGUdMred.tJ3CGBBrX3U.8i3cwG5i1b8dTFFAgFG','2024-12-03 01:28:39'),('lavondarville@gmail.com','$2y$10$H6vqwmqxDonYkG3Am5sh5.ZUYzkmJIy4bzPx48OC8GIoFVFTgLvpe','2024-12-03 02:32:57'),('trashpowerandco@gmail.com','$2y$10$DRC5baERRVislMIzdRe52OZvExydxCSqrPzva9Bo7g//9AYDdckDy','2024-12-03 03:08:00'),('lorraintr@gmail.com','$2y$10$M0g3UzS1aCrfN87gymYGfuhY/GyNsuLHi4QGQqPUUew8OtGf/e15u','2024-12-03 03:28:18'),('mohak928@gmail.com','$2y$10$op7npMw1XTUXLM.vZ2apourTNQRrBX40GXxmbDy6miiLepmRqSqs2','2024-12-03 05:48:47'),('djk4343@gmail.com','$2y$10$iz0dlvCkyjrxdq1Dz/HuD.tdEjWd51xsbm2KL3gxwB/Fh/uO7Jqrm','2024-12-03 05:59:32'),('amcinteer@gmail.com','$2y$10$9Rgg3wKyNoP9BfhlGri2vuwvRBATYpnSOyR9Bw7QUpPBRF/uR9Wpe','2024-12-03 06:28:58'),('katbat1229@gmail.com','$2y$10$3UF.2SAE.88mG7G611A0a.1jgqzMzZO2gkVg2ZMOkIH.KZ/aO0U62','2024-12-03 06:42:12'),('vladimir@totalgroup.rs','$2y$10$OJChUthpTb46ZBoN/z5.MuOD.tiJhHifVr7YY4XNEf7NuKfprDL2.','2024-12-03 07:05:00'),('belindauvb37zp@gmail.com','$2y$10$OaTFVgDcLAbQKOWgHtwHzuVd4Ho.1CLGGuE7sgkxRKTy83gE7iA/W','2024-12-03 07:08:45'),('oliverismylife@gmail.com','$2y$10$0Wz/xOyUbq6JlH.KAmTxJeol9RfqPkEWbCZlVgRUC/wfqnKhbrQBG','2024-12-03 07:30:40'),('ursula.canders@currenta.de','$2y$10$OvCAla2i7BISuLOMtOuy9e8l1xsxxSvmG5ycQyXhq.PA6M2qhCXem','2024-12-03 08:32:04'),('gmillar24@gmail.com','$2y$10$nrnvGO2675MpSAsfgzADR.qfaTgixwTmJYsb1r8AAPj.uCoIHR0gW','2024-12-03 10:26:03'),('matthias.falkenhahn@eb.de','$2y$10$bCQA.TqaX.KEHA/dBWgYGeFCnJxFNJEqtHagIeDaP4fS/tdyyMOJ2','2024-12-03 10:59:20'),('murielle.dubuis@css.ch','$2y$10$kITbRxkGgTueChupdKlW2uNMgwHLLCmT8ZcUbKve90ZQVLWDlnhGW','2024-12-03 11:24:23'),('lindaggarcia1@gmail.com','$2y$10$Y2a0Z6EQyJOiKw7sBsrneOOmeOusFrcJXwqUdl13lqjUUXTkfFUEK','2024-12-03 11:29:19'),('mcalus@hegelmann.com','$2y$10$hoHI16u2afff6MR6dZoMLuIbEqd2uuAcdtS04az6wkB8ERvX9wit6','2024-12-03 11:33:44'),('michael.barkam@kws.com','$2y$10$70dR3wGsWm.h9AHBrR.NNeXWu5OHp0RYWdk7OezIgIr1kg2c4VTmi','2024-12-03 11:37:48'),('andreas.fladerer@knapp.com','$2y$10$4/WTISbJvFgTag15cdrYquMdSukeI97ebsSDCuTiapZSOkmcIYhrK','2024-12-03 11:49:23'),('marlene.2@gmx.at','$2y$10$3wiCMGG4xU49F3FP5wY.pe7KR7jR9/KntnTFa6FkPx7.Ee2.JXex6','2024-12-03 12:06:51'),('1steele.cl@gmail.com','$2y$10$M98wWd3gsbk.RDeGMzGt/.8I6voAr6QjhXUsgK6pD0ObJqgoUimWa','2024-12-03 12:16:39'),('ashish.jaryal@oetker.com','$2y$10$AYRLydGkPOETOeJar4v1P.3a7KJT9wB30EodreRMaDFFXwfrGa2J.','2024-12-03 12:26:59'),('stephan.winkler@prosiebensat1.com','$2y$10$FNScNbA2RPbLkyws83hRKupGY3PRUv9dE8Zvc4vE3DUoj3icf3Rqi','2024-12-03 12:37:34'),('cmeliafelix@gmail.com','$2y$10$qYoZn5qGbRD1CuccxcKU1u4dVlTuS/aHd5fgNqRWZjfI7ecfmeahK','2024-12-03 12:48:23'),('jlynnford65@gmail.com','$2y$10$2gVdLmuNATPOtgjienGVMe2tDf.v.hq/BNzWfwp7VDopxwuL51I7.','2024-12-03 12:54:32'),('w.mechanic@gulfcoastcorp.com','$2y$10$XSbnlK//9g4OY0sr3eWl5uy0Nl5HNv0J.y6eSuYWiQxDfiP.9LKDy','2024-12-03 13:37:33'),('crocha@barlettaco.com','$2y$10$uqm8rTbJvfnjZwDzeWa1buRSBEbgnlEALDex0nYQKJxq6lwbSzL.K','2024-12-03 14:36:00'),('cpalombo@barnesaero.com','$2y$10$mOe/sG58JSDujmoI.OAgxO65KxFBbzJe9TvpQ6EKIZKlqgZM/HLPS','2024-12-03 14:47:14'),('corporateconsultants@gmail.com','$2y$10$wLV1LGKx3sLs19xWYQQgLOwP3MJqENt7DTn3Ru/8XabmOqiir9HXi','2024-12-03 14:56:56'),('jruiz@avino.com','$2y$10$P4WHv9b3xV7TsX2oGmxgKu8uID/UhlteIaU/NSE.ufAg4OKTySsNO','2024-12-03 14:57:40'),('dbee1211@gmail.com','$2y$10$LSkyY4Yz9BMzd9BDhgeetu0ghKY8xYDrPwudwDa6KVV5GQDX8myZa','2024-12-03 15:06:31'),('rinthailand@gmail.com','$2y$10$/Sl974/Y7sknktLnlxoz9OR4xgKe5qQNrSzhMDngvVwhwwJ1XCXhS','2024-12-03 15:07:05'),('bigarmsinc@gmail.com','$2y$10$Jj/bqTY3R5InYVvxGt8FTuiTkv/weJ5TrQe2w9f0.ZIkyFDkylS3S','2024-12-03 15:19:15'),('coinoperated57@gmail.com','$2y$10$M0xmnOU3iot3lldw4zE3ieny/uP1uLovXWAUZaNcJ/gR.qy2Yhr.G','2024-12-03 15:37:01'),('nmurrell1993@gmail.com','$2y$10$.3g210jy7GwPCHW9BPKYH.QcbqAYKn2PF8RYQ.KWqjX6uNr2k5Sk2','2024-12-03 15:39:55'),('ricknevill@gmail.com','$2y$10$13o0HUE7853bML6Fpxtsuufr6lzahijcbkRxucwa1qF4hFuUEoRZC','2024-12-03 15:54:14'),('matthew.p.mccormick@gmail.com','$2y$10$iPHwLlaPRKyTRCfCS5FT3.sjKMJyc7DI2Jzynb5kuAtQVxMyOGpLi','2024-12-03 15:55:42'),('libby.culbert@hotmail.co.uk','$2y$10$bYvxzvv1xRia9QmGqcn.X.2Cmj2WbYEPg8XmhY5ZzTYjSTfOmkdMq','2024-12-03 16:31:13'),('laisbo83@gmail.com','$2y$10$Ey3ocHV5AvPmpyNJZQTR1u7EW8Sf5/5hPdYXVYydp1uyJwIik0Umi','2024-12-03 16:34:04'),('luboscendelin@seznam.cz','$2y$10$eDMOVAm7yA3iFNPy.oqGKOLc7y1fIkn1GodiFXMxWXllZQoXIAa8W','2024-12-03 16:34:56'),('lovingnavywife@live.com','$2y$10$vP./8VJR7Vuw4M7maYXie.q68SXhkGYtqmmtTmAXTqsp5tdUjoFW2','2024-12-03 16:35:10'),('rikkiconley@gmail.com','$2y$10$LhSxIxbJaJBASOE74kvB2.8JBRWmHiSeZDiWbmd.IKD9n7PBssEDq','2024-12-03 16:50:33'),('plbs1234@gmail.com','$2y$10$hIBANdlv3/ekyxQLWJ3X7u7JWGjkiVCwNvpgZl9RX1Fb1vgKxtl0O','2024-12-03 17:02:33'),('cristin.mcdevitt@gmail.com','$2y$10$Emepzstl1byUw2U9gOI8yuZyF0DcSSN2jU9GuhypiLYidnqINCCN.','2024-12-03 17:12:09'),('dxl.chidester@gmail.com','$2y$10$7e3WOSx6OewdJQ/AJ6FZZeHGAqRNBMhkSSgbrKbQ9NLXh85E/82g6','2024-12-03 17:41:10'),('jmchugh@awcwire.com','$2y$10$oeJN6A35ci8vi0DU2UIpU.dZfZcuRDBDBhTaX9KObnjUIxcvOI.oq','2024-12-03 17:53:46'),('alyson.l.smith@gmail.com','$2y$10$x7qVdo4TZLXIyB5ctEIY/O.fUN.lxdAemU9a7r1./oPwxdcLnMTZ2','2024-12-03 18:06:38'),('zeki@dsoda.com','$2y$10$1QynyZgYa3WZuLCDB5lQi.PAe07EpxAH6ckv.vsIgRkq3jwIYkL76','2024-12-03 18:34:03'),('stan-mueller@vodafone.de','$2y$10$jBfmjYiBDcVBfGWSWRuvxO85ezNM4XPIrjbE9XSrns9qaL9EErHjq','2024-12-03 18:36:38'),('sstmartin@banddconst.com','$2y$10$DucCFR2Pik5ivdVfJRN61unObRCRWAkTrle/RKXulIygMU/OaxsMG','2024-12-03 18:44:30'),('dmdunlap@comcast.net','$2y$10$H8zSsmVuhHqR4NdIFgAjZOuyeDFJu0vMQpvb6AKQ/O0u9UEuQQzrG','2024-12-03 19:09:11'),('ryantweed722@gmail.com','$2y$10$9SVIIre7ZFvFsIMLfWUSiuu94NHx.DUshS.uwSZdMJ9dIyo01MEXy','2024-12-03 19:13:37'),('wiktord1403@gmail.com','$2y$10$XVfvEzM0Za7/5cqvAD66OOvnebxI7R3HRkan72pef/1YDJsVNvksy','2024-12-03 19:19:06'),('chrisy998@gmx.de','$2y$10$0hiiu985dJZunptGP0tLi.PamJDWLaXpJop3krKACQoNk.aBBs39a','2024-12-03 19:22:34'),('taijibear9@gmail.com','$2y$10$zxwghLhBlEsOgLxg.LdTLO2ulQj6XwL32PRqFH/x6jUgf5OJT4irS','2024-12-03 19:35:23'),('hrezai2004@gmail.com','$2y$10$GcWC1S/ac47Y4S0ehYQaquPTHgyKPFGF0cbN6chKaEEz0lJkCjeQe','2024-12-03 19:37:29'),('deepak.gkrishnan@gmail.com','$2y$10$w/AOl/Oz9soHoCYtqfABOOw1xfpjpeaGA6KUrWW7uZYWbt9mCS7qi','2024-12-03 19:45:29'),('dispatch@uslogisticsnj.com','$2y$10$vaxLJLWxOL5oicMuYtnnfugPA0ZjuAGI9a4EEqU0A/JohRadPj3wS','2024-12-03 19:47:32'),('butcda@icloud.com','$2y$10$piqlnpEIggUBC9PfTcV6quLWF6T23Ilmy6V1vIPOl4qLtL3CmxJJa','2024-12-03 19:47:36'),('luismartinez@twc.com','$2y$10$LJt.RtPLXLqfzU/pQbGDGu465M/J7d7e7iVB9znDED1.WuY7d48Pi','2024-12-03 19:50:42'),('patrickdiana0@gmail.com','$2y$10$UZdNABsSUp0vLhxu4I1Z/OBDq8EYOunzeuuUe.ZQwiFHQ5CpVRva2','2024-12-03 19:54:04'),('jzang3@hotmail.com','$2y$10$JjU8LPE0pJ6RN2JKJf9S0eautM4ORc65pWnCGjwO3PHHza62cMaBy','2024-12-03 20:01:18'),('pat.masters@gmail.com','$2y$10$QSLmjwzEVPRBk.jw277Qpeozm1K6Fcy3o/CLKxm7jyQ52f2g/gFzi','2024-12-03 20:04:07'),('summermanlove99@gmail.com','$2y$10$LqtxUfTgqicyOnUr0IlWbewI0FarrMZeI1SZRYSYF7SW5uFV28RQq','2024-12-03 20:15:03'),('abbymcconna74@gmail.com','$2y$10$wKJDkgFSGdwCUukLxHIRB.pkxxXwHucRTy5RfjXPxUOaQqAijIH3e','2024-12-03 20:45:06'),('davidwdixon57@gmail.com','$2y$10$wlEWtnxA8p/FFz2aEvia8ubqYqXi8imZGXuoKX3RALt0WaN.HOjaW','2024-12-03 21:13:00'),('pchumbley65@gmail.com','$2y$10$A9P2ZX1C84UKC7VHItilBORwMoBRh1I6CqE8lZprH3L73Ga90eune','2024-12-03 22:24:40'),('bsantelli92@gmail.com','$2y$10$1ybz/5dVXUDiChnbn8Iw1upeR5jRpsL2qA6ljC5QAgym5Bg929tii','2024-12-03 22:29:30'),('travis@travisrea.com','$2y$10$ixqZj2GY.izXzn5JSjrxzOQlPUXLEKWuQ6FElNDcPcYGHBdj9iLKW','2024-12-03 22:40:43'),('jcarlson@solvenergy.com','$2y$10$1HHuPiNVh6vWCbnPSuFoDeNYvRoQWajORePvcjF41cedeVwjT.to.','2024-12-03 22:58:48'),('aprilhorne624@gmail.com','$2y$10$peCcj2j6PnS6X4tG5jJNweoWX0QUHHJ73UYNmLqEhbvTPrA0cnMz2','2024-12-04 00:11:41'),('hpatel76@gmail.com','$2y$10$aj5w4RQ7FDHrZE8WYLmoY.ZlQJGFH6e6SeLpwhzls0.yM4HsEr4yC','2024-12-04 00:31:27'),('pabloreyes@qualityproducciones.es','$2y$10$QLfpmIEY2LWgluWJ7RX74OrfHnlA7eJPp9rXsqNcVNnKwBCsXrKSm','2024-12-04 00:32:44'),('mackenzie@impressionroofing.com','$2y$10$oWEvb0COaT4Y4iS4v13wKuooErb2rLCeywJeaIzGuhQiPjkxrNlFC','2024-12-04 00:50:29'),('djmoresmix.jovm@gmail.com','$2y$10$5UQu9e2uGCbO/K2UpHkTv.R3WgLBTJdgiWhcZ0mS79cBKQ1lr41/C','2024-12-04 01:42:08'),('pauldawes777@gmail.com','$2y$10$Vz5uctYgYC9JzGiYWMff2emDMsltLONKav8uZG9qk8l5q7OF4Bnvm','2024-12-04 02:16:18'),('perry.missy@gmail.com','$2y$10$kqd23WWb.P4MnRFKngNxA.pxjf6ykJ0BRBGW17jbK5G6wdUFCaBSa','2024-12-04 02:52:19'),('jrbusby4me2@gmail.com','$2y$10$yPfe2ipjr26C6r2CrdZcRODPAAaIWBogNDUDrOpt.Y8MNgjy1UHyS','2024-12-04 03:06:40'),('ron@dencorp.com','$2y$10$tC7Eywa8hr2/WiDtDcWodOg0bguCfYLPJVrhErEblaBcmaUXDV3cC','2024-12-04 04:34:13'),('franvanb@gmail.com','$2y$10$k1Lg1D3ICzbYeaHMuVQ3ieF6TgdCBbPoq39cPXE6zeTmHTFo1nk/G','2024-12-04 04:35:07'),('lucymorchio@gmail.com','$2y$10$zuZkiPIVKck86CpBhDE/2eoBlMGKfGUiKIi5./dahrIWxii4je/1W','2024-12-04 05:24:05'),('joshua.peck021@gmail.com','$2y$10$lYn8sgjUsbYC2dSRfDOAOu3cXC7fD9KvxlW/PmTnJLwpDxDdxVqs6','2024-12-04 06:24:35');

--
-- Table structure for table `personal_access_tokens`
--

CREATE TABLE `personal_access_tokens` (
  `id` bigint(20) unsigned NOT NULL AUTO_INCREMENT,
  `tokenable_type` varchar(255) COLLATE utf8mb4_unicode_ci NOT NULL,
  `tokenable_id` bigint(20) unsigned NOT NULL,
  `name` varchar(255) COLLATE utf8mb4_unicode_ci NOT NULL,
  `token` varchar(64) COLLATE utf8mb4_unicode_ci NOT NULL,
  `abilities` text COLLATE utf8mb4_unicode_ci DEFAULT NULL,
  `last_used_at` timestamp NULL DEFAULT NULL,
  `created_at` timestamp NULL DEFAULT NULL,
  `updated_at` timestamp NULL DEFAULT NULL,
  PRIMARY KEY (`id`),
  UNIQUE KEY `personal_access_tokens_token_unique` (`token`),
  KEY `personal_access_tokens_tokenable_type_tokenable_id_index` (`tokenable_type`,`tokenable_id`)
) ENGINE=InnoDB DEFAULT CHARSET=utf8mb4 COLLATE=utf8mb4_unicode_ci;

--
-- Dumping data for table `personal_access_tokens`
--


--
-- Table structure for table `project`
--

CREATE TABLE `project` (
  `id` bigint(20) unsigned NOT NULL AUTO_INCREMENT,
  `project_name` varchar(255) COLLATE utf8mb4_unicode_ci NOT NULL,
  `user_id` bigint(20) unsigned NOT NULL,
  `created_at` timestamp NULL DEFAULT NULL,
  `updated_at` timestamp NULL DEFAULT NULL,
  PRIMARY KEY (`id`),
  KEY `project_user_id_foreign` (`user_id`),
  CONSTRAINT `project_user_id_foreign` FOREIGN KEY (`user_id`) REFERENCES `users` (`id`) ON DELETE CASCADE
) ENGINE=InnoDB AUTO_INCREMENT=48 DEFAULT CHARSET=utf8mb4 COLLATE=utf8mb4_unicode_ci;

--
-- Dumping data for table `project`
--

INSERT INTO `project` VALUES (1,'Project A',2,'2022-06-03 01:45:17','2024-02-06 10:03:00'),(2,'Project B',2,'2022-06-10 02:05:25','2022-06-10 02:05:25'),(6,'Project C',2,'2022-09-12 06:45:00','2022-11-15 10:11:50'),(7,'Project D',2,'2022-09-23 08:32:48','2022-11-15 10:12:00'),(19,'Project E',2,'2022-11-11 08:03:39','2022-11-15 10:12:09'),(29,'new project',1,'2024-01-25 13:17:49','2024-01-25 13:17:49'),(32,'hamza Project',7,'2024-01-31 08:10:55','2024-01-31 08:10:55'),(33,'veteranLogix',7,'2024-01-31 08:35:24','2024-01-31 08:35:24'),(34,'Ameer Hamza project',7,'2024-01-31 08:51:09','2024-01-31 08:51:09'),(35,'project_name',7,'2024-02-01 06:32:44','2024-02-01 06:32:44'),(38,'Inclusive Audit',1,'2024-02-13 13:42:01','2024-02-13 13:42:01'),(39,'Developer',1,'2024-02-14 07:53:02','2024-02-14 07:53:02'),(40,'Kakao',7,'2024-03-08 17:20:25','2024-03-08 17:20:25'),(41,'Talha\'s Project',12,'2024-03-11 08:07:53','2024-03-11 08:07:53'),(42,'Talha\'s',39,'2024-03-11 08:16:05','2024-03-11 08:16:05'),(43,'Zaigham',12,'2024-03-11 08:18:09','2024-03-11 08:18:09'),(44,'d',1,'2024-04-15 16:38:11','2024-04-15 16:38:11'),(45,'test project',7,'2024-10-31 10:56:13','2024-10-31 10:56:13'),(46,'TESTXXX',1,'2024-12-02 12:54:01','2024-12-02 12:54:01'),(47,'Project CXAS',1,'2024-12-02 13:16:13','2024-12-02 13:16:13');

--
-- Table structure for table `questions`
--

CREATE TABLE `questions` (
  `id` bigint(20) unsigned NOT NULL AUTO_INCREMENT,
  `questions` varchar(255) COLLATE utf8mb4_unicode_ci NOT NULL,
  `created_at` timestamp NULL DEFAULT NULL,
  `updated_at` timestamp NULL DEFAULT NULL,
  `user_id` bigint(20) unsigned NOT NULL,
  `tags` longtext CHARACTER SET utf8mb4 COLLATE utf8mb4_bin NOT NULL CHECK (json_valid(`tags`)),
  `company_id` bigint(20) unsigned NOT NULL,
  `explanation` longtext COLLATE utf8mb4_unicode_ci DEFAULT NULL,
  PRIMARY KEY (`id`),
  KEY `questions_user_id_foreign` (`user_id`),
  CONSTRAINT `questions_user_id_foreign` FOREIGN KEY (`user_id`) REFERENCES `users` (`id`) ON DELETE CASCADE
) ENGINE=InnoDB AUTO_INCREMENT=64 DEFAULT CHARSET=utf8mb4 COLLATE=utf8mb4_unicode_ci;

--
-- Dumping data for table `questions`
--

INSERT INTO `questions` VALUES (13,'What is the name of the main antagonist in the Shakespeare play.?','2022-07-13 01:51:07','2024-02-06 10:26:03',1,'[]',1,'<p>Quisque ut aliquet orci, a ullamcorper justo. Integer pharetra vitae metus at fermentum. Nunc eget velit vel mauris fermentum sodales. Vivamus sed ipsum at lacus semper imperdiet. Aliquam erat volutpat. Phasellus ullamcorper justo vitae lacus ultrices, id ultricies dolor tristique. Curabitur sit amet neque quis orci euismod tincidunt. Pellentesque habitant morbi tristique senectus et netus et malesuada fames ac turpis egestas. Proin vitae ipsum vel nisi euismod congue. Suspendisse eu arcu aliquet, accumsan felis a, efficitur dui<img class=\"upload-image\" src=\"images/1667995571.jpg\" alt=\"\" /></p>\r\n<p>Quisque ut aliquet orci, a ullamcorper justo. Integer pharetra vitae metus at fermentum. Nunc eget velit vel mauris fermentum sodales. Vivamus sed ipsum at lacus semper imperdiet. Aliquam erat volutpat. Phasellus ullamcorper justo vitae lacus ultrices, id ultricies dolor tristique. Curabitur sit amet neque quis orci euismod tincidunt. Pellentesque habitant morbi tristique senectus et netus et malesuada fames ac turpis egestas. Proin vitae ipsum vel nisi euismod congue. Suspendisse eu arcu aliquet, accumsan felis a, efficitur dui</p>'),(17,'Which English city is known as the Steel City?','2022-07-07 05:09:56','2024-02-06 10:59:07',1,'[]',1,'<p>Ut enim ad minim veniam, quis nostrud exercitation ullamco laboris nisi ut aliquip ex ea commodo consequat.<img class=\"upload-image\" src=\"images/1706785801.jpg\" alt=\"\" />Ut enim ad minim veniam, quis nostrud exercitation ullamco laboris nisi ut aliquip ex ea commodo consequat.Ut enim ad minim veniam, quis nostrud exercitation ullamco laboris nisi ut aliquip ex ea commodo consequat.Ut enim ad minim veniam, quis nostrud exercitation ullamco laboris nisi ut aliquip ex ea commodo consequat.Ut enim ad minim veniam, quis nostrud exercitation ullamco laboris nisi ut aliquip ex ea commodo consequat.Ut enim ad minim veniam, quis nostrud exercitation ullamco laboris nisi ut aliquip ex ea commodo consequat.</p>'),(18,'Which former British colony was given back to China in 1997?','2022-07-07 05:28:16','2022-07-07 05:28:16',12,'[\"3\",\"5\",\"3\",\"1\"]',1,NULL),(19,'The logo for luxury car maker Porsche features which animal?','2022-09-08 08:14:47','2022-09-08 08:14:47',12,'[\"3\",\"5\",\"1\"]',1,NULL),(20,'Which element is said to keep bones strong?','2022-07-08 08:20:38','2022-07-08 08:20:38',7,'[\"3\",\"1\"]',1,NULL),(21,'Haematology is the study of what??','2022-07-08 08:23:01','2022-11-14 11:23:22',7,'[\"3\",\"1\"]',1,NULL),(29,'Why You Want To Be A Auditor?','2022-11-17 06:53:40','2022-11-17 06:53:40',2,'[\"3\",\"5\"]',3,NULL),(30,'What Are Intangible Assets?','2022-11-17 06:54:04','2022-11-17 06:54:04',2,'[\"3\",\"5\"]',3,NULL),(31,'What Are Tangible Assets?','2022-11-17 06:54:29','2022-11-17 06:54:29',2,'[\"3\",\"5\"]',3,NULL),(32,'Who Will Audit An Auditing Firm?','2022-11-17 06:55:17','2022-11-17 06:55:17',2,'[\"3\",\"1\",\"5\"]',3,NULL),(33,'What Is The Mean Of Decommission Liability?','2022-11-17 06:55:48','2022-11-17 06:55:48',2,'[\"3\"]',3,NULL),(34,'What Should The Internal Auditor?','2022-11-17 06:56:16','2022-11-17 06:56:16',2,'[\"3\",\"1\"]',3,NULL),(35,'How did you get into auditing ?','2022-11-17 06:56:40','2022-11-17 06:56:40',2,'[\"3\",\"1\"]',3,NULL),(36,'What Is Internal Audit?','2022-11-17 07:20:59','2022-11-17 07:20:59',2,'[\"7\",\"8\",\"1\",\"3\"]',3,NULL),(37,'What Is External Audit?','2022-11-17 07:22:56','2022-11-17 07:22:56',2,'[\"3\",\"8\"]',3,NULL),(38,'What Is Non Statutory Audit?','2022-11-17 07:26:37','2022-11-17 07:26:37',1,'[\"5\",\"8\"]',4,NULL),(39,'Do You Know The Different Types Of Audits?','2022-11-17 07:28:08','2022-11-17 07:28:08',1,'[\"3\",\"1\",\"7\"]',3,NULL),(40,'Do You Know What Are The Reasons For Getting Audited?','2022-11-17 07:28:29','2022-11-17 07:28:29',1,'[\"3\",\"8\"]',3,NULL),(41,'What Is The Mean Of Statutory Audit?','2022-11-17 07:28:49','2022-11-17 07:28:49',1,'[\"3\",\"8\"]',3,NULL),(42,'What Is The Purpose Of Meeting In Audit?','2022-11-17 07:29:06','2022-11-17 07:29:06',1,'[\"5\",\"8\"]',3,NULL),(43,'What Is The Mean Of Internal Audit?','2022-11-17 07:29:26','2022-11-17 07:29:26',1,'[\"3\",\"1\",\"8\"]',3,NULL),(44,'What Are The Basic Principles Of An Internal Audit Control System?','2022-11-17 07:29:52','2022-11-17 07:29:52',1,'[\"3\",\"7\",\"5\"]',3,NULL),(45,'Whats Are The Importance Of Evaluating An Internal Audit Department?','2022-11-17 07:30:14','2022-11-17 07:30:14',1,'[\"3\",\"1\",\"5\",\"7\"]',3,NULL),(46,'What Are The Importance Of Internal Audit To The Organization?','2022-11-17 07:30:35','2022-11-17 07:30:35',1,'[\"7\"]',3,NULL),(47,'Explain The Difference Between Internal Audit And Statutory Audit?','2022-11-17 07:31:02','2022-11-17 07:31:02',1,'[\"3\",\"1\",\"7\",\"8\"]',4,NULL),(48,'Tell Me That How I Can Evaluate The Internal Control Audit?','2022-11-17 07:31:25','2022-11-17 07:31:25',1,'[\"1\",\"3\",\"7\"]',4,NULL),(49,'Explain How To Do An Internal Audit Effectively?','2022-11-17 07:31:49','2022-11-17 07:31:49',1,'[\"8\",\"7\",\"5\"]',4,NULL),(56,'What are the principles of auditing?','2024-01-29 07:37:43','2024-01-29 07:37:43',1,'[]',3,'<p>This is Explanation</p>'),(59,'How long does an audit take?','2024-01-30 10:49:11','2024-01-30 10:49:11',1,'[\"3\"]',1,'Lorem ipsum&nbsp;is placeholder text commonly used in the graphic, print, and publishing industries for previewing layouts and visual mockups.'),(62,'What are business risks?','2024-02-01 10:27:02','2024-02-01 10:27:02',1,'[\"3\"]',1,'<p>Quisque ut aliquet orci, a ullamcorper justo. Integer pharetra vitae metus at fermentum. Nunc eget velit vel mauris fermentum sodales. Vivamus sed ipsum at lacus semper imperdiet. Aliquam erat volutpat. Phasellus ullamcorper justo vitae lacus ultrices, id ultricies dolor tristique. Curabitur sit amet neque quis orci euismod tincidunt. Pellentesque habitant morbi tristique senectus et netus et malesuada fames ac turpis egestas. Proin vitae ipsum vel nisi euismod congue. Suspendisse eu arcu aliquet, accumsan felis a, efficitur dui<img class=\"upload-image\" src=\"images/1667995571.jpg\" alt=\"\" /></p>\r\n<p>Quisque ut aliquet orci, a ullamcorper justo. Integer pharetra vitae metus at fermentum. Nunc eget velit vel mauris fermentum sodales. Vivamus sed ipsum at lacus semper imperdiet. Aliquam erat volutpat. Phasellus ullamcorper justo vitae lacus ultrices, id ultricies dolor tristique. Curabitur sit amet neque quis orci euismod tincidunt. Pellentesque habitant morbi tristique senectus et netus et malesuada fames ac turpis egestas. Proin vitae ipsum vel nisi euismod congue. Suspendisse eu arcu aliquet, accumsan felis a, efficitur dui</p>');

--
-- Table structure for table `roles`
--

CREATE TABLE `roles` (
  `id` bigint(20) unsigned NOT NULL AUTO_INCREMENT,
  `roles` varchar(255) COLLATE utf8mb4_unicode_ci NOT NULL,
  `created_at` timestamp NULL DEFAULT NULL,
  `updated_at` timestamp NULL DEFAULT NULL,
  PRIMARY KEY (`id`)
) ENGINE=InnoDB AUTO_INCREMENT=4 DEFAULT CHARSET=utf8mb4 COLLATE=utf8mb4_unicode_ci;

--
-- Dumping data for table `roles`
--

INSERT INTO `roles` VALUES (1,'Employee',NULL,NULL),(2,'Admin',NULL,NULL),(3,'Super Admin',NULL,NULL);

--
-- Table structure for table `tags`
--

CREATE TABLE `tags` (
  `id` bigint(20) unsigned NOT NULL AUTO_INCREMENT,
  `created_at` timestamp NULL DEFAULT NULL,
  `updated_at` timestamp NULL DEFAULT NULL,
  `name` varchar(255) COLLATE utf8mb4_unicode_ci NOT NULL,
  `description` longtext COLLATE utf8mb4_unicode_ci DEFAULT NULL,
  `themes` longtext CHARACTER SET utf8mb4 COLLATE utf8mb4_bin DEFAULT NULL CHECK (json_valid(`themes`)),
  PRIMARY KEY (`id`)
) ENGINE=InnoDB AUTO_INCREMENT=21 DEFAULT CHARSET=utf8mb4 COLLATE=utf8mb4_unicode_ci;

--
-- Dumping data for table `tags`
--

INSERT INTO `tags` VALUES (1,'2022-06-10 06:37:31','2022-06-10 06:37:31','General','general means belonging to, or prevailing throughout, a whole class or body collectively, irrespective of individuals','[\"3\"]'),(3,'2022-06-10 06:58:50','2022-06-10 06:58:50','Heterosexism','Heterosexism is a system of attitudes, bias, and discrimination in favor of heterosexuality and heterosexual relationships. According to Elizabeth Cramer, it can include the belief that all people are or should be heterosexual and that heterosexual relationships are the only norm and therefore superior.','[\"2\"]'),(5,'2022-06-10 06:59:54','2022-06-10 06:59:54','Sexism','Sexism is prejudice or discrimination based on one\'s sex or gender. Sexism can affect anyone, but primarily affects women and girls. It has been linked to gender roles and stereotypes, and may include the belief that one sex or gender is intrinsically superior to another.','[\"3\"]'),(7,'2022-11-17 07:13:22','2022-11-17 07:13:22','Classism','Class discrimination, also known as classism, is prejudice or discrimination on the basis of social class. It includes individual attitudes, behaviors, systems of policies and practices that are set up to benefit the upper class at the expense of the lower class.',NULL),(8,'2022-11-17 07:16:41','2022-11-17 07:16:41','Ethnocentrism','Ethnocentrism in social science and anthropology—as well as in colloquial English discourse—means to apply one\'s own culture or ethnicity as a frame of reference to judge other cultures, practices, behaviors, beliefs, and people, instead of using the standards of the particular culture involved. ',NULL),(9,'2023-09-28 06:42:10','2023-09-28 06:42:10','Ageism','Ageism is bias against, discrimination towards, or bullying of individuals and groups on the basis of their age. The term was coined in 1969 by Robert Neil Butler to describe discrimination against the elderly, patterned on the terminology of sexism and racism.',NULL),(10,'2023-09-28 06:42:18','2023-09-28 06:42:18','Ableism','Ableism is discrimination and social prejudice against people with physical or mental disabilities. Ableism characterizes people as they are defined by their disabilities and it also classifies disabled people as people who are inferior to non-disabled people.',NULL),(11,'2023-09-28 06:42:26','2023-09-28 06:42:26','Racism','Racism is the process by which systems and policies, actions and attitudes create inequitable opportunities and outcomes for people based on race.\n',NULL),(12,'2023-09-28 06:42:33','2023-09-28 06:42:33','Educated','Educated is a memoir by the American author Tara Westover. Westover recounts overcoming her survivalist Mormon family in order to go to college, and emphasizes the importance of education in enlarging her world.',NULL),(13,'2023-09-28 06:42:42','2023-09-28 06:42:42','Colorism','Discrimination based on skin tone, also known as colorism or shadeism, is a form of prejudice and discrimination in which people of certain ethnic groups, or people who are perceived as belonging to a darker-skinned race, are treated differently based on their darker skin tone.',NULL),(17,'2024-02-07 12:50:07','2024-02-07 12:50:07','Disability','The social model centers disability as a societally-created limitation on individuals who do not have the same ability as the majority of the population.',NULL),(19,'2024-03-07 07:19:26','2024-03-07 07:19:26','Dynamic','Dynamic','[]'),(20,'2024-03-07 07:41:07','2024-03-07 07:41:07','creative','creative','[\"2\",\"3\"]');

--
-- Table structure for table `themes`
--

CREATE TABLE `themes` (
  `id` bigint(20) unsigned NOT NULL AUTO_INCREMENT,
  `name` varchar(255) COLLATE utf8mb4_unicode_ci NOT NULL,
  `description` text COLLATE utf8mb4_unicode_ci DEFAULT NULL,
  `created_at` timestamp NULL DEFAULT NULL,
  `updated_at` timestamp NULL DEFAULT NULL,
  PRIMARY KEY (`id`)
) ENGINE=InnoDB AUTO_INCREMENT=4 DEFAULT CHARSET=utf8mb4 COLLATE=utf8mb4_unicode_ci;

--
-- Dumping data for table `themes`
--

INSERT INTO `themes` VALUES (1,'My Theme','My First Theme','2024-03-06 13:43:39','2024-03-19 06:00:22'),(2,'Harm','Harm','2024-03-07 07:18:20','2024-03-07 07:18:20'),(3,'Experience Dynamic','Theme','2024-03-07 07:18:31','2024-03-07 07:18:31');

--
-- Table structure for table `users`
--

CREATE TABLE `users` (
  `id` bigint(20) unsigned NOT NULL AUTO_INCREMENT,
  `name` varchar(255) COLLATE utf8mb4_unicode_ci NOT NULL,
  `email` varchar(255) COLLATE utf8mb4_unicode_ci NOT NULL,
  `email_verified_at` timestamp NULL DEFAULT NULL,
  `password` varchar(255) COLLATE utf8mb4_unicode_ci NOT NULL,
  `remember_token` varchar(100) COLLATE utf8mb4_unicode_ci DEFAULT NULL,
  `created_at` timestamp NULL DEFAULT NULL,
  `updated_at` timestamp NULL DEFAULT NULL,
  `company_id` bigint(20) unsigned DEFAULT NULL,
  `roles_id` bigint(20) unsigned NOT NULL DEFAULT 1,
  `logo` varchar(255) COLLATE utf8mb4_unicode_ci DEFAULT NULL,
  `jobs_id` bigint(20) unsigned NOT NULL,
  PRIMARY KEY (`id`),
  UNIQUE KEY `users_email_unique` (`email`),
  KEY `users_company_id_foreign` (`company_id`),
  CONSTRAINT `users_company_id_foreign` FOREIGN KEY (`company_id`) REFERENCES `company` (`id`) ON DELETE CASCADE
) ENGINE=InnoDB AUTO_INCREMENT=527 DEFAULT CHARSET=utf8mb4 COLLATE=utf8mb4_unicode_ci;

--
-- Dumping data for table `users`
--

INSERT INTO `users` VALUES (1,'Admin','hamza@mail.com',NULL,'$2y$10$EnkBtMvhLBVYhsYAWNuTH.lMLc/oQ5Gx.sBWcGH3xUWIQfjLMJiQm',NULL,'2022-06-03 00:51:04','2024-03-27 08:18:26',NULL,3,'1668071647.jpg',0),(2,'Manager','ali@mail.com',NULL,'$2y$10$q4usoQ2So5qNBmS0yy9yQuZiRQqtbseE7ofNPfL6v.89UwWyK1ooe',NULL,'2022-06-03 00:54:06','2024-03-27 08:19:53',3,2,'1657188596.jpg',4),(7,'Employee','veteran@mail.com',NULL,'$2y$10$2W/etI9G82/OulWEu/n4RuHmISids3c2o2LHJNvlUJFfV7GfSeEL6',NULL,'2022-06-03 01:22:37','2024-03-27 08:20:24',3,1,'1668071647.jpg',4),(12,'talha','talha@mail.com',NULL,'$2y$10$NY1aetguJqEp2dn7IMI2Me8yLIo5no4WehjX0dmAA51nDNQuwIMdC',NULL,'2022-09-13 04:40:01','2022-09-13 04:40:01',1,1,NULL,4),(14,'test','maek.el.y41.8@gmail.com',NULL,'$2y$10$dWCllUVhUE.w3thx6ZxTleE7hRVa6DhZ2wCp45L.s8hMygXpNOjn6',NULL,'2023-01-28 13:39:47','2024-02-06 09:54:09',NULL,1,NULL,9),(17,'Ali','muhammad.ali@veteranlogix.com',NULL,'$2y$10$H9hagwmWutICeftDfMjmzOotaYXmETYpCDwPjgjtih7PL7F1.thAS',NULL,'2023-09-28 05:45:19','2023-09-28 05:45:19',NULL,1,NULL,4),(23,'Casey','ehpJju.qphhbbq@flexduck.click',NULL,'$2y$10$HqpS6Qu3sST.KWe/cP60AOrezS3wjXne29bC34OuvVnonNYMD.cWS',NULL,'2023-12-28 16:24:19','2023-12-28 16:24:19',NULL,1,NULL,4),(24,'Kashton','iNavtu.bpqqjqj@paravane.biz',NULL,'$2y$10$H2P62YBSnYHGVikzzntRiOyuGcPT8ztEJ7y3DWczZx7Y2giM5b2ri',NULL,'2023-12-31 05:55:02','2023-12-31 05:55:02',NULL,1,NULL,4),(25,'Houston','zFjiMo.bmtwtmp@lustrum.cfd',NULL,'$2y$10$HHTD2VIU8U/9uhsmFNEkpOHBx9a0ej7N8XJQtjcJjFlP60FZUexf2',NULL,'2024-01-01 15:21:37','2024-01-01 15:21:37',NULL,1,NULL,4),(26,'Casey','YAosar.dpjcpjp@rightbliss.beauty',NULL,'$2y$10$1s4hbp88f2pFhH6agwP/POC9nN2aMNSs8NXh8MOXMNHC1c3xmTX2W',NULL,'2024-01-05 04:37:33','2024-01-05 04:37:33',NULL,1,NULL,4),(27,'Rosalyn','pHoVqW.pdmmjhq@flexduck.click',NULL,'$2y$10$SQSFudQlHzWz83rQSC8se.yOlTpzD9B1hE6q1CGpvkKDs7htpSlTO',NULL,'2024-01-12 20:03:03','2024-01-12 20:03:03',NULL,1,NULL,4),(28,'Scarlet','Xjfdix.phwqbjw@maxeza.click',NULL,'$2y$10$JFVw49GHQVzzsiLM0/XNwe/cN25UNFmLh/WSDPSTuyipqwhaVWau.',NULL,'2024-01-24 06:16:35','2024-01-24 06:16:35',NULL,1,NULL,4),(29,'haider','haider@mail.com',NULL,'$2y$10$lRKduLLUyTrmfdG6QdBcXe8oynr1SzB/0xsA5/CAT3yF3f8dmDe8.',NULL,'2024-01-29 08:27:34','2024-01-29 08:27:34',4,3,NULL,8),(30,'Regina','mNUtLo.dmhchmb@wheelry.boats',NULL,'$2y$10$ZH.N7qEame7cTcM6AQSvQ.slEtRxPro4EN39Y0BErMcowusr48soe',NULL,'2024-01-30 07:32:39','2024-01-30 07:32:39',NULL,1,NULL,4),(31,'Sawyer','xtuVOl.pjmhqjq@borasca.xyz',NULL,'$2y$10$GMN9e/6Lb4kpaYY4UmkhY.UfFFRW6Lq31tqAdzmCHiFu5m5ogZGIO',NULL,'2024-02-03 06:48:49','2024-02-03 06:48:49',NULL,1,NULL,4),(32,'aDXWJKdceVFt','amccarty6869@gmail.com',NULL,'$2y$10$IcS6XECpDbzB0a0wVc1jy.4WrDnGyhljRimNjgvM6w0DNcaMLYnwm',NULL,'2024-02-06 03:55:11','2024-02-06 03:55:11',NULL,1,NULL,9),(33,'Nora','tmsqQD.qcjdbjc@sabletree.foundation',NULL,'$2y$10$rnOmR8iJOrEo1YWKSi0k1O1rguckyiO/yo3BLBIj4v6w5KMIza88e',NULL,'2024-02-08 06:03:48','2024-02-08 06:03:48',NULL,1,NULL,4),(35,'dSWmMTghAELYIJf','marshall_gardjbmh@outlook.com',NULL,'$2y$10$nu7nOH1lwxUizGiiqO2rVuB.BzOfFPKR7jiY6sgOO5R7fEMXUZeXW',NULL,'2024-02-14 01:00:54','2024-02-14 01:00:54',NULL,1,NULL,9),(36,'hamza','mian.hamza8880@gmail.com',NULL,'$2y$10$zena0a64NZRhiE9aFMkfAuNKLOE08C.OxLtsAnhj6Ik2qDLxhksWq',NULL,'2024-02-15 12:22:21','2024-02-15 12:22:21',NULL,1,NULL,4),(37,'Palmer','arfPCs.tpwqpwd@flexduck.click',NULL,'$2y$10$zmcjo690gm5rpL7VbLJ.9ep4PmkUufzs/E7KZkXKrWimFJc3zBUwi',NULL,'2024-02-19 00:19:37','2024-02-19 00:19:37',NULL,1,NULL,4),(38,'William','JwtXjD.qhhhcbbj@borasca.xyz',NULL,'$2y$10$VbArI7je8cPDGUeILLaJc.Vwo5DvZxEzL0q7zY7VLuBHF/D1isiom',NULL,'2024-02-22 05:18:40','2024-02-22 05:18:40',NULL,1,NULL,4),(39,'test','test@mail.com',NULL,'$2y$10$ib4E0Y4BhEsU3LSZRIsZR.OADYuTLfZ5CxCwTEREOLmJqcctrq6/a',NULL,'2024-03-10 21:43:23','2024-03-10 21:43:23',1,2,NULL,4),(40,'Nfejdekofhofjwdoe jirekdwjfreohogjkerwkrj rekwlrkfekjgoperrkfoek ojeopkfwkferjgiejfwk okfepjfgrihgoiejfklegjroi jeiokferfekfrjgiorjofeko jeoighirhgioejfoekforjgijriogjeo foefojeigjrigklej jkrjfkrejgkrhglrlrk inclusiveaudit.com','vadimnea66+134a@list.ru',NULL,'$2y$10$sQWYSYUQMdFCAdXZdKDjbuZleM/T/9UvAy1Slmk2CSLT3Qj7aVBiy',NULL,'2024-05-06 12:53:30','2024-05-06 12:53:30',4,1,NULL,9),(41,'testuser','testuser@mail.com',NULL,'$2y$10$eP6ilsDBcDQnqf1qqYO8/eu1s9jVf6ak28T/BR7YI3RoX./RWqBfW',NULL,'2024-08-16 12:46:24','2024-08-16 12:46:24',1,1,NULL,4),(42,'yEFCNlfSymFW','denamd3887@gmail.com',NULL,'$2y$10$6AImWx/6fdabLkLMlXjYM.z7hfb5Vn873pnUdHPWGpYXIa7SHvLkK',NULL,'2024-11-09 04:27:04','2024-11-09 04:27:04',9,1,NULL,9),(43,'jWGjfrrnPIFt','kqj8njyfeyu0@yahoo.com',NULL,'$2y$10$PXNN7B50ll5rlG809Cy9XOpQ0s6IkDajVf1CoXAfaVSdyvQct2WGS',NULL,'2024-11-09 05:47:38','2024-11-09 05:47:38',9,1,NULL,9),(44,'cZroiATQg','sesking64@gmail.com',NULL,'$2y$10$QLSDggxJnOAIvUcpKT3z8OfMAOIgtN61TSwGGQLK3AYLuft7n0uGm',NULL,'2024-11-09 08:03:25','2024-11-09 08:03:25',9,1,NULL,9),(45,'vDEhSkMgoJ','fam.pilz@kabelbw.de',NULL,'$2y$10$MpjcbE0E89rYMfV0xJ0XD.oPTQkt441dIr7Um/7grC4F1OgpiTUSi',NULL,'2024-11-09 10:02:30','2024-11-09 10:02:30',9,1,NULL,9),(46,'GlKdOTjnLVMCD','jonnyevs@hotmail.com',NULL,'$2y$10$0dVkQdZFKOkRGO0NdQ45nOKb0XKFxniAMqCM3xn7uzadcQjGiKNBK',NULL,'2024-11-09 15:02:12','2024-11-09 15:02:12',9,1,NULL,9),(47,'FkGwrNlqQwneg','susu6117@gmail.com',NULL,'$2y$10$3Vlb8AxPYcKsi1.xmJ8bKOfaWFM094EVxqQhFnWjFfGBzi.hQadoW',NULL,'2024-11-09 15:32:41','2024-11-09 15:32:41',9,1,NULL,9),(48,'DJzTAgWwnRyyNdR','marypack87@comcast.net',NULL,'$2y$10$Te9fPGb4QTFV.Xr.21wcvObuqUuefxQUslTxfvt.JJALoyRO7iUGy',NULL,'2024-11-09 16:23:47','2024-11-09 16:23:47',9,1,NULL,9),(49,'ryZJYVeV','passaicfamily@gmail.com',NULL,'$2y$10$qFM3QQfmP1Pr2UP25iF8y.O09ZDJJkL3nTTBFogpJSUSwzFfCfO9a',NULL,'2024-11-09 16:51:25','2024-11-09 16:51:25',9,1,NULL,9),(50,'IHWJmNmx','myoken7676@gmail.com',NULL,'$2y$10$rMev8QYiSdc.fDHfD8fMSeu3KjG3Zo9hgIESoK.JMQsw5KWaPBhqS',NULL,'2024-11-09 18:48:20','2024-11-09 18:48:20',9,1,NULL,9),(51,'ghcIXlID','patriciaannrodriguez@gmail.com',NULL,'$2y$10$rv6nYM9rfN12lUkUwhlvFOcZiAklG7mDnSQ4I9Gahn9.IQdNHconO',NULL,'2024-11-09 19:46:29','2024-11-09 19:46:29',9,1,NULL,9),(52,'LQWdcXjQT','jayne.tritt@gmail.com',NULL,'$2y$10$TCgtm8wgbwVo5WEbs/.OdePOll3vCHNEKG83AYAAxHeiEADVVTkvC',NULL,'2024-11-09 20:33:38','2024-11-09 20:33:38',9,1,NULL,9),(53,'uiUeQRdagpZi','elliekent15@hotmail.co.uk',NULL,'$2y$10$OZUp9LyTNSfKJKUx9NMLaOBUKYWukKIHkTT3SNXzAwOmVEJ6OxyCq',NULL,'2024-11-09 22:53:02','2024-11-09 22:53:02',9,1,NULL,9),(54,'kUuSYSQHXdBQ','rouba@abwfoods.com.au',NULL,'$2y$10$dIWvJJtDJRFeneCdv24JoeTQ4SnMzFooPhqAnIyMQZbejSmPSM8K2',NULL,'2024-11-09 23:16:15','2024-11-09 23:16:15',9,1,NULL,9),(55,'jLjmAaGNrC','charlotteg2009@hotmail.co.uk',NULL,'$2y$10$aM4qX0EwrNYrhnyLdofZl.56R6kWddaxG6IN2EeUkiYVYZHZgPuCS',NULL,'2024-11-09 23:32:35','2024-11-09 23:32:35',9,1,NULL,9),(56,'rnWGYijdwGwLDc','lldoucett@gmail.com',NULL,'$2y$10$v12WHqPwszrbI.ZW1qxSs.2E6hT.bfud6v/uapigvXptJVCcR2xwq',NULL,'2024-11-10 03:16:26','2024-11-10 03:16:26',9,1,NULL,9),(57,'uxcaLsUvlgUbyv','jacksonphillip100@gmail.com',NULL,'$2y$10$LdCvsstdlr4y1hEfs4.3GOJfgKr5qFvi2Hcq85eCc/Uj5zTix3wz.',NULL,'2024-11-10 07:12:33','2024-11-10 07:12:33',9,1,NULL,9),(58,'XcXXgQNCELWoNE','lindahsiehwilson@juno.com',NULL,'$2y$10$T3Ew8ffcSPrMI2urTXaZG.N8c7OInYRUqXWS.VBpQ5OWVl7HKYTfK',NULL,'2024-11-10 09:55:57','2024-11-10 09:55:57',9,1,NULL,9),(59,'XgAyxrDyVcrAf','brad.katrin.woodworth@gmail.com',NULL,'$2y$10$xLGdcI3MzbSQ.KYTuqaM3eHCwkNbXDtcqVuFC93nMOhRxqnBTcvZW',NULL,'2024-11-10 10:36:36','2024-11-10 10:36:36',9,1,NULL,9),(60,'ctMmYPnudODJrY','zykierrah20@gmail.com',NULL,'$2y$10$ClhhhkH/yWGwfLRoFYOWuuIwNDU9agCly9EzDHN7dy8DQ1CLI/8mC',NULL,'2024-11-10 14:26:53','2024-11-10 14:26:53',9,1,NULL,9),(61,'pkJEmkTWnaZW','st.fiofab@yahoo.com',NULL,'$2y$10$2GocPCkyMpeScmIq19ICeOIYvIyQRAC9Dwp11ru5zit4YMwPaqWlO',NULL,'2024-11-10 15:28:44','2024-11-10 15:28:44',9,1,NULL,9),(62,'ULIZwrdynkoLZub','charnettafurdge40@gmail.com',NULL,'$2y$10$uasZVo5.GmmsqnMlSGNyg.T6XQmsYRaYTGUMDY1jKemzNqlnLTKIS',NULL,'2024-11-10 15:38:40','2024-11-10 15:38:40',9,1,NULL,9),(63,'FKSZXaNlzzc','zxcww777895112@gmail.com',NULL,'$2y$10$H.aaJmWreQSXMfTA7dijVO31X5tukjSzm8EDQJfA5Jn1cqdjR7.i.',NULL,'2024-11-10 15:43:26','2024-11-10 15:43:26',9,1,NULL,9),(64,'KlICMWMhmbOsgU','treecare@hotmail.co.uk',NULL,'$2y$10$r1Uk2urZ/5Pdd5/muINtx.OFLyGVHZbrzRl9bK/nKpQuEHnZOTopq',NULL,'2024-11-10 17:42:44','2024-11-10 17:42:44',9,1,NULL,9),(65,'UuhqWVWJo','peter-rosenfeld@dg-email.de',NULL,'$2y$10$wsFCZYk8pMHSGqiQAzeSkuqxGbl429/H06GSSh7l40bD1f8SxjlV2',NULL,'2024-11-10 18:28:20','2024-11-10 18:28:20',9,1,NULL,9),(66,'TcjmWVNsDwKpj','anita420c@gmail.com',NULL,'$2y$10$ISkEnsy9cpKkS57wFquFgeviqkHsyHuyguoCAJVStiPsx012G/8SK',NULL,'2024-11-10 18:32:57','2024-11-10 18:32:57',9,1,NULL,9),(67,'PuQIsyKzJv','acastrops@gmail.com',NULL,'$2y$10$prqDW8usGmJxbsJQVLbGK.ASe7kJAEBN6TMtp1YT3Q7TLB6CuVW6m',NULL,'2024-11-10 18:34:34','2024-11-10 18:34:34',9,1,NULL,9),(68,'KhPhxBVmzgIF','laurarandall@hotmail.co.uk',NULL,'$2y$10$tzCaE3bzIb.lP/N6iSW6N.tJEqXK2Uw7czOfTGWGvodDzZqVx2POu',NULL,'2024-11-10 19:51:57','2024-11-10 19:51:57',9,1,NULL,9),(69,'vzTXKSPjW','ktjordan21@gmail.com',NULL,'$2y$10$7MHpZJx98FYfWf7UGD1zpuwmlIlCmdjdPGnCOodTg96Oy2k9zJEma',NULL,'2024-11-10 21:00:19','2024-11-10 21:00:19',9,1,NULL,9),(70,'YdwlyAlnybEmqiT','inokai0311@gmail.com',NULL,'$2y$10$PYIxNdLXm6MnDRkpYoWzYOsjvUz1j3R5ZBjlpepuIdcP3Ue/AyYwm',NULL,'2024-11-10 22:15:08','2024-11-10 22:15:08',9,1,NULL,9),(71,'kIlwtrpKX','paola.bucciarelli@yahoo.com',NULL,'$2y$10$NlDXOPSvuz1AGxfopPCZI.8VdEIOnuApfPQQDQfRspwgBhWVETvDa',NULL,'2024-11-10 22:52:08','2024-11-10 22:52:08',9,1,NULL,9),(72,'xEuPRirFniKh','blackcrytv@gmail.com',NULL,'$2y$10$ByiOOLOAvJvffdpYodEwCu4aJD.gfXIJjpkIOV.qr90alCgCvDSGa',NULL,'2024-11-11 00:32:16','2024-11-11 00:32:16',9,1,NULL,9),(73,'gJzlQgnNJCYSVs','x0qsevuxsnu3rbfi@yahoo.com',NULL,'$2y$10$UVxZ9Y1T1be/htNEGGZ6geoGvkBRF4GBcFIGFJh6fsQkFmBa1pxby',NULL,'2024-11-11 03:48:12','2024-11-11 03:48:12',9,1,NULL,9),(74,'kEPsSTWU','mangiacotti@gmail.it',NULL,'$2y$10$7PdRDJOW1kKAxWv4O0PJfeKeKuTjfsY02RUCFk4FsfL9HzW3pKcEC',NULL,'2024-11-11 05:15:00','2024-11-11 05:15:00',9,1,NULL,9),(75,'IRJJoYMgOgqLvP','ritchiefh@gmail.com',NULL,'$2y$10$1Ulx3AVL.hKKJl8fq.4UN.rIcBSdbxvxZ1p4GdEO.X6rEFvV60cHK',NULL,'2024-11-11 06:57:20','2024-11-11 06:57:20',9,1,NULL,9),(76,'ziNHoUeFedln','hdettmers@abeking.com',NULL,'$2y$10$8bqxLKZLdLSQ.f0xpK9UtuZhQ6Hoqz5TtK4A07prtz/wdn3kW7JCm',NULL,'2024-11-11 08:08:05','2024-11-11 08:08:05',9,1,NULL,9),(77,'ZtwDaXeNddiVb','skumar@tripartmgmt.com',NULL,'$2y$10$BdSJa2eFzYJQ4P.EkNy04OTz0ctwGx/h5BdQ4GMlb63yAcHafNilO',NULL,'2024-11-11 08:08:43','2024-11-11 08:08:43',9,1,NULL,9),(78,'epVrokNiQyr','ann-cathrin.mueller@aex-experts.com',NULL,'$2y$10$6HO6E67DIowIdRa8ZzqQnuhVuyFIrzo8WlQcJxe79Vn8PTQu4/h/6',NULL,'2024-11-11 08:49:46','2024-11-11 08:49:46',9,1,NULL,9),(79,'sPWnnEXxkYmVq','guske@accentro.de',NULL,'$2y$10$njGX5AbVipfvAN/SZSUAEet3dGKNj7fpD6G5H2ZSqCbO3vL8vJS8C',NULL,'2024-11-11 09:29:13','2024-11-11 09:29:13',9,1,NULL,9),(80,'JwvfqsMlMDzaVvM','dolgeo@abbelen.de',NULL,'$2y$10$qf177.bDpZ5lbCvpWHheGusyBRwRofrMdawy7qphZwLJRGF92Yy.G',NULL,'2024-11-11 09:32:12','2024-11-11 09:32:12',9,1,NULL,9),(81,'uIcDtOVhv','purchasing@nowyoucansee.com',NULL,'$2y$10$uqXambKQ0Z2U/5W76LV/0uv/9pEJ4Q.r1ABNLtWDyK7d4TajAtheu',NULL,'2024-11-11 09:34:17','2024-11-11 09:34:17',9,1,NULL,9),(82,'TOqAmVdv','accexpd@accumalux.com',NULL,'$2y$10$aomOi3yfW4xW8w74MknhJe6YB89SZrworvJU7nT6PSwquZSP8s91S',NULL,'2024-11-11 09:35:52','2024-11-11 09:35:52',9,1,NULL,9),(83,'GbixFqcWP','rshutt473@gmail.com',NULL,'$2y$10$9D57pxQ6ff4pyv7drLiENuUZk1Me9/JPoUfjQ7EojKrKkOutGNQSi',NULL,'2024-11-11 09:51:52','2024-11-11 09:51:52',9,1,NULL,9),(84,'aLTsIZsZGvl','rds.systems.usa@gmail.com',NULL,'$2y$10$kaVZwb5phDFuK7ITurbOuOf8xx23XdY12gdtvhHVs9yhEW8q76iwa',NULL,'2024-11-11 10:26:44','2024-11-11 10:26:44',9,1,NULL,9),(85,'JuJIIAyEDT','to.aoki1991@gmail.com',NULL,'$2y$10$bS98Gzlljs.kisw0SyDwd.kfgummZYgjFpBRLgHDlCgel2Qmaz7au',NULL,'2024-11-11 11:08:23','2024-11-11 11:08:23',9,1,NULL,9),(86,'NrJTHdonZLrt','alan.bain@gmail.com',NULL,'$2y$10$hEZCaq5FoHmixzof19UPc.KOATorzPqqcr204ernMOBeiCaBPIGem',NULL,'2024-11-11 11:48:24','2024-11-11 11:48:24',9,1,NULL,9),(87,'vUmFKQPbO','markus.schulz@yaskawa.eu',NULL,'$2y$10$SwEM6/KnltH5OwRsD/pBX.HX.6d7F0R5Egu/6lGtVchQvdAurM12q',NULL,'2024-11-11 11:51:02','2024-11-11 11:51:02',9,1,NULL,9),(88,'hUJgNRBGO','bgetchen@gmail.com',NULL,'$2y$10$pEljcqjjKqubYTwbE2umYuliigEhzeg5UwzkH.NNbXvwlfw2uMbAi',NULL,'2024-11-11 12:19:43','2024-11-11 12:19:43',9,1,NULL,9),(89,'YccWwNULV','jbaut294@gmail.com',NULL,'$2y$10$23IfSjeb8Cuofqxf1h61JulXZkCa4oVEfbHcRpNtWmyJwAwrycVpK',NULL,'2024-11-11 12:22:29','2024-11-11 12:22:29',9,1,NULL,9),(90,'yIQdYNGrrKQlZd','zennonn1@gmail.com',NULL,'$2y$10$p.T7tXYByb25pKxVDjnC5eHHrZ6bcNMrsgvMS7ijXIJJx8p.L0WUm',NULL,'2024-11-11 12:37:42','2024-11-11 12:37:42',9,1,NULL,9),(91,'fdhWqVJavyYK','jeanmariekondek@gmail.com',NULL,'$2y$10$oZqdsoopOqsZUU.sVfL/fuj3G5.kUAd1hLUvsiskKbCsh9.d.MPBu',NULL,'2024-11-11 13:00:30','2024-11-11 13:00:30',9,1,NULL,9),(92,'jsoqXAFCyO','maticstevo@gmail.com',NULL,'$2y$10$pFU3xnQHjOCv/knkWDrV3OakXN9BG0PaAJQ7EkvIWno6R0/0G30oG',NULL,'2024-11-11 13:48:51','2024-11-11 13:48:51',9,1,NULL,9),(93,'lwBdoxjm','bugnbugn1@gmail.com',NULL,'$2y$10$K1oVTGTCgwoW7V3JgLZjLueIc8ZuDPrqnv08ndR6w7HASdcqDQjr6',NULL,'2024-11-11 14:29:24','2024-11-11 14:29:24',9,1,NULL,9),(94,'ObTZajhRCRxaBv','amg4984@gmail.com',NULL,'$2y$10$NuVGT54a7YTaepEuSMvkvemda.GCTgD5AxmnXtTN2vhElpyIjZatS',NULL,'2024-11-11 14:46:08','2024-11-11 14:46:08',9,1,NULL,9),(95,'JKNFTsQcDM','don@steammusic.com',NULL,'$2y$10$HkZBk.g7gvFKQG0I/NzGP.FfqQOf9LuveBFlutLnSNr93u1nv4IcW',NULL,'2024-11-11 14:53:46','2024-11-11 14:53:46',9,1,NULL,9),(96,'SWAMZlAEorVbz','cdoughertyjr@gmail.com',NULL,'$2y$10$CJIO873mQK5s2tcKXnma6ungc52prdkCN.Wt2hOpwJqAcMYFMWwq6',NULL,'2024-11-11 15:13:40','2024-11-11 15:13:40',9,1,NULL,9),(97,'qFuiIPCpzPoIt','alexismadrid13@gmail.com',NULL,'$2y$10$tB7novBC8lKwaUAoO1oY6uW0SnFgAYuQnFdM0ncuIBES4DUu7Lo7q',NULL,'2024-11-11 16:38:02','2024-11-11 16:38:02',9,1,NULL,9),(98,'ManOdKvgvBoAL','jessy.michy@hotmail.de',NULL,'$2y$10$qmA0USTpwPdddcHmypztoOMaW4cwfmg54H3CgwJJmmrHqcH/1/TYe',NULL,'2024-11-11 16:54:03','2024-11-11 16:54:03',9,1,NULL,9),(99,'lNOGsxSKhvYCT','robinsoncameron930@gmail.com',NULL,'$2y$10$zF5SkinD3utY7LnDQLfioepCjFCLRap9rv.SjsX24VUeIP5z0fIPe',NULL,'2024-11-11 18:48:15','2024-11-11 18:48:15',9,1,NULL,9),(100,'DbKtjShf','jcreidenouer@gmail.com',NULL,'$2y$10$R59vnp87ik.iEkxNxV4K0uIc6z9kqRtqhcoFXAPohzY7VlE59/n8i',NULL,'2024-11-11 19:12:54','2024-11-11 19:12:54',9,1,NULL,9),(101,'GmgcCGyCVS','caitlynrobb2703x@gmail.com',NULL,'$2y$10$opwpTV6r6rEAVP6Y0h74.OouS4kt6Tu1nEjoo1gVvM8NJkQePXW.a',NULL,'2024-11-11 19:16:10','2024-11-11 19:16:10',9,1,NULL,9),(102,'TeNfDRHiclXVcpl','johnston330@hotmail.com',NULL,'$2y$10$tzlIxP0C70bzlgT84uHirOGtFmT4B.TRe2tg4mdmEbN7gTe6UJPRS',NULL,'2024-11-11 21:21:21','2024-11-11 21:21:21',9,1,NULL,9),(103,'FkSzmzGri','edjimenez77@gmail.com',NULL,'$2y$10$ohPt2rDWhklicpaqbgn5tu3ULtM2Z0jccqrqVB5RFankAxPRv9JVS',NULL,'2024-11-11 23:12:50','2024-11-11 23:12:50',9,1,NULL,9),(104,'fRrTHVKjZRq','allison.conkright@gmail.com',NULL,'$2y$10$Thx6cJ3JKCErAvhwozmcVuq59PfYKaLbn5cHPofGxS7FkODFZM1Ue',NULL,'2024-11-12 00:11:36','2024-11-12 00:11:36',9,1,NULL,9),(105,'EbkxdksvgrTRc','info@amechi.co.uk',NULL,'$2y$10$ig7DRglwAeBIdjjFskdpSevtOl4BpNhvNesfscU59PKaog43E9UkO',NULL,'2024-11-12 00:31:32','2024-11-12 00:31:32',9,1,NULL,9),(106,'SWGpNGzCnPVYN','cuthbertsonamanda@gmail.com',NULL,'$2y$10$w8/XjwjmTp/buji4WZMLD.dRs3Oo./5LD8VkbT4IFsofOkRcf.gly',NULL,'2024-11-12 00:52:57','2024-11-12 00:52:57',9,1,NULL,9),(107,'MoMAKOZqweMRp','taraboudreaux70@outlook.com',NULL,'$2y$10$0NfWVMHbhswYGxBTxuquyO0KIwV4j.7GrYHJS/IOeod92eziNUMeO',NULL,'2024-11-12 03:02:00','2024-11-12 03:02:00',9,1,NULL,9),(108,'gCEYPkOh','dksaarush@gmail.com',NULL,'$2y$10$wiQ5rn/d2u.xRXxlrxCQzOSi1Wx7ioYHNjUVVq0mpK/8wA6P.nn1W',NULL,'2024-11-12 05:35:37','2024-11-12 05:35:37',9,1,NULL,9),(109,'enGmhNBPMzibXt','sslick81@gmail.com',NULL,'$2y$10$8MeKPmFG7SeGoYSZGYK50etv3ItdYbno2xB1NF34m6.S2QFZ6/ama',NULL,'2024-11-12 05:50:21','2024-11-12 05:50:21',9,1,NULL,9),(110,'VHAtmNGGO','philip.hemmetter@gmail.com',NULL,'$2y$10$Qm5ewsiBagb3TeXK3wagEeJRnZ/2R6kcdzKy71cLL3ZUY29Aw1EEm',NULL,'2024-11-12 08:47:33','2024-11-12 08:47:33',9,1,NULL,9),(111,'axEtkeUUvtUI','bdashi@ejot.com',NULL,'$2y$10$tfM/KTNEbdWbqvzXfHTkoO.sMZSv02ngXqkMf3hjSX90cy79f.uva',NULL,'2024-11-12 08:55:16','2024-11-12 08:55:16',9,1,NULL,9),(112,'PaMaJbVwfxM','saniilu213@gmail.com',NULL,'$2y$10$VVWamN49PEG.5HLr20ecWul5QxhmvIt6AZMKjHUSdjh7o/uFAd/Dq',NULL,'2024-11-12 09:49:22','2024-11-12 09:49:22',9,1,NULL,9),(113,'NtMszhcSzNjKih','anthony.chambaud@eckes-granini.com',NULL,'$2y$10$K5qPWYgtYfiP/bxAkwS2kus2dVa58HCVp3HQgQlt3OM1aJ0.0etI2',NULL,'2024-11-12 10:14:01','2024-11-12 10:14:01',9,1,NULL,9),(114,'ZGQoJAsuZcyQuQ','dr.gulf@gmail.com',NULL,'$2y$10$YziNqudHmgaQXLAfRrMh4.tLsYFvc2F0RGb3SiWrxZ2PP/bVjl4D6',NULL,'2024-11-12 10:58:00','2024-11-12 10:58:00',9,1,NULL,9),(115,'pBsvIZQLtvywzXH','oldrat2014@gmail.com',NULL,'$2y$10$fBUeu9AiJOtBvJmXIeWaS.43bisThW05EYKI9Cw2NiipREo5/d4PK',NULL,'2024-11-12 11:04:50','2024-11-12 11:04:50',9,1,NULL,9),(116,'OJKiezCdOfKb','nicholasorrenti321@gmail.com',NULL,'$2y$10$9EBSErbDboNes.qy0Gei1.C5MPNINC.Bn5IAront0WGVWSNfhiCa.',NULL,'2024-11-12 11:58:44','2024-11-12 11:58:44',9,1,NULL,9),(117,'DSLvhqcD','david.pelliccia@bgh.de',NULL,'$2y$10$9ixgpq5ugiFVGHNmKL884OV9b3vXBhebS5wgFGrmwb2CPDIrzx4uW',NULL,'2024-11-12 12:37:24','2024-11-12 12:37:24',9,1,NULL,9),(118,'sZCBDshgcJGd','cgslehigh@gmail.com',NULL,'$2y$10$6f2Wk6KCjUVEq5hE0x6tKuliXiUp02KtHz8TYoBEOGUk1vjT9o1rG',NULL,'2024-11-12 12:56:03','2024-11-12 12:56:03',9,1,NULL,9),(119,'qpoqCyDSlaYUe','ahmedhassan7_@outlook.com',NULL,'$2y$10$9.MFDWsq0OcfuSZy1zq0fuBAZ8X2/kqJ2exlill6w9IqI8084HM5W',NULL,'2024-11-12 13:30:32','2024-11-12 13:30:32',9,1,NULL,9),(120,'wGNvUUDL','maryam@gr8realestate.es',NULL,'$2y$10$L21qZbpmJ6NdrxKjgZW4W.NZ0c8Vmkdmg2v2qVzW35i.oFVRW0Pd6',NULL,'2024-11-12 13:41:42','2024-11-12 13:41:42',9,1,NULL,9),(121,'fVeDHhEgAi','pat.johnson1106@gmail.com',NULL,'$2y$10$tk/j5LyyYz5VGq3t6JO9be9uSxmnHhUuJwIztFs35od7BaQ05sxly',NULL,'2024-11-12 13:52:36','2024-11-12 13:52:36',9,1,NULL,9),(122,'vrjymMFDlreOv','christoph.wedler@sap.com',NULL,'$2y$10$gFt/ttdcBr//tT/iaHzeb.QP0OWsuuW7SRHluekIbfdYfIeXrwCe6',NULL,'2024-11-12 14:15:24','2024-11-12 14:15:24',9,1,NULL,9),(123,'pOXYzYwp','info@firstgroup.it',NULL,'$2y$10$wj3/0jrT9dW3P9TtSGeipud3ONrl0TKCOYS2VDSk.XbBmGdWdCmaK',NULL,'2024-11-12 14:15:37','2024-11-12 14:15:37',9,1,NULL,9),(124,'XTmVrmVMloWUYAv','heike.suessmilch@doll.eu',NULL,'$2y$10$RrIkchcGSZ88AY0Y.9RxWuxXzygobFdOm6XBI/Tb.Ah08i/UJ4YIu',NULL,'2024-11-12 14:45:30','2024-11-12 14:45:30',9,1,NULL,9),(125,'SmUkjjGU','tuan2me@gmail.com',NULL,'$2y$10$z0nOpbru4KrNuz.Kbsvwce9MVPVPqTPwlPJ7Rtg5MFzVuXXuieJ2W',NULL,'2024-11-12 14:48:03','2024-11-12 14:48:03',9,1,NULL,9),(126,'SuhQrtrNHIYeWf','chris.young@rsandh.com',NULL,'$2y$10$rHL4Tfe7YHVQ0CTrWuOgAeYDpVI6kz/XRXoiOIk8DMTPIonDA76nC',NULL,'2024-11-12 14:52:12','2024-11-12 14:52:12',9,1,NULL,9),(127,'ZCUZRrWVNnYiYCU','amyrico@gmail.com',NULL,'$2y$10$lnSsqLOyNs9Zqi3HO3nfOe.9/pgYw0tCHPuXYNMy5hy.cs4bR5cEK',NULL,'2024-11-12 15:13:55','2024-11-12 15:13:55',9,1,NULL,9),(128,'bAdhvCDelboBWG','effie.brooks@beva.org.uk',NULL,'$2y$10$qy3uZDP6bDk6jj3Lt.sQpeRFqwB2LB15soNce9fxVOWdps1FQqkvu',NULL,'2024-11-12 15:18:56','2024-11-12 15:18:56',9,1,NULL,9),(129,'qpGLulzPuu','bretts@csphouston.com',NULL,'$2y$10$KaTb6fldevPCDrONycXo7e7m675cn3wjE0PDvJ6fRS99m9ZvsZy.m',NULL,'2024-11-12 15:24:37','2024-11-12 15:24:37',9,1,NULL,9),(130,'KagckstZTD','helena.schermer@beckers-group.com',NULL,'$2y$10$2NYlGfZTw.sojzJODorUKefhmoAWhHfXy05hdBX7.7Kd5.28sBCh6',NULL,'2024-11-12 15:26:06','2024-11-12 15:26:06',9,1,NULL,9),(131,'ZrlbsQhwbdkLH','david.mountford@beva.org.uk',NULL,'$2y$10$knfVTqIgUxKN1rIsQG1mVu436dLwPGf6SJRh1079q9Xip7FVXxE7e',NULL,'2024-11-12 15:30:17','2024-11-12 15:30:17',9,1,NULL,9),(132,'iUtqGztISRj','evangelos.theodossiu@vincotech.com',NULL,'$2y$10$stoEBjSevi9ncOqatVhaFuN4Ys1rjvhd6bW.hevIJ7YJsIaY69u36',NULL,'2024-11-12 15:32:49','2024-11-12 15:32:49',9,1,NULL,9),(133,'fpDBCKEljwtmkwI','antonio48avarino@hotmail.com',NULL,'$2y$10$yDQC.2JHcUC1YeHKEl5IxuI8m297kFrsFPboBdodGnZjsbQmIKlO6',NULL,'2024-11-12 15:49:42','2024-11-12 15:49:42',9,1,NULL,9),(134,'gpONUImNNea','jweiland@reliable-churchill.com',NULL,'$2y$10$tF7uGEosiaWIBDRWhWZoe.MGExTxoCB/6RqGnBM/NNpCo4X0CX6Di',NULL,'2024-11-12 15:53:12','2024-11-12 15:53:12',9,1,NULL,9),(135,'zBLLxoPHPzcttDp','daniel.valles@geon.com',NULL,'$2y$10$kgPzvdx6Wfoe9Cp4RKgOa.CPVOBmmKCgPA8F5WHHlXeRlSn94E80e',NULL,'2024-11-12 15:58:35','2024-11-12 15:58:35',9,1,NULL,9),(136,'rGVmXAWUZOSaZpH','kelly.wall@cccga.com',NULL,'$2y$10$2ls2o6abxT1GGlx.T88H1.LKw/4ID7k9ig0CliRzfsVzxvc4Q1jey',NULL,'2024-11-12 16:00:09','2024-11-12 16:00:09',9,1,NULL,9),(137,'cYcUrgcYcUyjzY','kkonecko@wacoal-america.com',NULL,'$2y$10$ei1gQAu1Wq3hIOJRwvcrEu8fx/RotsqmL5XIE80FFyIXhzhI4K.lC',NULL,'2024-11-12 16:00:21','2024-11-12 16:00:21',9,1,NULL,9),(138,'AokecMhTlCfTbnU','mhellman@bepc.com',NULL,'$2y$10$WWGiZAGr9acBRPfaYqJvxOmm7brFenmchJmdrTaR4kLkt6dOtvhui',NULL,'2024-11-12 16:02:34','2024-11-12 16:02:34',9,1,NULL,9),(139,'LRSZTqDhkWWJPdX','bwestern@epi.org',NULL,'$2y$10$B/wFb3kfutUrsqSETf9kvedCG5V.Mym/pCyk78DB/CBvnPVlvJwiS',NULL,'2024-11-12 16:05:45','2024-11-12 16:05:45',9,1,NULL,9),(140,'TJyWQXatiri','claudia.heil@peri.com',NULL,'$2y$10$Ke5q1BnetzYg4qH6B2l9peCNAjbQSgRygVcLUS4Zxn2rrj1a4LXma',NULL,'2024-11-12 16:08:55','2024-11-12 16:08:55',9,1,NULL,9),(141,'uwIBgXRx','marilynmartin202@gmail.com',NULL,'$2y$10$X2twIkAKCh66RnY56EyaeOHMNSxkUQDuY3qQbcFzJKdMGRa5iQqGa',NULL,'2024-11-12 16:13:08','2024-11-12 16:13:08',9,1,NULL,9),(142,'NRSaoCQjX','h.kummermehr@lemken.com',NULL,'$2y$10$X0W91SmqzEGFgagUCHPlxu1/FXsWxLLY54P/q16tVTqBV58jo50iK',NULL,'2024-11-12 16:14:54','2024-11-12 16:14:54',9,1,NULL,9),(143,'qaNXiESHDUg','rhorton64@gmail.com',NULL,'$2y$10$fRGWJrg1agr8dp7wXMuLGuSaUZVo5o7jyhd4phVyl8Ughx0zac5Cq',NULL,'2024-11-12 16:28:33','2024-11-12 16:28:33',9,1,NULL,9),(144,'YeecqZBNzhDal','tporter@dtool.com',NULL,'$2y$10$m.8Ord1TsPA9HDaRtMRptOu6Om29orJnFm/Tq6VEUsVlqdcacsq0O',NULL,'2024-11-12 16:47:27','2024-11-12 16:47:27',9,1,NULL,9),(145,'UyueVZlxApTWEf','kathy.yu@astrazeneca.com',NULL,'$2y$10$JtxUX211dAL.YvbEtaDHwO/uMDQvKaLC5cUEcEFEXr2uZhP.dhozm',NULL,'2024-11-12 17:03:59','2024-11-12 17:03:59',9,1,NULL,9),(146,'YINqqzVm','smais@igus.net',NULL,'$2y$10$zM8zRWvI7DfUVvUn/ts3nOuzhxlGFqKwC7HzofP.ziPmuho1qk2KK',NULL,'2024-11-12 17:40:08','2024-11-12 17:40:08',9,1,NULL,9),(147,'aUxuPbNOfR','peter.kytka@bkvibro.com',NULL,'$2y$10$IzDzNTSaRO.C90mSM8ExNuxTaeQJ3CREJngECzdZI9Hn.FAHUURxa',NULL,'2024-11-12 17:47:18','2024-11-12 17:47:18',9,1,NULL,9),(148,'EnhdGGAbpNDr','jfwilliamsgt@gmail.com',NULL,'$2y$10$I2KP8cnpU4Kgi1h5rXwSfuKUPIoZ3mqW.s/qTzVS.ihxRNjYLjUAC',NULL,'2024-11-12 18:00:54','2024-11-12 18:00:54',9,1,NULL,9),(149,'CtAHPwpMCMDf','jdeanta@rcpmanagement.com',NULL,'$2y$10$x5vPt0G9dAxSXi7wJ3PzwuWkSeP16OVxhbe1zL8cvA5jireuNj4Mm',NULL,'2024-11-12 18:20:32','2024-11-12 18:20:32',9,1,NULL,9),(150,'KCULPKNSVQ','jtarbert1@gmail.com',NULL,'$2y$10$M4YmlA588wmIqlIkr1JHHO.u9ibv.8wO3pwAq9zromGFQJFoPOh92',NULL,'2024-11-12 18:21:51','2024-11-12 18:21:51',9,1,NULL,9),(151,'pRnEjWsQLqaN','rajlakshmi.krishna@accenture.com',NULL,'$2y$10$hIG.1f.gxnSY6CE8kgOV3ejeTUyEZ5uMmFy7YbZAjrHNKY7YAWhti',NULL,'2024-11-12 18:23:34','2024-11-12 18:23:34',9,1,NULL,9),(152,'FPashcMxqQzFKL','tobias.pauly@vossloh.com',NULL,'$2y$10$kijghuDIDJO..i/LaWONxOAxa.LYBnbIvnowfU608LXQRJtplNMGy',NULL,'2024-11-12 18:28:42','2024-11-12 18:28:42',9,1,NULL,9),(153,'FIPDwIbL','rachel.e.barton@accenture.com',NULL,'$2y$10$.yRUdzq4D9dn9nLd3oUr8.ZC9MTnehrUBLt1kTYG19ZAbfv0sdLIW',NULL,'2024-11-12 18:54:49','2024-11-12 18:54:49',9,1,NULL,9),(154,'RdBdMuPSZJXdzvx','christopher.beaner@gmail.com',NULL,'$2y$10$.2rpz4BWMg3fB0speO43He/8StVcFq.QzUjUwGg3KgH1U/KPDotki',NULL,'2024-11-12 18:59:00','2024-11-12 18:59:00',9,1,NULL,9),(155,'IIZLyoEcXqR','cbrown@cudd.com',NULL,'$2y$10$zbleFkIYzGOheM/ygWURp.CBmA35D.JsYx/20bdFdTdA5bCZkjWju',NULL,'2024-11-12 19:25:18','2024-11-12 19:25:18',9,1,NULL,9),(156,'nPaOvrxEvHXmemg','mikedraper87@gmail.com',NULL,'$2y$10$XNo8znZRK43kCMAOYoihzOtzFaoGbwyUCD9MYbIDTa.BAaRGV21uK',NULL,'2024-11-12 19:33:55','2024-11-12 19:33:55',9,1,NULL,9),(157,'aqqsHJAwuBMMAIM','shad.lierley@schuff.com',NULL,'$2y$10$bLQu/4YWeHTKPUMUHYb/OOLcQzJySiDlJG8Q2bSE3nx3uNJUHDEyC',NULL,'2024-11-12 19:34:14','2024-11-12 19:34:14',9,1,NULL,9),(158,'XeHADyNhzoTc','rjenkins@cudd.com',NULL,'$2y$10$aPtAYWX8Jhv7W4It9qiLGu.b2w5FV6yfQDNbfoMXQoFaeQtbEIoyi',NULL,'2024-11-12 19:40:45','2024-11-12 19:40:45',9,1,NULL,9),(159,'zsgsdTkishbuv','smccoy@searsseating.com',NULL,'$2y$10$kZBwg82HbGqCdrOdeuJwLesdtziaN4UtvoRODG4wD7lKDiFnXzT.6',NULL,'2024-11-12 20:12:39','2024-11-12 20:12:39',9,1,NULL,9),(160,'PQKbzckAKyXUIej','afears@cudd.com',NULL,'$2y$10$gQidJi5LZOFuBj5l/uh6vu64ufq8XYwDTf2Ri5o4KnHQU8JfnLf0W',NULL,'2024-11-12 20:15:11','2024-11-12 20:15:11',9,1,NULL,9),(161,'nThMTdNGpieS','dorozco@cudd.com',NULL,'$2y$10$ZBiLzLYc7WFoOvrA/yYnR.gtDFdeJeCKKmjq6W9lBi8Se0WRV8Hba',NULL,'2024-11-12 20:16:32','2024-11-12 20:16:32',9,1,NULL,9),(162,'fsJcRecmBVVft','mpule94@gmail.com',NULL,'$2y$10$vb9gpF/3GdNwkPJA8tZ87Ok4uupt9xh2sr39KRy0IjNloEukUe7O2',NULL,'2024-11-12 20:19:54','2024-11-12 20:19:54',9,1,NULL,9),(163,'hFEUwgHOfl','pschones@cudd.com',NULL,'$2y$10$qX.ERtcyoX8yqSbCT8e25.aB6JzYn54sm/ZYBRMe3UfL5n3B5A3F6',NULL,'2024-11-12 20:20:54','2024-11-12 20:20:54',9,1,NULL,9),(164,'VwGtUjIu','mbrown@cudd.com',NULL,'$2y$10$LMyElSCgg94TwB4LSENhF.Gsp8lMfVcKdIAPTIGMuYENcRiZHHw16',NULL,'2024-11-12 20:45:16','2024-11-12 20:45:16',9,1,NULL,9),(165,'YpqArYvNYxmGSF','ahuffman@palmerholland.com',NULL,'$2y$10$zFu9KbvKL3QpErM029HDQuvvpIEbZpC/DzzDW68eVoZqv2z92t3aq',NULL,'2024-11-12 20:54:41','2024-11-12 20:54:41',9,1,NULL,9),(166,'QlhBBjdwlAkbujG','branford.mcallister@gmail.com',NULL,'$2y$10$FSO6NbGPDrtqmwfBiKnvuOaMEe8Djc9Egh62FqfxZRRsBMc3AMWb6',NULL,'2024-11-12 21:01:19','2024-11-12 21:01:19',9,1,NULL,9),(167,'KheOIaupMXiChw','apatton@thebuildingcenterinc.com',NULL,'$2y$10$2u1Pj7BMjWSBhEVSFhXj7.bzVwmB/raoGkFoC.Hzkp0fkFv65igj6',NULL,'2024-11-12 21:13:13','2024-11-12 21:13:13',9,1,NULL,9),(168,'vNZRPJWQW','michael.dodsworth@atlona.com',NULL,'$2y$10$JnugES62V4f8ratVgCQi1e6dpPE32uiHx.SFcduBvIwL1I32nn5HG',NULL,'2024-11-12 21:42:21','2024-11-12 21:42:21',9,1,NULL,9),(169,'uOGAoQXNFtSC','brennac@dunnlumber.com',NULL,'$2y$10$CRIhnJOtrQF6PYX8p1FlGeblWsAmOPJChIAx5mN4iXnUtNlAvWyJe',NULL,'2024-11-12 21:57:44','2024-11-12 21:57:44',9,1,NULL,9),(170,'YzXoaehvED','bharjala@wyze.com',NULL,'$2y$10$winT8s09cEyEdEIj6qr6/uWY9tsy1X0AZmIvfRV/rBv/WvSFAtuCm',NULL,'2024-11-12 21:59:23','2024-11-12 21:59:23',9,1,NULL,9),(171,'dohHNfCKDX','jsf050847@gmail.com',NULL,'$2y$10$JuTGlNzuexfBVsrz4HP0qedOtbMYeDVRlWbCqoXIwtqpfj991Lfxq',NULL,'2024-11-12 22:01:20','2024-11-12 22:01:20',9,1,NULL,9),(172,'VtKVogQK','abdrhmn.abdurrahman@apps.ipb.ac.id',NULL,'$2y$10$2gK6hbm7z4RiD33lO7qrr.75mfoseirEn7uTCuAvVe.a6A.c/VyZG',NULL,'2024-11-12 22:04:19','2024-11-12 22:04:19',9,1,NULL,9),(173,'qelVKLlkUkOQo','drchristman23@gmail.com',NULL,'$2y$10$I8Oh.Lsx3HIdVX6N4QI44eB0cBgJ/bDmOzr/qdZar47ssADI92TC6',NULL,'2024-11-12 22:16:03','2024-11-12 22:16:03',9,1,NULL,9),(174,'XGcOsPLEL','askzee@oiandd.com',NULL,'$2y$10$N.rCysMh5rcRJyjQVCAe8etR5NmHLLKtzJjz2EgJDO2c5AnC90B3O',NULL,'2024-11-12 22:37:47','2024-11-12 22:37:47',9,1,NULL,9),(175,'TNBUMnWIosCfe','s.lobstein@eizadesign.de',NULL,'$2y$10$6LYAYCBPDj4Lz5YCXyaMCus/L0YHNTRSe3tDdryKlBSbPapyjJyc2',NULL,'2024-11-12 22:52:12','2024-11-12 22:52:12',9,1,NULL,9),(176,'jMzFbBwsyIsh','j.emmanuel48@gmail.com',NULL,'$2y$10$hXB42UzCpvVotk1S40UQ6uv1TxpXptO6Tj3zTrGiPDCPag0fkUT4.',NULL,'2024-11-12 23:14:04','2024-11-12 23:14:04',9,1,NULL,9),(177,'sfjYdtkAhx','angelfumagalli@gmail.com',NULL,'$2y$10$3h/q5XFOfKDo7w7wR8N3euXmgPjYpeN8g2zBxYHhxUVKPRnA251IO',NULL,'2024-11-12 23:15:01','2024-11-12 23:15:01',9,1,NULL,9),(178,'ejrCnpmeRheL','ron.gaydos@gmail.com',NULL,'$2y$10$sbVnQ.PDGIsCZza70/NX5euLJddq8m6mdWJWJ0Mu7CFN54r5wOMgu',NULL,'2024-11-12 23:28:26','2024-11-12 23:28:26',9,1,NULL,9),(179,'tYAUZeakaQ','anhnhangheo@gmail.com',NULL,'$2y$10$mp70icPaEONc.hnsc42uF.HQTznO3fVLpe6r.0fPFgGTAVq8oHGOq',NULL,'2024-11-12 23:50:17','2024-11-12 23:50:17',9,1,NULL,9),(180,'IhnubrkVRLDoSXu','samplecarl85@gmail.com',NULL,'$2y$10$J4WnAY7SPAZgSKUYQ3/48uX6PPVOV8z6epdjKkzjr3n13HOfGNQQq',NULL,'2024-11-13 00:06:21','2024-11-13 00:06:21',9,1,NULL,9),(181,'fjRFXHcu','adamthebantam@hotmail.com',NULL,'$2y$10$y3xzAVhMw0I1SNjMc1IiEe3TwdeZuH//VexSXzrbR5C5G3dXif5QS',NULL,'2024-11-13 00:15:03','2024-11-13 00:15:03',9,1,NULL,9),(182,'afUNYNbPyl','martyvec@comcast.net',NULL,'$2y$10$vAkmu2//a01lSYz5GqVYrudlJ6XM/mArpe8QbjDWcCXVzMryuJJpO',NULL,'2024-11-13 00:49:31','2024-11-13 00:49:31',9,1,NULL,9),(183,'EpWxvsnRr','sderbyshire1@comcast.net',NULL,'$2y$10$QPHXIP5OMn4uKNcfB9mqTeZxq/Xd.fddo2nF3m8TnQoVNpeuBPkna',NULL,'2024-11-13 02:46:50','2024-11-13 02:46:50',9,1,NULL,9),(184,'NCSxVXnlYNxs','theslaviccat@gmail.com',NULL,'$2y$10$G/vAGD8Y74qlgJmJSWja8ugdyvPCbDoBQ6lux1Qee7HiNsUeH4HNK',NULL,'2024-11-13 04:41:33','2024-11-13 04:41:33',9,1,NULL,9),(185,'xniBObhqTdm','jrpzachary@juno.com',NULL,'$2y$10$cUdFbbemEaPCvnnul.zC5eJr88TUmS0t5mMKfZ.yRtUeW.mlVQP2K',NULL,'2024-11-13 05:12:14','2024-11-13 05:12:14',9,1,NULL,9),(186,'DygGCmxDMqBs','happy_luppy0714@icloud.com',NULL,'$2y$10$g1GP3o3wj8b2gOo0LKJ.xuTDjSCXpoazAfXYI2ILEzIaI6VZQEDUm',NULL,'2024-11-13 06:32:46','2024-11-13 06:32:46',9,1,NULL,9),(187,'onloGWOhNGM','buchmaier@atc-aviation.com',NULL,'$2y$10$GvtDPiJiSfumdA15YUrIy.F0hHF90EZSwrpvCanmCnl3xtwZc9MnO',NULL,'2024-11-13 07:53:33','2024-11-13 07:53:33',9,1,NULL,9),(188,'zvRuzxSNLgdoS','bahamilton7777777@gmail.com',NULL,'$2y$10$JhMG9.H0TfcYjd4GzRs6j.J.tpP2TRU4xCSlLDT3d47lKhHBBcjkS',NULL,'2024-11-13 08:43:53','2024-11-13 08:43:53',9,1,NULL,9),(189,'mpuDlFxKG','joguest83@gmail.com',NULL,'$2y$10$nXzTI0w/3liw7bolr161DezsaBT6NFkjxI9YM5XvOpcjrBF8GKEhO',NULL,'2024-11-13 08:58:23','2024-11-13 08:58:23',9,1,NULL,9),(190,'KboSxcakKFRIVa','macheln29@gmail.com',NULL,'$2y$10$mNIoTkBYyPWepKquXLvrYOxXVn9ZMjX85zv72Q0WWo0CrXWYe2P0S',NULL,'2024-11-13 09:05:48','2024-11-13 09:05:48',9,1,NULL,9),(191,'ORkyqrHAuyNIgUm','wildflowers19@icloud.com',NULL,'$2y$10$yqUAOQDdNZxJEJhufP.Tiesx0gNFEwCPboPcbwdY6/mKd/4M7EELe',NULL,'2024-11-13 09:31:23','2024-11-13 09:31:23',9,1,NULL,9),(192,'bzBsyjUi','buchhaltung@atreus.de',NULL,'$2y$10$G2SQhJEqylIshGoEBsVIiep/QOpam81drOiBkOrJ9YBBcJLwJj/qe',NULL,'2024-11-13 09:38:04','2024-11-13 09:38:04',9,1,NULL,9),(193,'dGsSqXVJnb','weddingtonmadeline@gmail.com',NULL,'$2y$10$ZCQZ.xCgrUPvYWjELUrDRefUzCNGDPO0P1Na2GMhYOh4ddokFoy5a',NULL,'2024-11-13 09:38:36','2024-11-13 09:38:36',9,1,NULL,9),(194,'DfNfgINKID','javier14kd@gmail.com',NULL,'$2y$10$LmJRG7Cavv4cabuOhBbbJes.APoedjPJFXHJ6MDVxpJjxT6f/ZdQa',NULL,'2024-11-13 09:59:01','2024-11-13 09:59:01',9,1,NULL,9),(195,'NuBTeiJYG','danilo.decristofaro@fatzer.com',NULL,'$2y$10$lJR8z/g415qMep6M5ZilhO5vsPvyfkX541KFUabbX/gn44u2Bxiq.',NULL,'2024-11-13 10:34:15','2024-11-13 10:34:15',9,1,NULL,9),(196,'oUofAyBhYM','qir4rsvuua@yahoo.com',NULL,'$2y$10$8Ip69/K74K1zecxVLr8Y8e37QSVtclVxXzdJpsWKkPLOFVmVjLyja',NULL,'2024-11-13 10:51:28','2024-11-13 10:51:28',9,1,NULL,9),(197,'dEEntZWDZmbdWq','julia.ster@becker-mining.com',NULL,'$2y$10$z4z3jqQxeNWS3l1WfKEC9.djV6fEntpnUIw9EmwRpu3bJlX8ZN9Ja',NULL,'2024-11-13 10:59:26','2024-11-13 10:59:26',9,1,NULL,9),(198,'EfDpLmGmRMeix','m.sieber@erco.com',NULL,'$2y$10$T85iU1/3QsHgzlwQcdD8TOMc1gv0X2mrqgDhH82ONHVv5y3SikTLq',NULL,'2024-11-13 11:18:56','2024-11-13 11:18:56',9,1,NULL,9),(199,'RssAHFWIobyRNuy','joe.zaboroski@berndorf-usa.com',NULL,'$2y$10$Gh9DO5b2ZLQLTFSgG.GiQO0sspVWrn1xj5vofkXzJAoy65r.N3t22',NULL,'2024-11-13 11:20:36','2024-11-13 11:20:36',9,1,NULL,9),(200,'EBMnXVzzG','kirsten.kulike@baader.com',NULL,'$2y$10$yd0t8Ty.ksgDoedLcciAdeHQW7eHaKg7jZmrpRmIH/h6vAxBY1HaS',NULL,'2024-11-13 11:37:33','2024-11-13 11:37:33',9,1,NULL,9),(201,'MSuxJtoZka','dilek.faki@bestsecret.com',NULL,'$2y$10$0v3RfQkc/q1YmbNLueOA3e8eIlfxxFJWhBLsZp5JFUDxMXTFkA20.',NULL,'2024-11-13 11:40:47','2024-11-13 11:40:47',9,1,NULL,9),(202,'LeACEyjm','dennisbosley303@gmail.com',NULL,'$2y$10$4QRTRK/KVnPt4KLUBTBCpOzb0iqMl.bnnqLyeLVdGnaLKv..zC.b.',NULL,'2024-11-13 12:23:53','2024-11-13 12:23:53',9,1,NULL,9),(203,'VZYIrKgBwIm','vanessa.dessis@gmail.com',NULL,'$2y$10$Xc4uU8i/6EX1f5xIQ/S5XuKC1Rf64zcbFdKpgalKnu72sMLyawkLe',NULL,'2024-11-13 12:26:36','2024-11-13 12:26:36',9,1,NULL,9),(204,'NrLmAFJXoByg','martin.loris@becker-mining.com',NULL,'$2y$10$KnlpGO4HNtrUGII77UZDseNXVGblrAIvA2WWUk15aGyX6zlC/e9/e',NULL,'2024-11-13 12:42:01','2024-11-13 12:42:01',9,1,NULL,9),(205,'qoUzOHbMDpwLok','marstrain@hotmail.com',NULL,'$2y$10$wRTVGnVIBeuW0wviToeSBuqYtfgZw2rSurvlqP.vZu87iRCU7aQBi',NULL,'2024-11-13 12:53:11','2024-11-13 12:53:11',9,1,NULL,9),(206,'ngRFfBVlvLWIn','mario.bergmann@benztooling.com',NULL,'$2y$10$SuWzoIc0HfcNJABHXD7zouVAETJ4QH1BXbuLEK3fM5jOwz0TMyo3.',NULL,'2024-11-13 12:54:19','2024-11-13 12:54:19',9,1,NULL,9),(207,'GavuJxdkh','matthiasfischer@bhs-world.com',NULL,'$2y$10$2SPMq9cOtoKoHliPKbrQ7u.1IuatxcEzSzBzM4ifTYPQ5awVPMjeS',NULL,'2024-11-13 13:06:54','2024-11-13 13:06:54',9,1,NULL,9),(208,'YVOOEpKDDcFj','martina.sklenarova@bucherer.com',NULL,'$2y$10$F1CU7RntzNIQqFxK.OdvXOnieDTdYJGOjY6Sgdts9FoXZh.d8jnuS',NULL,'2024-11-13 13:52:13','2024-11-13 13:52:13',9,1,NULL,9),(209,'YZJDnDTOgfaMo','cfagan@forumchambers.com',NULL,'$2y$10$W4T.PEWYZyVZ.7iCh.JQtusHw8PFtWxd81mpu4iKjoRK9arhiESQm',NULL,'2024-11-13 14:02:51','2024-11-13 14:02:51',9,1,NULL,9),(210,'KPLWuLyqnsXM','mlaroche@hmhparis.com',NULL,'$2y$10$qTfpoz3t1tTi8npSfcrwTubshPIA3yzqVF1t426MBTRACVXwEAWCq',NULL,'2024-11-13 14:03:53','2024-11-13 14:03:53',9,1,NULL,9),(211,'uLFknTJgJfr','mark@harr.us',NULL,'$2y$10$eAC4xGgYzx.43zfTlwBedeUxtFsVmVe0Qnc.AdINJQ5kfDZhaeWN6',NULL,'2024-11-13 14:12:51','2024-11-13 14:12:51',9,1,NULL,9),(212,'stmqhhYYAXgKmjX','ricesmith@gmail.com',NULL,'$2y$10$rSMiG8q3mctqQrK8D8eQn.vA7FTIBJFV9WF8fgv83jFUnqpgw5tLu',NULL,'2024-11-13 14:34:06','2024-11-13 14:34:06',9,1,NULL,9),(213,'ekaDBZpEddw','dhall@landuse.us',NULL,'$2y$10$yIDpCWHvPXngXUAEbzz2VONUs0GBpI9dKzBsaGCHHbUvJDPNE92uq',NULL,'2024-11-13 14:44:13','2024-11-13 14:44:13',9,1,NULL,9),(214,'ePVYKWRGIJA','jagirppatel@gmail.com',NULL,'$2y$10$YbPw2kodNXnBDOHie8voCenMD3.vaI2JM7M/uYraKDgm69UOdP32O',NULL,'2024-11-13 15:02:29','2024-11-13 15:02:29',9,1,NULL,9),(215,'YJETZchyvO','bcoppage@kellybros.com',NULL,'$2y$10$FCgGPnRIX/vL8fv1mekwTugLlnx//.GNM2/.6na4E6Xdcvwd3qI/q',NULL,'2024-11-13 15:22:14','2024-11-13 15:22:14',9,1,NULL,9),(216,'aulMnmSXYvI','bsutcliffe@gmail.com',NULL,'$2y$10$2kkZbAiIDRhtp9eQwQgOHuSp.4ewqnq6MZqElvIVpto1T1bfrAO92',NULL,'2024-11-13 15:22:14','2024-11-13 15:22:14',9,1,NULL,9),(217,'amnXpsWsaOT','tomm2811@live.com',NULL,'$2y$10$LvFqb4fgFSunrBdDI2p4SOFAUy1jvR6vgdd7ZAR/8ichHCcwTIyN2',NULL,'2024-11-13 15:31:18','2024-11-13 15:31:18',9,1,NULL,9),(218,'dXJWEUVY','stevestracener@earthlink.net',NULL,'$2y$10$/JXT2Nqso2R8w6E95Wcl1O0aZcd5NQt0rwI/L8aJ.AysLtgVcjRES',NULL,'2024-11-13 15:35:15','2024-11-13 15:35:15',9,1,NULL,9),(219,'VcnLPRofdgqrGO','kieranharmes.khs@gmail.com',NULL,'$2y$10$VUfzdeLCbY/NUJVD3quBTeuJ/agTjJ495Cmyx5x.fEH.PgwHlg2DS',NULL,'2024-11-13 16:11:04','2024-11-13 16:11:04',9,1,NULL,9),(220,'VECizeZoZlLw','ipaksoy@boyden.com',NULL,'$2y$10$OPN0tnqq.ni9XkPoGfUt4e2xwMh5GRNTsfzybJIXLRvtqEn9QpAXS',NULL,'2024-11-13 16:19:09','2024-11-13 16:19:09',9,1,NULL,9),(221,'NRhKBXnGUWRtzD','ahmedheteba@hillintl.com',NULL,'$2y$10$5FJqfdQtKO57KOlGe4bFMulmQAbwSf8da/fsUx965V9olCxZRGVDW',NULL,'2024-11-13 16:32:07','2024-11-13 16:32:07',9,1,NULL,9),(222,'GYRBxBtM','beal08@hotmail.com',NULL,'$2y$10$5uK0ZN1jpGh11FoLJaGc8uPAkPfZh1kdzaBPJqwn.lSM1MjCAzBLa',NULL,'2024-11-13 16:36:51','2024-11-13 16:36:51',9,1,NULL,9),(223,'GmmGdKYw','knapel@api.org',NULL,'$2y$10$gGQA4LJisgeXFEt2r7n0KeguImUg3ZsRsjEft1SRbN/Dd45xSoLce',NULL,'2024-11-13 16:45:44','2024-11-13 16:45:44',9,1,NULL,9),(224,'DsaaVbuf','mmcnulty@eliassen.com',NULL,'$2y$10$iWdXGMawgZwxD6uUc38Bf.xpURjDiYW9EXCoVEVlaK2RwYoKF6lIe',NULL,'2024-11-13 16:53:05','2024-11-13 16:53:05',9,1,NULL,9),(225,'NKskhooUPWACUP','anas.kasem@frost.com',NULL,'$2y$10$5Yz3vG7QNpRaOp4l9zxcweZJfJsUrLF5ocmfvUibcFu.doXNQycOe',NULL,'2024-11-13 17:08:32','2024-11-13 17:08:32',9,1,NULL,9),(226,'IUhvMxSnUr','jkain27@gmail.com',NULL,'$2y$10$TOVME06x4gcrB9egkNtOYugln9QXgnlRRWPwUH94KOmfTqXUpuK9C',NULL,'2024-11-13 17:26:09','2024-11-13 17:26:09',9,1,NULL,9),(227,'fwlkbDGZMpiNhh','mssamantha.pride@gmail.com',NULL,'$2y$10$86wLsCDBocJrDzoD91vX/.cz6nZ5T/U1VwWvuZp6vaUKyhVFJRcHu',NULL,'2024-11-13 17:38:42','2024-11-13 17:38:42',9,1,NULL,9),(228,'IjqMKpitJyOhOxr','johnmaaseide@gmail.com',NULL,'$2y$10$HnlV/L/0qgUYPFxSAEjO0OUQbeUl0SecImeGNDrXprQPxrwqSV//2',NULL,'2024-11-13 18:03:45','2024-11-13 18:03:45',9,1,NULL,9),(229,'pCuUvZHNobZv','alice-9393@live.co.uk',NULL,'$2y$10$WUP.O3EpkGoyIETHJSNCh.9JMLFVur1m6yaMpk7kazv1O6dBkGXdS',NULL,'2024-11-13 18:16:44','2024-11-13 18:16:44',9,1,NULL,9),(230,'tiEDWodHXUVS','utkarsha.laharia@som.com',NULL,'$2y$10$QxlM5mKZrybf0OcCzECQte40fypHpThyDfH5XjrsSKP4E5AzvPkum',NULL,'2024-11-13 18:27:32','2024-11-13 18:27:32',9,1,NULL,9),(231,'bdEMUucOHhjVZ','gpjones@talk21.com',NULL,'$2y$10$vvOLy7xuER5XQjPJuHQEDu1hIBYHAbMuNar6U.m43DxTQsabybIW6',NULL,'2024-11-13 18:33:17','2024-11-13 18:33:17',9,1,NULL,9),(232,'SjdckUwwtts','tanya.wipraechtiger@bluewin.ch',NULL,'$2y$10$Y3/KxIeKuzgLrxzOVkG32eoN/atJb.LsGdK/Le2O8mjnb0jJqGA/y',NULL,'2024-11-13 18:55:30','2024-11-13 18:55:30',9,1,NULL,9),(233,'UyVBZdAAyUox','mkulkarni@plugpower.com',NULL,'$2y$10$6IqxgZqU5J2dmdbq63WYLuwetsIw8wkJpEIeLWEHDpIRTyG9XUSvy',NULL,'2024-11-13 19:35:12','2024-11-13 19:35:12',9,1,NULL,9),(234,'EVXXyPjnge','david.corenstein@worldwide.com',NULL,'$2y$10$880PcsBH2srFU2Kdzgez9OxQ4ctvGWyPb9a/t4O4ncz8kQf6cu5sO',NULL,'2024-11-13 19:35:24','2024-11-13 19:35:24',9,1,NULL,9),(235,'OlnpFIQzIPBv','andreas.burmester@right.com',NULL,'$2y$10$vniEVeC6SaZOjWbVkOKq3OsxyFMDhAFBsh/3SmJ.hzicKJzmwipOC',NULL,'2024-11-13 19:40:38','2024-11-13 19:40:38',9,1,NULL,9),(236,'fJucgmxuVgSNjMu','cathy_molavi@85cbakerycafe.com',NULL,'$2y$10$EKatl3gOQOqy7txaanGZh.foNfNnzJXzqSKZQGc2aqJ85yDxuwGBW',NULL,'2024-11-13 19:46:14','2024-11-13 19:46:14',9,1,NULL,9),(237,'soMYcmYVHomzG','youssef.salman@live.com',NULL,'$2y$10$rGouQr8EZVEcvRl7fKpMiuuwNQI2pPsNKlNgncWFAM/OEa6kNfxHO',NULL,'2024-11-13 19:47:11','2024-11-13 19:47:11',9,1,NULL,9),(238,'wBxwWfaRn','audrey@dotandcompany.co',NULL,'$2y$10$oX9NPIyRypIp35kziwe4E.l03R/G7/N5QYL0.HDxfzdWVTkHTq3fG',NULL,'2024-11-13 20:02:46','2024-11-13 20:02:46',9,1,NULL,9),(239,'qEakGJYByTlnrRI','fushing.tfs@gmail.com',NULL,'$2y$10$6F4gT.HJBvRnr9jVhMJaWOPfaSdX4LZXo0/WBUNYwnGl8Bs8LTN1e',NULL,'2024-11-13 20:21:48','2024-11-13 20:21:48',9,1,NULL,9),(240,'kXCkaWQAhrzaqU','stephenparsons111@btinternet.com',NULL,'$2y$10$uQJdDTzo7lLFcLoGcYlneuMV2vQrq0JNa2ZVVrHP6Q3EcxjNkkHe.',NULL,'2024-11-13 20:58:12','2024-11-13 20:58:12',9,1,NULL,9),(241,'pIsrEFbgFxqf','dylanben1508@gmail.com',NULL,'$2y$10$6opeNlQkoOCWK8ilHUYKW.i/V5GWGIR.sK28.TeSRLgrxmdrlDRgK',NULL,'2024-11-13 21:06:39','2024-11-13 21:06:39',9,1,NULL,9),(242,'gZmVdkjtHoT','rodrickfaison@gmail.com',NULL,'$2y$10$wyMeTyfqz7JOM/xA8VNKkeqVqtpoUbSZBQV.AGZX0bVCA7GQk/ao2',NULL,'2024-11-13 21:16:16','2024-11-13 21:16:16',9,1,NULL,9),(243,'KMRUtPSIDa','k_collett@hotmail.com',NULL,'$2y$10$/9oy7JP.MVdMMtFy4k2L8ewX3uJKS6iXqIW6nP0H66ijDP3PdolHu',NULL,'2024-11-13 21:24:00','2024-11-13 21:24:00',9,1,NULL,9),(244,'pfvoJIvm','gillygilchrist2015@gmail.com',NULL,'$2y$10$sNQNtpjae6cUtkhMTE4RQOvnumAx6WMFR9gCgdpDnyfrgH5WKrqPS',NULL,'2024-11-13 21:31:15','2024-11-13 21:31:15',9,1,NULL,9),(245,'BXXYhlHR','jonwgowing1985@gmail.com',NULL,'$2y$10$N2WdxsQvQ87WUmqO5UIcvOu6VQchhyffpKrg/2nBrS/yZJrgasUE6',NULL,'2024-11-13 21:58:48','2024-11-13 21:58:48',9,1,NULL,9),(246,'RpDkYEpCEMIVz','j.j.mehilba@gmail.com',NULL,'$2y$10$SFYJa4SzhwOZXbIWXC5nLe1ZwtrUEY0LjgGaQKRv84CjRwevWwe9m',NULL,'2024-11-13 22:37:57','2024-11-13 22:37:57',9,1,NULL,9),(247,'wgMCbgZxAjtRGA','g.campbell@mail.com',NULL,'$2y$10$w6JUrNlnOEyLH1YNrnVfP.f763yJ40pDHchfVgXKhDgL3R.jUh0wi',NULL,'2024-11-13 22:48:32','2024-11-13 22:48:32',9,1,NULL,9),(248,'gAGswotmj','corrales69@msn.com',NULL,'$2y$10$aJTXR6/EnV8v69SqyoBJuu6j0OYki4I/avo19UXhhndmBqZdcMOim',NULL,'2024-11-13 22:59:29','2024-11-13 22:59:29',9,1,NULL,9),(249,'OgieNBFSCcNAgOP','sunnybunx3@gmail.com',NULL,'$2y$10$zPT77YHOKFgT.0AntHWi.uGR0ymQD41t6wUhKrDjZQWu8OQgXElL2',NULL,'2024-11-13 23:05:52','2024-11-13 23:05:52',9,1,NULL,9),(250,'TQylCMubHEDHSSz','west467@gmail.com',NULL,'$2y$10$PcKIewUCNabnWHhwl2KnBOF2MJ1REwlveExn.F5mnuuKNggzNxJYS',NULL,'2024-11-13 23:12:43','2024-11-13 23:12:43',9,1,NULL,9),(251,'MqKeEoBTVKfkFZ','scottmkoltick@gmail.com',NULL,'$2y$10$p8av/9IUQ1qEXcZ4dV8NTufYdBhETkK.pGqqlKBBgmrxvStYGU7HG',NULL,'2024-11-13 23:59:52','2024-11-13 23:59:52',9,1,NULL,9),(252,'xSJctYdWgDv','vsybcvurcnmkg@yahoo.com',NULL,'$2y$10$CrwHlyVhmEqlzL1Qp0zclut7P8DtN1CV7wsA5nBSZLjuY49v.gMRO',NULL,'2024-11-14 00:05:03','2024-11-14 00:05:03',9,1,NULL,9),(253,'ZWjtABYFJsjUe','abigailwwest@gmail.com',NULL,'$2y$10$hsfO1TaKArhGZbfJMRDTLuge6XxiG2X2NwuN/QoEnPtDDjjAZZnmu',NULL,'2024-11-14 00:41:29','2024-11-14 00:41:29',9,1,NULL,9),(254,'CWzzGyIkExWux','srskemp@hotmail.com',NULL,'$2y$10$o/AZ5ZujTlPi9GoXRilpk.vcnHytFLStiE33rPdMyEyZCBsil1uai',NULL,'2024-11-14 00:54:10','2024-11-14 00:54:10',9,1,NULL,9),(255,'RVHffgnSFRORt','marianelamary14@gmail.com',NULL,'$2y$10$mRvVtR.MezWN6Wqibrb1e.7rCcqaNo.lT120AauqcLYWsMlnrGBw.',NULL,'2024-11-14 02:45:18','2024-11-14 02:45:18',9,1,NULL,9),(256,'TBBEoGvopu','09042277xxx@gmail.com',NULL,'$2y$10$UwtT2fv4x1a.Fbsx1IgIjuy1/.wBizUGtK7dQPFTbDfoieMSuL9sW',NULL,'2024-11-14 03:50:42','2024-11-14 03:50:42',9,1,NULL,9),(257,'luLhudQUxg','k.ruttmann@gmx.at',NULL,'$2y$10$u1YPVmhHXn7i7UeXddZ8fexiYQq83do/qaKpNteD67MP4CQxEDgdS',NULL,'2024-11-14 04:59:01','2024-11-14 04:59:01',9,1,NULL,9),(258,'vHjNkhod','shortie3191@gmail.com',NULL,'$2y$10$IZreOZ6ufGiHlwiBtnbeLebVx6A/tpgcVApyIxD7LeLe7eHdROdBy',NULL,'2024-11-14 07:54:51','2024-11-14 07:54:51',9,1,NULL,9),(259,'tXXIGsBBzYXXKrX','yves1776@yahoo.com',NULL,'$2y$10$1nkLT03Zf3qW3xyHnGbJTOQBQ/7KFhZOJp79X4mcVhP7XM9LBI2uq',NULL,'2024-11-14 13:18:19','2024-11-14 13:18:19',9,1,NULL,9),(260,'bhaImtjm','awifubkekpde@yahoo.com',NULL,'$2y$10$SBg7jXNz7jSQsS.FltoeHOvLes4OAhY0ztvASTLBXb0eROk14akgC',NULL,'2024-11-14 16:44:05','2024-11-14 16:44:05',9,1,NULL,9),(261,'ijlivUzJcxXUXLD','Elementofworld@outlook.com',NULL,'$2y$10$ZFUnRNqJLqR452k9xfQB5./eP7zwwnQOvsszsrv5S418U.VMr7rze',NULL,'2024-11-14 21:34:58','2024-11-14 21:34:58',9,1,NULL,9),(262,'nRlwyfgOTiYinHM','goitinh.1980@yahoo.com',NULL,'$2y$10$pNPoFaaHuYgDmKhvOvI4.eaIWkku/d.2Wdaw5Dmc87nxP2mtyM9eG',NULL,'2024-11-15 02:10:31','2024-11-15 02:10:31',9,1,NULL,9),(263,'NexKhojVSAnVyN','mrellruzek@yahoo.com',NULL,'$2y$10$6qPS7ngOa0sPwLngFxytIedH6AgbQQxuqG6M7K3pITuHTES2jTDSS',NULL,'2024-11-15 18:58:13','2024-11-15 18:58:13',9,1,NULL,9),(264,'RVeVdgMzORos','willifordalfini@yahoo.com',NULL,'$2y$10$9Qumf6414LeS5cYHveWTQuh3q6RS7ZsRm23gk2QzNjWkJT8p1WiLG',NULL,'2024-11-16 09:04:26','2024-11-16 09:04:26',9,1,NULL,9),(265,'gmzmGgbl','salisakin@yahoo.com',NULL,'$2y$10$2JxtkTiV5x5zNWQ/ukzNneorfWa92Wsj4xRUahaN4Yu2CV.PGHjtu',NULL,'2024-11-16 14:22:31','2024-11-16 14:22:31',9,1,NULL,9),(266,'eQQRLaUKjWdzwyg','dnunezj44@gmail.com',NULL,'$2y$10$IEjdPUqJXu16tg.bebVTYeQKc3o.5biU9v8jdVbznoA9TeklwOMTG',NULL,'2024-11-16 20:34:14','2024-11-16 20:34:14',9,1,NULL,9),(267,'xkInTRoUnXhLpD','elpcjtsoco@yahoo.com',NULL,'$2y$10$OrgtQXsedpNW17YR4FU0Ue5iVx6fi.jeD77pAoncsdtWRejmzVLLG',NULL,'2024-11-17 16:36:02','2024-11-17 16:36:02',9,1,NULL,9),(268,'jahIVdFfeTKt','gklifford7290@gmail.com',NULL,'$2y$10$mtK5Owu4ZNLmc8GLUqQbreSEXaPCCIfhqwZVawHRDoGvxxLFSmV4W',NULL,'2024-11-17 20:23:15','2024-11-17 20:23:15',9,1,NULL,9),(269,'GLWyUDOijH','klfddhtxceypwlmu@yahoo.com',NULL,'$2y$10$r3regSshSGifz12EZTCTy.NUc/Sm.dgjK0XZ9QQQEMBVjIaKJiWjq',NULL,'2024-11-17 22:30:08','2024-11-17 22:30:08',9,1,NULL,9),(270,'XGPiFvkNmE','lkoltenq1984@gmail.com',NULL,'$2y$10$lEyKQnqD6UEi78z7AgtkQev3YDpnwq1OIgNhL46fIFSCqb6rSw9v6',NULL,'2024-11-18 23:30:21','2024-11-18 23:30:21',9,1,NULL,9),(271,'CjXSSkDKOZV','mne7erevxwfnm23s@yahoo.com',NULL,'$2y$10$7DtkZdMx3iJgJkOcf.enf.GWpeVFvyz2GsTAsTXfrjHcu9x46RG0i',NULL,'2024-11-19 04:20:44','2024-11-19 04:20:44',9,1,NULL,9),(272,'hdbwEGDW','camachoabbigael5547@gmail.com',NULL,'$2y$10$r3I1Bhaxm/CLGyt8toxTzewWF6N66twlHmozcTds.Rip3TRZuquEK',NULL,'2024-11-19 04:30:38','2024-11-19 04:30:38',9,1,NULL,9),(273,'aSnRXWPQuCekgE','ojwignkplgf@yahoo.com',NULL,'$2y$10$J/Dmyy4PlXrRftLGAxF8fuLTde8RYF7lHKRbvpgPXgXVHXs0o7n0m',NULL,'2024-11-19 10:25:24','2024-11-19 10:25:24',9,1,NULL,9),(274,'yeEAHyrMeKUKh','shattig1981@gmail.com',NULL,'$2y$10$SQsVTe9z/uXGsKftFsfp0eauGAxczKuDhpxlKQARvNwr/XEBaTAEy',NULL,'2024-11-19 15:31:25','2024-11-19 15:31:25',9,1,NULL,9),(275,'XepSUXXKViE','lprgnclkyhnmvxiw@yahoo.com',NULL,'$2y$10$6CrvHlItpqy0ePL96mZYWuY0BdLYCbKES.2rAVJ0dDpxvLqIcL4VC',NULL,'2024-11-19 18:50:34','2024-11-19 18:50:34',9,1,NULL,9),(276,'hpxzVaFfqRGTa','cjhewmhycaiqu@yahoo.com',NULL,'$2y$10$qmUCz5ImAG50cONQI/l/oe8VLSQJe6e7Tbm.rnV.nPki2IB/xVYhW',NULL,'2024-11-19 23:34:26','2024-11-19 23:34:26',9,1,NULL,9),(277,'vSLMnKuCzePg','bradfaetelmv2424@gmail.com',NULL,'$2y$10$958OPnQoujQRkPOBo7.xFOubbwaOYgv4CmxVYGm1q2PjfPRqMoafW',NULL,'2024-11-20 03:55:26','2024-11-20 03:55:26',9,1,NULL,9),(278,'junNPtmmOQY','cesennosdalofpyky@yahoo.com',NULL,'$2y$10$taLF/GhswTxlSohXY6.dGOZka2iYnI3VAZNvJYakXGuJcNKeVMpL.',NULL,'2024-11-20 06:32:42','2024-11-20 06:32:42',9,1,NULL,9),(279,'QkxiuBlUaJKo','tpy8kfbgkt@yahoo.com',NULL,'$2y$10$L9DYqfXmDPeDxL9b7ckJneKIcgzcnNDayE3DCCKc3hu5CB9pPwNDy',NULL,'2024-11-20 07:12:44','2024-11-20 07:12:44',9,1,NULL,9),(280,'mFyyLSmJfvY','knoxkeshonh711@gmail.com',NULL,'$2y$10$tr79K.CN.8lJE21fIRLzJuJqoTw7SbiEqj8hwKl5iT6Z/BqMB3wDy',NULL,'2024-11-20 07:23:27','2024-11-20 07:23:27',9,1,NULL,9),(281,'FaQlsuDTGhD','anjelinagrayl791@gmail.com',NULL,'$2y$10$.FXjAsG0aejP.U2eP/y8Geo3jFKG0mTUVx7/hK.Mbgye2ozvgzayO',NULL,'2024-11-20 08:24:35','2024-11-20 08:24:35',9,1,NULL,9),(282,'zhxZUzleCDUghG','eimanisko@yahoo.com',NULL,'$2y$10$LM/nkQgvJlCIY2CrqEEGwuWzk.fjGBwn8kslkvOKQqL153EhXbymO',NULL,'2024-11-20 12:28:25','2024-11-20 12:28:25',9,1,NULL,9),(283,'jDRIbIkhiv','museramalandrccolo@yahoo.com',NULL,'$2y$10$jMqGyQ.7VQo5BJfNmU42DuJ7UHC/GwQGwtpEW3Zd1/nCBJCuJ8QCi',NULL,'2024-11-20 14:36:34','2024-11-20 14:36:34',9,1,NULL,9),(284,'rDpQrrcXw','sheldonsaunders690@gmail.com',NULL,'$2y$10$EVMvSosetl2/3YX9cLfhQuKOdNHnaCdH/8OXMeQaNkZBUXZG4V6ZK',NULL,'2024-11-20 17:28:35','2024-11-20 17:28:35',9,1,NULL,9),(285,'Nfejdekofhofjwdoe jirekdwjfreohogjkerwkrj rekwlrkfekjgoperrkfoek ojeopkfwkferjgiejfwk okfepjfgrihgoiejfklegjroi jeiokferfekfrjgiorjofeko jeoighirhgioejfoekforjgijriogjeo foefojeigjrigklej jkrjfkrejgkrhglrlrk inclusiveaudit.com','yasen.krasen.13+74348@mail.ru',NULL,'$2y$10$fwqUnB6EMA9E792mCopXJOri.1yf/R19Sy4Sal3SNiOg1CdGS6CHK',NULL,'2024-11-21 08:16:18','2024-11-21 08:16:18',4,1,NULL,9),(286,'bjTmvsamhUok','vdawmhovvtnpqxkp@yahoo.com',NULL,'$2y$10$heSYayWf5cmVcRGFdgTOReDKIfj4TZcHkjHxBYc9QJ8oYTg9czwA6',NULL,'2024-11-21 09:42:25','2024-11-21 09:42:25',9,1,NULL,9),(287,'MloFuvQEeIn','shadowtimerr@yahoo.com',NULL,'$2y$10$tU2AaeGmbS.xwK7U4JyYJOtXcpu5bmWz5D3f/NWI23CYnUJePuEY.',NULL,'2024-11-21 10:29:18','2024-11-21 10:29:18',9,1,NULL,9),(288,'ygAueofxEuu','iib4jslntv8u@yahoo.com',NULL,'$2y$10$CXHzB22pzGC3h9PkWMXSAO5kOqAxsNTOzqT/IL8qQqTJiWnxiPTI.',NULL,'2024-11-21 13:16:30','2024-11-21 13:16:30',9,1,NULL,9),(289,'caImdmDyuyQkW','dario.1955@yahoo.com',NULL,'$2y$10$v8JFHYKiZSAumqV65Mcy1uOYuOK9qZoIkhherbM/yXZJZoMY4Kw6K',NULL,'2024-11-21 14:03:31','2024-11-21 14:03:31',9,1,NULL,9),(290,'LFGOyTMmCmY','hbeardd@gmail.com',NULL,'$2y$10$W8xwi4146R1tZpgoJBmyOOn4c6bXv6nl8qfF8Er4J3xXITfojNL0C',NULL,'2024-11-21 15:11:20','2024-11-21 15:11:20',9,1,NULL,9),(291,'RKejkkfX','yannyonghl@yahoo.com',NULL,'$2y$10$NxEDHJYNNUFkoCICg81w9OkB8HqNCUW4j3Zs9QKxfIZJBqw1SgBOK',NULL,'2024-11-21 19:30:26','2024-11-21 19:30:26',9,1,NULL,9),(292,'CrqzuLwvYQAXLG','mccluredodjx@gmail.com',NULL,'$2y$10$ZkBEq/mLhlmb.leI2r.KXuxj/zOfgY5mKpydx/qrVE4Ho6R0Dix7u',NULL,'2024-11-21 19:36:11','2024-11-21 19:36:11',9,1,NULL,9),(293,'QHVmCDBddRNCC','lgardhonolka@yahoo.com',NULL,'$2y$10$/FyRmMfh7zS5xjuIKIz4Ten5bgnribSEszHUjDY0t/6rKj3mMfomq',NULL,'2024-11-21 19:41:23','2024-11-21 19:41:23',9,1,NULL,9),(294,'awblAWXXaUaNw','dizzy_taz15@hotmail.com',NULL,'$2y$10$1zXL1xh5iLa0tyjwpFcjfOkZd66Bhs8Dsk0l3ckUwj.bymXvP0h8u',NULL,'2024-11-21 23:34:21','2024-11-21 23:34:21',9,1,NULL,9),(295,'fVgFygUTkr','edgar_619_1@hotmail.com',NULL,'$2y$10$gP5zXi1nKDUpd/bOHwsrbu.YkTXHOKEfe1jdiLuNmil6OJLa1aIHe',NULL,'2024-11-22 00:38:38','2024-11-22 00:38:38',9,1,NULL,9),(296,'kuQTdwZbyeo','grantkemeronvv7639@gmail.com',NULL,'$2y$10$J4Vicow403VGH6LKfJGtUuuI0t7oT2l9LrhIhuECAFzjeH3ziZsEa',NULL,'2024-11-22 01:06:40','2024-11-22 01:06:40',9,1,NULL,9),(297,'EYWSaMONYCdLIbx','shepherdbaiyardij756@gmail.com',NULL,'$2y$10$tQ0KD6UGt8dDRKPG2T1wFO6D7PHOyHiGitY6tF9eJHtHS5/wWPWOa',NULL,'2024-11-22 05:43:25','2024-11-22 05:43:25',9,1,NULL,9),(298,'lujWSAkaSk','dalindavillegase429@gmail.com',NULL,'$2y$10$B1pDhFRLhMufIodHRBxl7.v6aSOqHyyrNlkQIZDYiPvoVHtUG9u3O',NULL,'2024-11-22 14:12:53','2024-11-22 14:12:53',9,1,NULL,9),(299,'nGbsTOehdmSk','gleofvain1985@gmail.com',NULL,'$2y$10$5EfLfsgGYXRKJ3i1.2ybeem3k6Ro5kl7qgEfO0X3leunqAya292OK',NULL,'2024-11-22 21:38:24','2024-11-22 21:38:24',9,1,NULL,9),(300,'RDyqVwcYODstUhk','auukcitethn@yahoo.com',NULL,'$2y$10$Eq43s04fv.c7jCWg3HxHi.G4bBCQKB6MmbZvB3dyjVntkmuJFHqj.',NULL,'2024-11-23 05:44:09','2024-11-23 05:44:09',9,1,NULL,9),(301,'HiBvcuOWJCI','quinnfavn467@gmail.com',NULL,'$2y$10$c0KsGOKf.Gg9EnGKPlddAO3eFekLRt4n5SLsFLsl7PUeYIYJHzrt6',NULL,'2024-11-23 06:12:39','2024-11-23 06:12:39',9,1,NULL,9),(302,'jBzLxnCF','oskuimiskovch@yahoo.com',NULL,'$2y$10$PMWcIxMOx.tbGYlQuVnvS./YaGlur3OuUyB.fSJiXF7fTOBEbP.SC',NULL,'2024-11-23 11:51:51','2024-11-23 11:51:51',9,1,NULL,9),(303,'xvELNJfGG','sabrinhjw7651@gmail.com',NULL,'$2y$10$eW/ZS2zbU7aLbjIZYdqVruHwOS2EySe1u9cSn7aonV4Mw9zDkoPfW',NULL,'2024-11-23 11:52:31','2024-11-23 11:52:31',9,1,NULL,9),(304,'KSsTmjJwmNuj','v6kyg2mvinyxr2stw@yahoo.com',NULL,'$2y$10$PA29MCn/Jomeh0Q3jhG78.iiYycw4y2udCzHLJorHzBitFrrLCL7O',NULL,'2024-11-23 17:34:28','2024-11-23 17:34:28',9,1,NULL,9),(305,'luGyWNPoNNvRN','kingheizel2002@gmail.com',NULL,'$2y$10$vTBUrsXFqkDGQDAX7/ivzekkLjV2vgz7b0BiApFszdo3ST4hGAXU6',NULL,'2024-11-23 20:16:27','2024-11-23 20:16:27',9,1,NULL,9),(306,'wazKtmUPY','pachecorasti6561@gmail.com',NULL,'$2y$10$oNZ/YcWYHX9DAX5YkABltO5sRpjx8v5AH7zA6TyoMTZJAYTcp.i/.',NULL,'2024-11-23 23:40:25','2024-11-23 23:40:25',9,1,NULL,9),(307,'KmIRzZmG','djb6rtp9e@yahoo.com',NULL,'$2y$10$DCqb2d.npJhP2pac0j0nEu1QsTqLjMc6QbMrBAK1L4GWVilmA1vVO',NULL,'2024-11-24 03:01:14','2024-11-24 03:01:14',9,1,NULL,9),(308,'MytaaBhUi','djohnsonwl1990@gmail.com',NULL,'$2y$10$z5g6hmjt8yHUnp1wrifx.eWRXNlYUkNfoIQHbxTKEV9PEd1igyKlu',NULL,'2024-11-24 03:15:20','2024-11-24 03:15:20',9,1,NULL,9),(309,'MmAsHUKMuRPm','cberendjer42@gmail.com',NULL,'$2y$10$vdHHHP7OhFapDawnxazNaOaic8nIYx72UvGtPrxzG//kVwjj4wXVS',NULL,'2024-11-24 03:16:14','2024-11-24 03:16:14',9,1,NULL,9),(310,'ByagwbLP','poseireevesa2357@gmail.com',NULL,'$2y$10$nEneG0Magz3BGPF6JzoVq..QghJpHypW1Qc3NCNkKh8a.oqW6c5W2',NULL,'2024-11-24 17:47:37','2024-11-24 17:47:37',9,1,NULL,9),(311,'RJLudqLvZaUf','m81driqyr@yahoo.com',NULL,'$2y$10$gYjJNzKdGJVLPXay0zPfC.cgsTIcLEWE0aXeKeHLewP86Z5WQwjjO',NULL,'2024-11-24 20:01:21','2024-11-24 20:01:21',9,1,NULL,9),(312,'TQDOPoNFb','ameyersy@gmail.com',NULL,'$2y$10$2atr9zP5ikV2ZvGLd6eznu3M0lP3B3Aw81uwmnYoE.vqeVy/Y52lm',NULL,'2024-11-24 21:49:28','2024-11-24 21:49:28',9,1,NULL,9),(313,'JiOpqzNdBt','watdjekki5910@gmail.com',NULL,'$2y$10$Nkt3JLiCX8ONZ.vP1CcNLeRIsY1s6Lzx7fKA9R115LqQMG3zEHwsK',NULL,'2024-11-24 22:51:16','2024-11-24 22:51:16',9,1,NULL,9),(314,'qgBCqnvXNQP','gfd23yi9egj5@yahoo.com',NULL,'$2y$10$g3K1z1.zk3E2OcjFXZBqIu8CkukK9zG3UB4c1ow4sWx6ztYdYbTsy',NULL,'2024-11-25 16:37:07','2024-11-25 16:37:07',9,1,NULL,9),(315,'gIZCrnxBvPkI','miidarnoldhx1995@gmail.com',NULL,'$2y$10$Y451TJheP9Y4dtE4J7x8N.bzqB4PaYBA0sjGzNsV0L.Wzb7CsC0CO',NULL,'2024-11-26 06:09:08','2024-11-26 06:09:08',9,1,NULL,9),(316,'ZGxEdvcZWnUMrR','kssxdilibq@yahoo.com',NULL,'$2y$10$/mvUi.SxaXhHimrkvfWN9eJpmklkAEzqPmJ6kcc7ajNMUGTkMLTyy',NULL,'2024-11-26 08:46:08','2024-11-26 08:46:08',9,1,NULL,9),(317,'rwkfiKvfbzoPPAs','santoslorisd6544@gmail.com',NULL,'$2y$10$AQ2zpt5mGwM2VBmNE9tliuhLDMKJ/uV6mMhzDibvMZX5MUge6Dabi',NULL,'2024-11-26 16:59:52','2024-11-26 16:59:52',9,1,NULL,9),(318,'BrsPyMJO','gronnicr3853@gmail.com',NULL,'$2y$10$BS3vN2Au8OesnMNyQ1tZ3Oa73rid2klBFW1.F2jhEZrbYLjx2PwG2',NULL,'2024-11-26 20:32:43','2024-11-26 20:32:43',9,1,NULL,9),(319,'ENqBgMATAnlj','valeelleri43@gmail.com',NULL,'$2y$10$XzknkQM0JPwmiGTR4u9NEu8us4oUhGtj0wSU0cxyRVz0QBJkIB51a',NULL,'2024-11-26 21:20:42','2024-11-26 21:20:42',9,1,NULL,9),(320,'JlImxRVii','ewellgiustr@yahoo.com',NULL,'$2y$10$.vGOmIsqTh2ShNy4Yy4dK.veZt8ApUqOXqMRvEovJTtix84NOqs0K',NULL,'2024-11-27 06:26:53','2024-11-27 06:26:53',9,1,NULL,9),(321,'BkFXAPcNU','ifwjsopdgqjuut@yahoo.com',NULL,'$2y$10$zPhZAH9siBrlqfijixmXN.iaMF2OChMerLgU3jFbLscZijbM.ce9S',NULL,'2024-11-27 11:38:20','2024-11-27 11:38:20',9,1,NULL,9),(322,'KXZEOFbhcZaalp','rollinskrizanta3863@gmail.com',NULL,'$2y$10$PzaZF1WVaAD9oXUq6zi8l.wgrS68zt/akwhds5HKB1ULwFAl1Xm.i',NULL,'2024-11-27 12:49:24','2024-11-27 12:49:24',9,1,NULL,9),(323,'EygVKmMCdLmq','djinetdavisa@gmail.com',NULL,'$2y$10$QKy409jvhEFauCu5PU5TAehfR7JuWChTxQMFccCyN3XlGHcsXlAyG',NULL,'2024-11-27 21:47:32','2024-11-27 21:47:32',9,1,NULL,9),(324,'YFMmUMStvXv','ygowmwgso0qolpga@yahoo.com',NULL,'$2y$10$lPLFnoAo8cXQPjTE5fG.H./8v.zKpgAynnOCmwZBW0Hx6j.cLxx2C',NULL,'2024-11-28 11:10:20','2024-11-28 11:10:20',9,1,NULL,9),(325,'VgUgRDMofveTjQ','xxenlhztxmie4gufe@yahoo.com',NULL,'$2y$10$JgotJgA32np8yMj5Bm4EwuY89SK0K9TgYoZVVTglApX9DAuKJ1rQW',NULL,'2024-11-28 23:12:18','2024-11-28 23:12:18',9,1,NULL,9),(326,'DFOgUldm','burchdevnetd@gmail.com',NULL,'$2y$10$XYh1U5hbKOmOpUI7QUP.puZokjZCbb3r3Gox/JFkWFwnxbfdA6ICO',NULL,'2024-11-29 01:38:34','2024-11-29 01:38:34',9,1,NULL,9),(327,'jsHjlGJOXzgAcA','chandorianbo50@gmail.com',NULL,'$2y$10$ClTlQeYYxL1wOJZOCVn71OK4FYN.tIu1farBi2tI/W5yBKR7iyLya',NULL,'2024-11-29 19:03:23','2024-11-29 19:03:23',9,1,NULL,9),(328,'tkIMpByrJHDZfq','aligamb5662@gmail.com',NULL,'$2y$10$VzFfwnXdTI8nH/Pfg2nIlOTSaVq2.tGTdM4LEOeuhJbvdII4iVGm6',NULL,'2024-11-29 23:19:35','2024-11-29 23:19:35',9,1,NULL,9),(329,'TYAlslOpndOA','dgcastle@comcast.net',NULL,'$2y$10$fi2Q7TjE9m4Omv1/fjUqeuyhJUowsCvqTPr9UK5uzN59KeKEHby..',NULL,'2024-11-30 02:29:40','2024-11-30 02:29:40',9,1,NULL,9),(330,'SZSdwHVGzgt','megan-hopkins@live.co.uk',NULL,'$2y$10$hGyVCAhDTh04e6c18zdTGuks/JAe8kOOh1ysPkyczTxIiFAqx6s5y',NULL,'2024-11-30 02:36:21','2024-11-30 02:36:21',9,1,NULL,9),(331,'lUgQSCBBy','dickins-anthony@zai.com',NULL,'$2y$10$eWOBrSRFsvbVUCBtCxuXQ.X8EvsgKcgY5YrDorBm4UR.9PbaxDOYy',NULL,'2024-11-30 02:58:52','2024-11-30 02:58:52',9,1,NULL,9),(332,'RfooVmqVFsrdzY','hpatel76@gmail.com',NULL,'$2y$10$uCiSIjxty6DJ2mGzfqK23OrAU8NRKxsO3wJBZfe/SPf18jyV8jSMq',NULL,'2024-11-30 03:53:54','2024-11-30 03:53:54',9,1,NULL,9),(333,'cCrIJoRpiEH','gywot9xjayr7nj@yahoo.com',NULL,'$2y$10$ds01My.6da5LKGajaolC.eZgB50zAQE5Bj12u5ibrlGEgVW9J0uDW',NULL,'2024-11-30 07:40:12','2024-11-30 07:40:12',9,1,NULL,9),(334,'yOopAmxMl','chadpitts96@gmail.com',NULL,'$2y$10$60an1vpE.H3.mUhKNAE1wuy.F0rP/SAxUNDxvZvznATTsV2dTezua',NULL,'2024-11-30 08:04:00','2024-11-30 08:04:00',9,1,NULL,9),(335,'ppunYDeXu','bujirun9@gmail.com',NULL,'$2y$10$hJRj254zGmPDVsXpBJVYlOiMFRQsNLlOHik.bK3pokWIQJO0MF6mK',NULL,'2024-11-30 11:23:28','2024-11-30 11:23:28',9,1,NULL,9),(336,'VZiZPhzneyV','t.inachan0615@gmail.com',NULL,'$2y$10$NlpOp0bV9Qta3bdjLkNTTe4oLp3hf0QQF3y5XVm0/nP48l0Wz3Oxm',NULL,'2024-11-30 12:09:06','2024-11-30 12:09:06',9,1,NULL,9),(337,'iyZlAWhGsMKJSI','bethann.marshall@drc.ohio.gov',NULL,'$2y$10$EbjfGOcyLgalG4bt9qL1M.QveFZxvKcnUBX4V338hpYh5tQy3a8PC',NULL,'2024-11-30 13:35:42','2024-11-30 13:35:42',9,1,NULL,9),(338,'YSZNTwPxJvtn','hotchkissautomotive@gmail.com',NULL,'$2y$10$S7ZxED358RxC20yElwaSMuxf5bq7bM0zPIp7CcAcGepmfX1C96WCm',NULL,'2024-11-30 15:57:40','2024-11-30 15:57:40',9,1,NULL,9),(339,'hrzMfITzSFYHTAr','bethmurray024@gmail.com',NULL,'$2y$10$AJNeXG.KZECGo4TWrmAPy.dJmY0zfbPu6XY7PX6WGh0NPkb/KSsmS',NULL,'2024-11-30 16:13:31','2024-11-30 16:13:31',9,1,NULL,9),(340,'mOxXuGkF','pjanecke@comcast.net',NULL,'$2y$10$kqzdMrQCSe8.psfMROyV.ONYCGAiT0aqqExjfQPYwd/tb5RSqn6Z2',NULL,'2024-11-30 16:31:00','2024-11-30 16:31:00',9,1,NULL,9),(341,'ARpPDbVPMXbk','tylerjsanders@gmail.com',NULL,'$2y$10$ESiKOL4LWBezqhU5Bi5GT.oWwpufvnhikDwTL0LmPiavJJF6u74hG',NULL,'2024-11-30 16:59:35','2024-11-30 16:59:35',9,1,NULL,9),(342,'HAhVqGXmzyN','jelnionisklaidas@gmail.com',NULL,'$2y$10$Cf8Osy/ZF/L1UoF9KVdxheq3M2AcEgRtVk.AvWY.sxlpJhdFDxR26',NULL,'2024-11-30 17:55:52','2024-11-30 17:55:52',9,1,NULL,9),(343,'ZUSsPMnhmT','seamusmc1950@gmail.com',NULL,'$2y$10$2wOtlYyTr9wWM7KsefnfU.ZLlXiTVz3vPkUVgw6Sg5E83mwRjzqgK',NULL,'2024-11-30 18:51:59','2024-11-30 18:51:59',9,1,NULL,9),(344,'qPeilBqUnUak','achristy822@gmail.com',NULL,'$2y$10$26cCI2RwyPqwMgw8fRYr4.bWkzdt8VAe6Ndg1SJ0rvivlqiKA1JEa',NULL,'2024-11-30 18:56:10','2024-11-30 18:56:10',9,1,NULL,9),(345,'YILvJmczJ','cflounders1980@gmail.com',NULL,'$2y$10$iGrrgHRvc6p5xv7y3wFToeHUn0XKAUfdrUw6o331huKUIuWeJJE4O',NULL,'2024-11-30 19:09:17','2024-11-30 19:09:17',9,1,NULL,9),(346,'AuMKIEraUDxFpCQ','thomas.nawrockyj11@gmail.com',NULL,'$2y$10$4Kt2bEdqO1tQtoonQxh7h.vxQ2vGPkrWRvCV2kbNxf/qzwpA47KYe',NULL,'2024-11-30 19:29:40','2024-11-30 19:29:40',9,1,NULL,9),(347,'FJdpADLQQ','gretchenm.827@gmail.com',NULL,'$2y$10$0io5JclTpyIm5MdiTBKwUuBXJ.dmvWWTjSXgydts3A4RxJJwTKn96',NULL,'2024-11-30 22:24:13','2024-11-30 22:24:13',9,1,NULL,9),(348,'AhgzkwRzdl','supercheif117@gmail.com',NULL,'$2y$10$4aRWnAxlpxjBNsGCk.OiWOdAU7TgCzIA2DQQdJiYUWSt5xJweDH5.',NULL,'2024-11-30 22:47:10','2024-11-30 22:47:10',9,1,NULL,9),(349,'PgzpxkHOJbdS','dean.robinson86@gmail.com',NULL,'$2y$10$jJ4tQc90i5XYZ4igr0xFCuugFbE4Kwz0UBQWMn442sjALumcl.VvW',NULL,'2024-11-30 22:56:32','2024-11-30 22:56:32',9,1,NULL,9),(350,'ircWpdfMTcHmQ','delemaiasan@gmail.com',NULL,'$2y$10$u4sQl3jdZC7xZrdAKD7zPO3pv/wn6iFOAiRJvR/QgEZ2AnMj6lNfC',NULL,'2024-11-30 23:51:59','2024-11-30 23:51:59',9,1,NULL,9),(351,'zMxBhNPJgGAc','jonicgreer@gmail.com',NULL,'$2y$10$v84Djtxt5RbpTCfCw1pNAekdptvesRmEqHyZ6bIt0wy5duQ15hpVm',NULL,'2024-12-01 00:29:00','2024-12-01 00:29:00',9,1,NULL,9),(352,'yVhNlIIuZdas','jordanpierson@gmail.com',NULL,'$2y$10$3qRKkppa4fX6xdqgxCD3n..m7aS64xFDBi.LoMgkTuRhvkLq0pShq',NULL,'2024-12-01 01:23:09','2024-12-01 01:23:09',9,1,NULL,9),(353,'hQEjSanwRo','gravy381@googlemail.com',NULL,'$2y$10$EBSjxIhq9bfzu84iH3L.jOTtsDCcg2imciMXjZgeTRygpu6cTmKUG',NULL,'2024-12-01 01:35:21','2024-12-01 01:35:21',9,1,NULL,9),(354,'WYeNLBGpp','jennings.rishiah@gmail.com',NULL,'$2y$10$KQ7tj0jU1NIzKQxfPq2cAO1HTsEf1TlrvpVUUr3zkg5plD4UbOAS6',NULL,'2024-12-01 02:10:03','2024-12-01 02:10:03',9,1,NULL,9),(355,'TBjJzmhd','ecyates@msn.com',NULL,'$2y$10$AxhTPTPTomjiZ6RondEsQeRY1Q5n7QFaIM7qsF0wCqhlU/Zk4kb1m',NULL,'2024-12-01 02:37:57','2024-12-01 02:37:57',9,1,NULL,9),(356,'VWImmgWjrmhzjug','sfcgswife4life@gmail.com',NULL,'$2y$10$M8rq9I/V5XnBAzs6JerzweUASRaSQ/pTV0B/N2m4EDJQJN1oJJ5kS',NULL,'2024-12-01 03:27:09','2024-12-01 03:27:09',9,1,NULL,9),(357,'VAATXpGHzX','difel823@gmail.com',NULL,'$2y$10$a3s1EJIpZOB1E0RuFcPBMO/L7YsfqD3SOTp7OpQOok8gTG9Avx9qm',NULL,'2024-12-01 04:29:05','2024-12-01 04:29:05',9,1,NULL,9),(358,'BIGBdyZHHcxb','jujjuj@gmail.com',NULL,'$2y$10$d0AE9ZhTEXcwoo4eKqyXj.4/g5h7PteoJxbrmikoUN3uglTBo2gYK',NULL,'2024-12-01 05:15:27','2024-12-01 05:15:27',9,1,NULL,9),(359,'wPatyHAdw','cwt021989@gmail.com',NULL,'$2y$10$NvAvO5Y2WX1O9m6IOcROI.19h1wh.qkenuFUGhJH1frG26oSVrl5O',NULL,'2024-12-01 05:30:52','2024-12-01 05:30:52',9,1,NULL,9),(360,'pDKYMIAemlwCeiQ','hudson9498@gmail.com',NULL,'$2y$10$i4EelVmYadrh6D7.0DMVzeyzk2r2gOzRJxOdCN/7Vuf.WaiUzCEAy',NULL,'2024-12-01 06:39:42','2024-12-01 06:39:42',9,1,NULL,9),(361,'QWmipkhYHTOu','jennypho17@gmail.com',NULL,'$2y$10$55y/bxwUwqAfo2KAmTVtKuMVvmY0pMsAUumoYd3v8zuwNkUC3ybmu',NULL,'2024-12-01 08:40:55','2024-12-01 08:40:55',9,1,NULL,9),(362,'rLsLymaahzldrvk','izzizigan@gmail.com',NULL,'$2y$10$wyGU98E1/qFYQDQB7o2.9OvkIq5J/No6931eG7Pkh3cSdgs8qGgLa',NULL,'2024-12-01 08:47:17','2024-12-01 08:47:17',9,1,NULL,9),(363,'ASiAZFPEy','summermanlove99@gmail.com',NULL,'$2y$10$HwgoJZVGUI01d5k/11nI.eVCWrQ.zsD8LuyvyONwcAuE44i5zO3iS',NULL,'2024-12-01 14:52:57','2024-12-01 14:52:57',9,1,NULL,9),(364,'xgVaONJnSVEzQiK','info@prestigeeventok.com',NULL,'$2y$10$XqbnpEVKH0Zpn2Z6wez9JOi9EqeCpyk1YUJoGutef3OG8iZbz//La',NULL,'2024-12-01 14:56:59','2024-12-01 14:56:59',9,1,NULL,9),(365,'PewCfYvnFzlE','qernix32@gmail.com',NULL,'$2y$10$LdGzXvEtheGo6GLY9WNZmu0yN773Kq5BIUvfO0gx6iwU4ZtRNM/6m',NULL,'2024-12-01 15:14:55','2024-12-01 15:14:55',9,1,NULL,9),(366,'bEVQZwCo','kalyn355@hotmail.com',NULL,'$2y$10$mstCup/C8DlX.EjHhyQYs.y60AfNiu34pNmlq4uRO1EtbPfz18GJG',NULL,'2024-12-01 16:14:23','2024-12-01 16:14:23',9,1,NULL,9),(367,'JNjhjvMuqVX','shawngarrett74@gmail.com',NULL,'$2y$10$IDzTVmaihhzIMi7q1pj7meb0osMi8lOB949lQMMk4gTB9Swuh5GBu',NULL,'2024-12-01 16:17:06','2024-12-01 16:17:06',9,1,NULL,9),(368,'YAlvpbHVuvUUZM','margit.kastner@liwest.at',NULL,'$2y$10$1qe0jrKZN7gdn5yR8am42OgLX7gNmzNCpiwOkdNDMeZuruGH2n4l.',NULL,'2024-12-01 16:27:05','2024-12-01 16:27:05',9,1,NULL,9),(369,'wpFmgqFvhEpoUki','thwagner@hotmail.com',NULL,'$2y$10$qI6BQLEpJvz1lPhmPFPWtOugGo8CCYAWAwzA/c8X5iIdJmBewuDby',NULL,'2024-12-01 16:36:45','2024-12-01 16:36:45',9,1,NULL,9),(370,'wKwMXPfNMFDLzGM','abzzcba@gmail.com',NULL,'$2y$10$1Rk05Ya0gzPMzXdGREFdDueewi4S.V8ObPypaUe8gqgmFU158XFH2',NULL,'2024-12-01 16:41:40','2024-12-01 16:41:40',9,1,NULL,9),(371,'wEMCbHkx','papillion.vole@gmail.com',NULL,'$2y$10$HEExs0PT0paxG1uZZF1mY.sz.mxa8R7V.4LTVO62hUgmvUo1CNcGm',NULL,'2024-12-01 18:18:24','2024-12-01 18:18:24',9,1,NULL,9),(372,'onazgwKObC','youngsimba345@gmail.com',NULL,'$2y$10$df1dqkwY2PT8BrYEwM4x4ejcwYHJfPawZw9frStpTuXuOiAYh2IFy',NULL,'2024-12-01 19:11:39','2024-12-01 19:11:39',9,1,NULL,9),(373,'SgNZFqXinrHA','walterluciap08@gmail.com',NULL,'$2y$10$/AYLJocTPx2SjscV.ETcbOLTTYz9oMgWraN7ILGX9TXmd7DqzaX1y',NULL,'2024-12-01 19:17:03','2024-12-01 19:17:03',9,1,NULL,9),(374,'fMdbqXEKLNn','princereik2000@gmail.com',NULL,'$2y$10$eEaSAf2RkjRsTqMhW.DNCuF9SYrh1Npak9Lkwjl8BqHqb3T0nw2NS',NULL,'2024-12-01 19:18:38','2024-12-01 19:18:38',9,1,NULL,9),(375,'HNAVrDqcqeMDc','sycisland@gmail.com',NULL,'$2y$10$pnJWs0kcN7f7krErRvKPLuEc5Y6.HAvYttdNPqgNI8pAxjRB3/tZC',NULL,'2024-12-01 21:34:20','2024-12-01 21:34:20',9,1,NULL,9),(376,'CVhyoGEP','crosland94@hotmail.co.uk',NULL,'$2y$10$vWMJHkOyrMV8Bb18kVkWteWr/veVMDEmz51AHnd/VK1vl0hYwreiu',NULL,'2024-12-01 22:31:21','2024-12-01 22:31:21',9,1,NULL,9),(377,'DFjMTgSTyWX','siboveira@gmail.com',NULL,'$2y$10$ntj2k6WbVymWqrVz7tTJhOC9gHKVuGhgzO5saZsCiP2a4.j8QRc72',NULL,'2024-12-01 22:45:37','2024-12-01 22:45:37',9,1,NULL,9),(378,'rdPAnHAVRU','quirosyamara@gmail.com',NULL,'$2y$10$VCogqR4S6ik7.eTMzDu8z.ERjUG1orDqeRSanwFnyy9gyH8xtuICi',NULL,'2024-12-01 23:16:11','2024-12-01 23:16:11',9,1,NULL,9),(379,'eSmoDXgs','heatherluffman101@gmail.com',NULL,'$2y$10$dRwqLlxD102xBmnxYE3CKOYKj7igASpl0oloA.DS7fHrOMfK5tpS.',NULL,'2024-12-02 00:46:58','2024-12-02 00:46:58',9,1,NULL,9),(380,'bugMSFltvGDA','ricknevill@gmail.com',NULL,'$2y$10$2EaaTe5mae1GvmFhn5JqmucII77he0jxbS2.ITlotF6ulrngQh.aq',NULL,'2024-12-02 01:07:11','2024-12-02 01:07:11',9,1,NULL,9),(381,'HHilhAbYHT','treyalewine1@gmail.com',NULL,'$2y$10$F5brz10v8VMSqTVLPwgrO.lbRQWnRFhzxS06zx2X6XVwocYZ9RUO6',NULL,'2024-12-02 01:25:30','2024-12-02 01:25:30',9,1,NULL,9),(382,'LvLDQvSymzilB','cfreemott@mac.com',NULL,'$2y$10$5aqvpzT1iDRTSCruGcp7q.CUFSl3Lmmik3n2TjMo52sefrq1mmBdK',NULL,'2024-12-02 01:52:03','2024-12-02 01:52:03',9,1,NULL,9),(383,'PQNaaDsBAtcb','travis@travisrea.com',NULL,'$2y$10$yoxRpDYWzwoD1Ec96nQbOu4qK4pUPDogZhdXPKt2IKJzIVzH3ZCdO',NULL,'2024-12-02 02:12:01','2024-12-02 02:12:01',9,1,NULL,9),(384,'ZXhYtPsGA','sarahliz0677@gmail.com',NULL,'$2y$10$.TWR7gGAegxYy.uk6vM2UuQqLe0jSMpZJu5BzGTnwqOTocBT0JsLW',NULL,'2024-12-02 02:34:06','2024-12-02 02:34:06',9,1,NULL,9),(385,'PlbJgDQOIYKCeTU','natalka.liskovakh@gmail.com',NULL,'$2y$10$XJroyXF1jZ7/mlt0R5s6ouQmV4/wXRQ3oruUTvLsBoUGLrkbe9c5.',NULL,'2024-12-02 02:40:41','2024-12-02 02:40:41',9,1,NULL,9),(386,'WJkzFCHHT','curtisb3133@gmail.com',NULL,'$2y$10$Rx12OVGysc9gJPaMiK/VFOo7P81iW7VDZlqGmNqRSy7oQPZuGabey',NULL,'2024-12-02 03:23:07','2024-12-02 03:23:07',9,1,NULL,9),(387,'AErGVqSTr','ashandal@idwcorp.com',NULL,'$2y$10$Q0xKRvMOMq20eaftOG7gwesFQ3i7937BhxkSqnXJWEAiJiTncUgfK',NULL,'2024-12-02 04:16:35','2024-12-02 04:16:35',9,1,NULL,9),(388,'ygITbIum','norman_apilux@hotmail.com',NULL,'$2y$10$AC7xuQoxyrTfb5iIpzoSAegxZKLCvEDX89Rcbw/fFHPtflfkJN5iC',NULL,'2024-12-02 07:08:05','2024-12-02 07:08:05',9,1,NULL,9),(389,'KGShHWOMLNt','craigb@nwhgroup.co.uk',NULL,'$2y$10$SMmCMSe4HX.Y84ZnCaE5aOGZvTSqInbNCT8m5RSu0K6GxzuCx3S6q',NULL,'2024-12-02 08:10:33','2024-12-02 08:10:33',9,1,NULL,9),(390,'JpQBLUCm','petra.moser@greiner.com',NULL,'$2y$10$S8DgFOQTsuVr/WfOt/VPyOEPToMxKvjRaKnJom8zm912PRzR0EH.2',NULL,'2024-12-02 08:34:04','2024-12-02 08:34:04',9,1,NULL,9),(391,'sIQcCEAvNaKYpd','pennydeniger1981@gmail.com',NULL,'$2y$10$TcDj8tD0CjhUd2maNnS/pulxuF2PVnZjEbNn5ZX/.B/NBSLBrtG1G',NULL,'2024-12-02 08:38:08','2024-12-02 08:38:08',9,1,NULL,9),(392,'KjUfzoEPGFvDkh','erives4885@gmail.com',NULL,'$2y$10$XuqXU5kbo6LVIY2cE5eK8e89ApdXyQ2Of1FQIYu6nQ60863AN/Z/S',NULL,'2024-12-02 08:48:59','2024-12-02 08:48:59',9,1,NULL,9),(393,'jRkMkzjoFtSg','erickrawitt@gmail.com',NULL,'$2y$10$LBfTPyi.wa18RCNfD4hmMOjTlo3JVNBMOZXri5h3UjRxiPfXzaQpu',NULL,'2024-12-02 10:00:55','2024-12-02 10:00:55',9,1,NULL,9),(394,'WBLlqHyikPFvLpC','florian.langbein@maxionwheels.com',NULL,'$2y$10$NrasgN6fpKWybcb/W5uN7uZydmG4IbUhw97/s95pWsQFCXfrZ3P7G',NULL,'2024-12-02 11:31:32','2024-12-02 11:31:32',9,1,NULL,9),(395,'QFfQXVnGnOnGa','brandongrove89@gmail.com',NULL,'$2y$10$BV5OcS2cigJzO46Xabu4nOuhtiCSybgs3IxRZJowNI7b/NrhK7c92',NULL,'2024-12-02 11:42:56','2024-12-02 11:42:56',9,1,NULL,9),(396,'EPwJSSDK','kshea32989@gmail.com',NULL,'$2y$10$dv6/uhCWfTlRf5UdILMEkOlkJxemZSZZ1uebKo397kyzON.BZv0Ru',NULL,'2024-12-02 12:29:54','2024-12-02 12:29:54',9,1,NULL,9),(397,'ldMrozuIRYmB','blynd15@gmail.com',NULL,'$2y$10$0X3ncvk4/HnWOn9I1OufgOj5VfeZd1VFkncrPjYb0rxf/.7irPpFS',NULL,'2024-12-02 13:00:27','2024-12-02 13:00:27',9,1,NULL,9),(398,'NZcNnxdSVNzoG','danick.rahard@dbschenker.com',NULL,'$2y$10$Ov.ws1A1EPCfBX9mFnA.yeqFnKzYazEFde3UJdjP.iscsognglTOq',NULL,'2024-12-02 13:05:42','2024-12-02 13:05:42',9,1,NULL,9),(399,'CDujvgopR','jtoth2170@gmail.com',NULL,'$2y$10$dYqsCnWlT9x0uAAmGFQ0Ae65R/2OiqkPpZUk88b.toYjf0k06n6iu',NULL,'2024-12-02 13:40:43','2024-12-02 13:40:43',9,1,NULL,9),(400,'XIJFPuXWV','jimnvickie5@gmail.com',NULL,'$2y$10$Htmm1bfk4j2lD6036ixTL.rAYLof2c8riTvaHD9dYwrZDvVhdNvle',NULL,'2024-12-02 13:45:35','2024-12-02 13:45:35',9,1,NULL,9),(401,'xoyldNehpuJHZ','ajshukla@clifyx.com',NULL,'$2y$10$Cnp4cSROhIs0G5/ZQkJX/OXR2.7YEknlwYzUJwRw2JIGBPI71MQ1q',NULL,'2024-12-02 14:03:09','2024-12-02 14:03:09',9,1,NULL,9),(402,'cnlznbAyzK','marco.donnici@dbschenker.com',NULL,'$2y$10$ejWZl3M16U4qF/eNB/lwA.6co8B0.s1krxC1JIeaP0MhVyfB0VUX.',NULL,'2024-12-02 14:11:50','2024-12-02 14:11:50',9,1,NULL,9),(403,'BzqBLBvV','maria.gutierrez@engelglobal.com',NULL,'$2y$10$05voC44qdIHPD5ba1y3wfOggp2dcglIXdqqPMLe/9ensGYCOW8w.C',NULL,'2024-12-02 14:12:23','2024-12-02 14:12:23',9,1,NULL,9),(404,'STdulaaY','nadia.bobaly@gmail.com',NULL,'$2y$10$zYu0YI1dKJxVY1EowxuWiu2FRhRICAzxodVUfiQ93PP8OZNSQ29he',NULL,'2024-12-02 14:24:33','2024-12-02 14:24:33',9,1,NULL,9),(405,'vwsrcznjtiQKf','vvantuyl@gmail.com',NULL,'$2y$10$JIZH.88Hs8FaR1aTB/rVg.RqNDN5DIZm3N663Iw961N0cmfbNwgeS',NULL,'2024-12-02 14:46:34','2024-12-02 14:46:34',9,1,NULL,9),(406,'ARwrByOGoUDwPFe','gestionmagygagnon@live.com',NULL,'$2y$10$NnFqWtXpN80KxI4mkRoRa.uaBv9Az9i.rpdPgtf7Aun02yE32frV2',NULL,'2024-12-02 14:49:40','2024-12-02 14:49:40',9,1,NULL,9),(407,'YvRWWJCYuSX','delta@deltatransport.net',NULL,'$2y$10$duN7WFpeZ8RbYgvtfX2CGur6QqxjCVEjer1VyRZYZSt2/9pibKEnu',NULL,'2024-12-02 15:16:06','2024-12-02 15:16:06',9,1,NULL,9),(408,'TiAPbcuNtq','rinthailand@gmail.com',NULL,'$2y$10$6M6XPseR1oTl4AxsB7Y6neaG4X3ywY9ZTuCVDshjMzo2yzjPWt49C',NULL,'2024-12-02 15:37:45','2024-12-02 15:37:45',9,1,NULL,9),(409,'aHrscmyrovpEo','rzuniga1515@gmail.com',NULL,'$2y$10$lwIQ5tng4hIgTYBb0G5UJO3jyfCDalbz.rs9HtqA3VHP5zCO8BeCa',NULL,'2024-12-02 15:46:32','2024-12-02 15:46:32',9,1,NULL,9),(410,'uuncYXmIawHv','jennlaxylax@icloud.com',NULL,'$2y$10$LrmJCdYQSJX1P2bisBjrhe98wmbc1cG5zG1IZ25KP1b5M.0x2kpq2',NULL,'2024-12-02 15:54:06','2024-12-02 15:54:06',9,1,NULL,9),(411,'LNzlfzjwXrYmx','cannonvikki@gmail.com',NULL,'$2y$10$.1JB1lwCF0q.OZKjcgACCOxwbmn3o.dXX9KCKqQcRDkhzZjNNarF.',NULL,'2024-12-02 16:08:30','2024-12-02 16:08:30',9,1,NULL,9),(412,'zZIGNQTsglr','tifanymorey182004vif@gmail.com',NULL,'$2y$10$UH9/Juxe10B7z8of/zpKteUx3.9uB64pXWDKfhO4DcdnwCiKS4A9i',NULL,'2024-12-02 16:22:31','2024-12-02 16:22:31',9,1,NULL,9),(413,'IaFqghzvbAlvKO','kathemurray@gmail.com',NULL,'$2y$10$SiudUsyYnoUJL8F/bpCHRepjVpqS40yS/44WJPSIHWH0r.ZvwWfFO',NULL,'2024-12-02 17:10:51','2024-12-02 17:10:51',9,1,NULL,9),(414,'rIEHNTLXIP','paulatatum32@gmail.com',NULL,'$2y$10$k6JS4aXI3XSwZizgYur3L.ZyR1OapqDI3l4zTpCk8zr90QSNlovzq',NULL,'2024-12-02 17:25:14','2024-12-02 17:25:14',9,1,NULL,9),(415,'bOmouwOotZJ','lakeishahightower@gmail.com',NULL,'$2y$10$Tc7WI1zFqoM3eqQkdZ8xjOCSdZFmfoa5E393HSXyFV51YMUHVCJTm',NULL,'2024-12-02 17:26:40','2024-12-02 17:26:40',9,1,NULL,9),(416,'AnnZnJwFwWMoUo','gsand40@gmail.com',NULL,'$2y$10$I57tSwkp1undZ/T.515b7.vwEP.fOcK/NAp5TkHgTAL.s.RuwrZn6',NULL,'2024-12-02 17:39:10','2024-12-02 17:39:10',9,1,NULL,9),(417,'YivvZQyHwDJsps','nrs1103@gmail.com',NULL,'$2y$10$tIDEm/wgomTr7nLpEPD./.7aWLVKQIgyMnfWPAGu/8pHczN/.XNf2',NULL,'2024-12-02 17:59:17','2024-12-02 17:59:17',9,1,NULL,9),(418,'WvpAsEhlk','edwinyang814@gmail.com',NULL,'$2y$10$TANwA6NpDOXXO5J2QvVnNeypHAZcs69QUQXy7e5/XXn9QKV0da4Fm',NULL,'2024-12-02 18:00:36','2024-12-02 18:00:36',9,1,NULL,9),(419,'PKMeuUfZ','rdelleo@abacusnyc.com',NULL,'$2y$10$ZgSS3CL8JVtR5UpkfzqvaOC83uqYeyqc/5SJkogVcIysL98h4GXhG',NULL,'2024-12-02 18:05:16','2024-12-02 18:05:16',9,1,NULL,9),(420,'WybmmzVfRYgNuUB','natalie.reds@gmail.com',NULL,'$2y$10$jlPz9CM3c84alSYyx0fG/u0Pgt2oM9aim3QkSIQsSu2NdWQv351k6',NULL,'2024-12-02 18:45:29','2024-12-02 18:45:29',9,1,NULL,9),(421,'yXzucjdOJk','rodolfo.solares@liquidityservices.com',NULL,'$2y$10$6IGU0BB1cd9Q/xqtgFX84u7HX3zr0lWJam3lVcjlh2E3PmGOF2/qC',NULL,'2024-12-02 18:48:14','2024-12-02 18:48:14',9,1,NULL,9),(422,'aBOGUnRSgD','wcaswill@gmail.com',NULL,'$2y$10$UB6P.Ty.gk/mx7JN4OlOPO4mvMCeuUhMV9nRWmBP3.1jS.ya.haVm',NULL,'2024-12-02 19:01:08','2024-12-02 19:01:08',9,1,NULL,9),(423,'MrlKBHIlQiSzYxf','lmalkin97@gmail.com',NULL,'$2y$10$G0lwTXEq7ofACQmCLIeIn.thFrb3QnP3WH8cmPdOELszzZUXPhdhm',NULL,'2024-12-02 19:14:18','2024-12-02 19:14:18',9,1,NULL,9),(424,'hPeycmOaDJWWkBi','dannymathurasingh@gmail.com',NULL,'$2y$10$9dTYLv7LuB2o/bl6hbXeL.V7bltBlgVyfOjBJe16W3ivtEbpW7.wC',NULL,'2024-12-02 19:29:27','2024-12-02 19:29:27',9,1,NULL,9),(425,'vGACiteqouh','davidwlamar@gmail.com',NULL,'$2y$10$BoNzFC1kXC9vs0AufUnZq.br1BH3I4RntnZmzzfIlQktCCQ2WPWWK',NULL,'2024-12-02 19:52:33','2024-12-02 19:52:33',9,1,NULL,9),(426,'IJzdqSiju','kamenn19@cfl.rr.com',NULL,'$2y$10$kyWoUzsxdYKrjBDaHQFc5.k79hT7VOKDjmdyy8TqpxFnkMlPx7xO2',NULL,'2024-12-02 20:00:42','2024-12-02 20:00:42',9,1,NULL,9),(427,'LRXCmcYHtTHdFwj','maribelcavazos2@gmail.com',NULL,'$2y$10$uVg3VOz4xX5nK6KSfOXCIeneCEXI3g3AazTf5SUIjAoSDa2pPeVvC',NULL,'2024-12-02 20:01:40','2024-12-02 20:01:40',9,1,NULL,9),(428,'mKuZiNjihoK','fitzgerald.keri@gmail.com',NULL,'$2y$10$u0tIRWH6D2z.S5mgHYJibO.x1fJ34k0BSDMCZgoezN//.8OoXB7HS',NULL,'2024-12-02 20:02:47','2024-12-02 20:02:47',9,1,NULL,9),(429,'XFvXpLMqDrywbN','hestonmoyers92@gmail.com',NULL,'$2y$10$CFtzexT6Oecb0gqLjG4wuO4wscf7mFK335kJ2gyhFWYEcNFOVdKWm',NULL,'2024-12-02 20:16:59','2024-12-02 20:16:59',9,1,NULL,9),(430,'PLKTFSOLtKScqka','dariusz.skowronski77@gmail.com',NULL,'$2y$10$j7YY7aPvW31eF4FerGP8HeVe/i.0GHDXo1YLKP3fAlXlCAD4LTGx6',NULL,'2024-12-02 20:18:28','2024-12-02 20:18:28',9,1,NULL,9),(431,'CUNwvMJnNugVS','tmarie1983@gmail.com',NULL,'$2y$10$0KdE6CtwAcNm4j4h4FvnX.Ss.Si.tEpySzCL5qi1Jdkc4o/4JCnWW',NULL,'2024-12-02 20:25:32','2024-12-02 20:25:32',9,1,NULL,9),(432,'GnnQkObOWT','yustin@selectdoor.net',NULL,'$2y$10$SxEx/iEcFo0.AgIQ6YXmiOtrogzD4nwou/w.KvE/VuYh43vjs.O/.',NULL,'2024-12-02 20:33:46','2024-12-02 20:33:46',9,1,NULL,9),(433,'lVlYrPutY','remi.laroche@soucy-group.com',NULL,'$2y$10$Kj/1TmZLv90IH8gDbbyOnuwc9/4TxxThVyn7WtuTZlYfPoUmv0UeS',NULL,'2024-12-02 20:41:59','2024-12-02 20:41:59',9,1,NULL,9),(434,'ARqxVnGgaCIwP','beartkacz@gmail.com',NULL,'$2y$10$.4C3uFQmC5f2akNeZE9I/eKm57tsbVcJE/faZQwkeavBb3iPJJ3u.',NULL,'2024-12-02 20:57:58','2024-12-02 20:57:58',9,1,NULL,9),(435,'LNMWTeQedlQ','mfobes@gmail.com',NULL,'$2y$10$AJLuDf.z70Pnm.EC..x9auMBWkq.Umf1yBsCIie3Knkt0BXb4GGkO',NULL,'2024-12-02 22:26:24','2024-12-02 22:26:24',9,1,NULL,9),(436,'QIEwzhgBjguLxD','belinda.ferguson@hotmail.com',NULL,'$2y$10$sBsiysySxz5q1YI9JREgauiTwbxEtjGIxWTTlkPPJg7NbfLDjO3DK',NULL,'2024-12-02 22:35:38','2024-12-02 22:35:38',9,1,NULL,9),(437,'UEZVXPgZ','trandall54@gmail.com',NULL,'$2y$10$Il3jLD1SsuQEW4C6cMZcQuKJ7VbdA.i9K3mFOtPzJPtJNFXK7th8C',NULL,'2024-12-02 22:39:04','2024-12-02 22:39:04',9,1,NULL,9),(438,'ZfrPauPlU','tyracz@gmail.com',NULL,'$2y$10$yhKzv6bvlrqmFKr0y2pVDe1.YLTn2eeQ7e0Y8n7nOHakAmRmP0Hfe',NULL,'2024-12-02 22:56:02','2024-12-02 22:56:02',9,1,NULL,9),(439,'ptAAbqVTpf','sebastianbexa@icloud.com',NULL,'$2y$10$eaYnVyFQz1q7vVzeUusl5Oy4xefPrvk8M3i4iesOhUiScaXcLD88O',NULL,'2024-12-02 22:58:04','2024-12-02 22:58:04',9,1,NULL,9),(440,'TvkDfIZbEGkHIb','jpghira@hotmail.com',NULL,'$2y$10$4BqogfsWhZLHAr/rihPuiO6rc6jl6tD4gXLL/4Tc54XE.uwZq3ovO',NULL,'2024-12-02 23:10:42','2024-12-02 23:10:42',9,1,NULL,9),(441,'ndEoVKmWlNgE','cplossl@gmail.com',NULL,'$2y$10$2tMn3stRKr09MNfN8nNJzO7D5m6WTlVvbKeu3xLcyAbitilJPRsd.',NULL,'2024-12-02 23:25:01','2024-12-02 23:25:01',9,1,NULL,9),(442,'yXzKffGcOxN','bulgcj@gmail.com',NULL,'$2y$10$8z1WkP6nxDeF4ffT5hbSauJjKu/nwoW749oAuDeHHTr.Zbe5DNET2',NULL,'2024-12-02 23:33:21','2024-12-02 23:33:21',9,1,NULL,9),(443,'mnKnVCPhkirukI','amandine.peeters07@gmail.com',NULL,'$2y$10$3zK1s/7LODnaPrEUNx11GuLgdUpo1Myo7ZbfyK.XDsfF/14k9wy5G',NULL,'2024-12-02 23:55:32','2024-12-02 23:55:32',9,1,NULL,9),(444,'OtrRAYeVOtl','mandy.christiansen@ngc.com',NULL,'$2y$10$j.9dRVDYeYg4i2YayXlxleRYoL3wQ83DbJZZ35jmh7x3Btq2ZiT3e',NULL,'2024-12-02 23:55:39','2024-12-02 23:55:39',9,1,NULL,9),(445,'CHagPVkDO','pdace@cox.net',NULL,'$2y$10$MY6xWCbrAT0Uekt1PPLuYuP/NpgYaCLeytytwJzYS5zE9BQvOqJyC',NULL,'2024-12-03 00:09:24','2024-12-03 00:09:24',9,1,NULL,9),(446,'NkvRxHYNPvuh','froelichdillon@gmail.com',NULL,'$2y$10$9ufuICuwhpiCbxo0Dm8tD.IGQCbC2yZELZ7JgDc5vkngc5PcUVxO2',NULL,'2024-12-03 01:03:53','2024-12-03 01:03:53',9,1,NULL,9),(447,'HDVmiZRmWGBY','katepanozzo@gmail.com',NULL,'$2y$10$ZwSCM/u6kSMoInk.JaoWeumlvpp2vwMtKxwL5AnQ82p1ySMCVD986',NULL,'2024-12-03 01:26:15','2024-12-03 01:26:15',9,1,NULL,9),(448,'kedSqNuUxIJX','lenzo78@gmail.com',NULL,'$2y$10$IUg50FYvGEsxht57wtgbCuKrAbJAhYCxyc93w9AVHI.JlOuL83nUe',NULL,'2024-12-03 01:28:30','2024-12-03 01:28:30',9,1,NULL,9),(449,'oErLgIPBMDOnRz','amcinteer@gmail.com',NULL,'$2y$10$KLDJUTlXdwNfKQbtqFmPM.b/ODdfFK3OxyKexssRt5nebdDPOS7Ki',NULL,'2024-12-03 02:14:26','2024-12-03 02:14:26',9,1,NULL,9),(450,'SqyvhpUp','lavondarville@gmail.com',NULL,'$2y$10$dUafYN.EJ3c3VyFLk7K6geJYLzR/FYRtr67d2bHcZfxFknTliOgmW',NULL,'2024-12-03 02:32:51','2024-12-03 02:32:51',9,1,NULL,9),(451,'CCrSzFrumSLmOFX','trashpowerandco@gmail.com',NULL,'$2y$10$mNFCXILvFaZ.kQB4I6h1Iu8kZQGwf.XvFv/tg0bDKM4gBre8LOkKq',NULL,'2024-12-03 03:07:52','2024-12-03 03:07:52',9,1,NULL,9),(452,'FTSwaVsicxo','lorraintr@gmail.com',NULL,'$2y$10$zxqYfPvhjwWeJoCHi.RfDeM3YepkwwN5pWyjP4dN5jTGUIY9OTO8C',NULL,'2024-12-03 03:28:09','2024-12-03 03:28:09',9,1,NULL,9),(453,'KJrBaOPlwH','mohak928@gmail.com',NULL,'$2y$10$BoNFVg0JFlJwY5gBkNtWUeFtimZ3tVa8M1r3O4CmsZTk8LNDtVMRG',NULL,'2024-12-03 05:48:42','2024-12-03 05:48:42',9,1,NULL,9),(454,'bWVTfkwF','djk4343@gmail.com',NULL,'$2y$10$y3ve9EndfllZ0eqALo6bAOxauVNGjy2yt6kA1fq40TpIzgNydxAia',NULL,'2024-12-03 05:59:25','2024-12-03 05:59:25',9,1,NULL,9),(455,'HAamSYsIeumcg','katbat1229@gmail.com',NULL,'$2y$10$89QDLsIWv8BJdD9ClUklf.2sKVB432BZBY4nlw9m1P9n6CvofvU6m',NULL,'2024-12-03 06:42:08','2024-12-03 06:42:08',9,1,NULL,9),(456,'HPZYyqraikKlzu','vladimir@totalgroup.rs',NULL,'$2y$10$crBQ8TE4YLRBL8ftcsTCT.3.93R2cZeRsV5kiVYVRwtzLJ.tfgUOS',NULL,'2024-12-03 07:04:53','2024-12-03 07:04:53',9,1,NULL,9),(457,'lEzdOwQR','belindauvb37zp@gmail.com',NULL,'$2y$10$8WMXL9bCBwIj8Mu18cfaueAPS8Y116jmOHLw7vx9P4rfYQdg7U5uu',NULL,'2024-12-03 07:08:33','2024-12-03 07:08:33',9,1,NULL,9),(458,'JdKRHFkVldN','oliverismylife@gmail.com',NULL,'$2y$10$PuPZBf1/GahoGNvoqol3Pe.Of.jYmSYcVwnHG.OTuI/mr7pSc8Ix6',NULL,'2024-12-03 07:30:28','2024-12-03 07:30:28',9,1,NULL,9),(459,'utSaLScEdn','ursula.canders@currenta.de',NULL,'$2y$10$FWVOXWpi1ERlbJ1y4QrwY.idNszOaUk6Ll.spUEpGiTYAQPgriwYC',NULL,'2024-12-03 08:31:57','2024-12-03 08:31:57',9,1,NULL,9),(460,'yIfgCztSbHzzLbv','anna.froehlich@alpla.com',NULL,'$2y$10$XnLJXqjHfNU7CJljtbmfqOG5gw079rYVci.ckes965e/bZSdXsXLa',NULL,'2024-12-03 09:29:33','2024-12-03 09:29:33',9,1,NULL,9),(461,'FUtWLpUvu','gmillar24@gmail.com',NULL,'$2y$10$Fhh8XZ4/Tx9aB9hV/cSoZeRqvN5tyTAUJ2iUeLt825ucQyjAoAmIy',NULL,'2024-12-03 10:25:54','2024-12-03 10:25:54',9,1,NULL,9),(462,'DZGlUkYsUd','matthias.falkenhahn@eb.de',NULL,'$2y$10$bYbzSddDfMr4hlw0NDQYaOneAJml./4akHkWvG/7hCbXZHuMelRWe',NULL,'2024-12-03 10:59:08','2024-12-03 10:59:08',9,1,NULL,9),(463,'zSRMWENqiUVCND','murielle.dubuis@css.ch',NULL,'$2y$10$IW2yom7o8Nu5aTZdfeCBGubbPIUnipzFJA6I5jjCD2/.VHal4UT0u',NULL,'2024-12-03 11:24:13','2024-12-03 11:24:13',9,1,NULL,9),(464,'jlueghyVazrRd','lindaggarcia1@gmail.com',NULL,'$2y$10$inlWY2FlGe/L/MIEWU5O9O2QaOkFwLejZXFphNDj9DRFhdM2iI1A.',NULL,'2024-12-03 11:29:11','2024-12-03 11:29:11',9,1,NULL,9),(465,'fPIHTpMGNKyX','mcalus@hegelmann.com',NULL,'$2y$10$Fewzut1a3T5fVFE0YFg3UeJGG.6HRao2prMOMDz.NHX/Ke0i6wsQa',NULL,'2024-12-03 11:33:37','2024-12-03 11:33:37',9,1,NULL,9),(466,'DvolSOgGiBr','michael.barkam@kws.com',NULL,'$2y$10$QIvI/dMDvYND68e3KAydH.ckyiynhkgOrG4Hny6s7FjPJHWKLQOOK',NULL,'2024-12-03 11:37:40','2024-12-03 11:37:40',9,1,NULL,9),(467,'xmGtZYme','andreas.fladerer@knapp.com',NULL,'$2y$10$Ux2ZRSQRRbmVihseACL4qeSPXy3rbS1K0A7AG5lkM7TJH6gZY94pa',NULL,'2024-12-03 11:49:14','2024-12-03 11:49:14',9,1,NULL,9),(468,'YIdxBDpkYqTY','marlene.2@gmx.at',NULL,'$2y$10$RA.ZltJzEc1Id1y6qNiUQOiDOeDMqwBZLafSAfBhUNTmL4BT7tytm',NULL,'2024-12-03 12:06:42','2024-12-03 12:06:42',9,1,NULL,9),(469,'eZJAcmdJVsaNQ','1steele.cl@gmail.com',NULL,'$2y$10$vBqIIgjk3XkamsBm8fFJn.GPTPIEsVoVrEZNdu.pXh3oRNKP3kJC6',NULL,'2024-12-03 12:16:35','2024-12-03 12:16:35',9,1,NULL,9),(470,'nfMkNloQzNoZq','ashish.jaryal@oetker.com',NULL,'$2y$10$Q.VzqeugGOwvQjfYjuRYfemK2Pah.i0Ut4fL9rbGbQD/8dv633DaG',NULL,'2024-12-03 12:26:53','2024-12-03 12:26:53',9,1,NULL,9),(471,'cvnkgfTeIwg','stephan.winkler@prosiebensat1.com',NULL,'$2y$10$SJ/wejFjQgJiDd/27kfALOlJSYWmke.tBQEDvFA0H6SJSZy6gGnk2',NULL,'2024-12-03 12:37:17','2024-12-03 12:37:17',9,1,NULL,9),(472,'PMQYeigmccwxHpo','cmeliafelix@gmail.com',NULL,'$2y$10$eSV3RQf0Tj8yn1KTTT19TOaB6g5sh2u6IhVi6UtNUPe5a6QyZQVjW',NULL,'2024-12-03 12:48:18','2024-12-03 12:48:18',9,1,NULL,9),(473,'UubgzWJu','jlynnford65@gmail.com',NULL,'$2y$10$amYcQXNzPkTaGCMnjl/Hfu5eY.Df2Qrv3SXu0yznc9x4lh3p84amG',NULL,'2024-12-03 12:54:30','2024-12-03 12:54:30',9,1,NULL,9),(474,'hJQFMpAMUUmsmzl','w.mechanic@gulfcoastcorp.com',NULL,'$2y$10$pHX8SelOWusw1oWmxaWBuO/oW14hD26Fb1RRCBxdrqLc2zg5cdOqy',NULL,'2024-12-03 13:37:23','2024-12-03 13:37:23',9,1,NULL,9),(475,'FftPMoRidldW','crocha@barlettaco.com',NULL,'$2y$10$Rfmj88FYNPZ9EE/H2AyJ6uHL9wzGTnpbAGNaSIj0BxUAJRkgq/Vlm',NULL,'2024-12-03 14:35:52','2024-12-03 14:35:52',9,1,NULL,9),(476,'MpzPspWVmr','cpalombo@barnesaero.com',NULL,'$2y$10$7avxNecouraKRfrxF/NOXOYmlVfVMl.hzf2MV3rNk71wC0aG6SfYK',NULL,'2024-12-03 14:47:08','2024-12-03 14:47:08',9,1,NULL,9),(477,'ooqzJUFzhibk','corporateconsultants@gmail.com',NULL,'$2y$10$J0/j1NZNjzCJiPmJBWZ9suh/DJsw42M5PiP9P4ws.QJJBtrWa9k0.',NULL,'2024-12-03 14:56:45','2024-12-03 14:56:45',9,1,NULL,9),(478,'WDZbJtPPjf','jruiz@avino.com',NULL,'$2y$10$B7Y5TtHUkvrUj7g/9y3cmOOb3m7EiVNcQ01oMn8xhI2n.wL3/qUXG',NULL,'2024-12-03 14:57:30','2024-12-03 14:57:30',9,1,NULL,9),(479,'MQRPfZCvkK','dbee1211@gmail.com',NULL,'$2y$10$M82TFHDsf7Sc.KdidSJukecxFlYfH5tUEWA7EBXyiczNByGY0UJeW',NULL,'2024-12-03 15:06:26','2024-12-03 15:06:26',9,1,NULL,9),(480,'CCtmCYmzsS','bigarmsinc@gmail.com',NULL,'$2y$10$hJF.1htjhrAzlYEU43xvPuzM7nQj3jhWs3Xknx34HafHgsfTq6UU.',NULL,'2024-12-03 15:19:10','2024-12-03 15:19:10',9,1,NULL,9),(481,'RkYSHDzn','coinoperated57@gmail.com',NULL,'$2y$10$Z3aKGe1VEo2d97ngd87V5.w8pQtnWDPZuZqaHextw57Wl5s629L8i',NULL,'2024-12-03 15:36:50','2024-12-03 15:36:50',9,1,NULL,9),(482,'dyFfmNWbpobTa','nmurrell1993@gmail.com',NULL,'$2y$10$LyQNCVsfXgDRImcPehZpseFDZRWeyTjiFkHMxtoOLa/XDNv5gzQs.',NULL,'2024-12-03 15:39:47','2024-12-03 15:39:47',9,1,NULL,9),(483,'QVZSCvCluMJzW','matthew.p.mccormick@gmail.com',NULL,'$2y$10$W/tnG96e2oTwl9l3i6RSteT0njDc3JOggqacFyiSRsv51Ma3Tl6oe',NULL,'2024-12-03 15:55:28','2024-12-03 15:55:28',9,1,NULL,9),(484,'eAfMBMqgJJUMf','libby.culbert@hotmail.co.uk',NULL,'$2y$10$kLWRtO28yekotzoed/ww9u218/yMbho3N70YnYy.ySF6OPC2MBtRK',NULL,'2024-12-03 16:31:10','2024-12-03 16:31:10',9,1,NULL,9),(485,'djgWiQpCRxr','laisbo83@gmail.com',NULL,'$2y$10$Ds0QYYcBm9ykataEjz4ZLOZoQsCRs1.CkmH74ahLAUHY2Nr/RdyGK',NULL,'2024-12-03 16:33:54','2024-12-03 16:33:54',9,1,NULL,9),(486,'NrQOgqCkEgpEB','luboscendelin@seznam.cz',NULL,'$2y$10$LXRyTDe0oYEClGkvv.eOQuITjVhoMhVt3DOXb9eucNZiuq5P5qgbm',NULL,'2024-12-03 16:34:49','2024-12-03 16:34:49',9,1,NULL,9),(487,'HonxbFJvEND','lovingnavywife@live.com',NULL,'$2y$10$kUdv.zLTUjlvAPh2YrOlheAuUzvuHGLqLiIcRGVLg8McZKpXHsYO.',NULL,'2024-12-03 16:35:01','2024-12-03 16:35:01',9,1,NULL,9),(488,'RJUbtWhnhY','rikkiconley@gmail.com',NULL,'$2y$10$HjfmgHBk/t9tm/RvWRaAfOeMgPXQxNlrvHYNCjKwS/a79vVZDnMx6',NULL,'2024-12-03 16:50:26','2024-12-03 16:50:26',9,1,NULL,9),(489,'xaTyIrUvCfoZJO','plbs1234@gmail.com',NULL,'$2y$10$S/4BshuSWQNvWiphT0ugpOnu9WU9a06jLrNBGXD0KihlxSMSBVBke',NULL,'2024-12-03 17:02:24','2024-12-03 17:02:24',9,1,NULL,9),(490,'vPLbWzvlT','cristin.mcdevitt@gmail.com',NULL,'$2y$10$.OzEJuSsaol2cFC11A2pTu3yzbiBusyJA1RKin86TxUj196XlZRbi',NULL,'2024-12-03 17:12:00','2024-12-03 17:12:00',9,1,NULL,9),(491,'AbxLbwtirsKwfq','emmanuelp@bachrachgroup.com',NULL,'$2y$10$MpuBNabC2gkOZ/nIgyVzAuY1S0RFudiHiXCRWCnD5iT2rtEUgG4J.',NULL,'2024-12-03 17:22:05','2024-12-03 17:22:05',9,1,NULL,9),(492,'RzaiJOkhcSjuX','dxl.chidester@gmail.com',NULL,'$2y$10$dzbnF6SETGfI8kJOeEVX/O1dexAi2NopG3rUOpUEEJyKZ8NsX2eY6',NULL,'2024-12-03 17:41:01','2024-12-03 17:41:01',9,1,NULL,9),(493,'KavZkQfLPCYlOIw','jmchugh@awcwire.com',NULL,'$2y$10$PRyneTTDAQLB/CL2rZzFTu8NXk/EbPtjiB.a1BgqKT.eiq18.Xlbe',NULL,'2024-12-03 17:53:40','2024-12-03 17:53:40',9,1,NULL,9),(494,'jVYCesRYBWbi','alyson.l.smith@gmail.com',NULL,'$2y$10$nyaf6OzSdWLyzT2edCDQget2uapIudZI4EIPdoaFQSTOzoGd8rLla',NULL,'2024-12-03 18:06:29','2024-12-03 18:06:29',9,1,NULL,9),(495,'sEoTznpaSSb','zeki@dsoda.com',NULL,'$2y$10$OOJEElSbH36wVeadH5mVsO.A4g2S3G1ZGhAf1m5GNqRqHTjpx/OBG',NULL,'2024-12-03 18:33:57','2024-12-03 18:33:57',9,1,NULL,9),(496,'WxSfDLNkh','stan-mueller@vodafone.de',NULL,'$2y$10$d4hMqZQ8SfgdAmen0rxLr.tvWNHPP.EgbaYyWs.tx9aUn9or2U4IK',NULL,'2024-12-03 18:36:31','2024-12-03 18:36:31',9,1,NULL,9),(497,'uaVaGEbqPKoBf','sstmartin@banddconst.com',NULL,'$2y$10$u0axIhdTMZ1Ed5NgIW9l9.VToBtBp1B8nSrsfpmH.neKBewTTGiF.',NULL,'2024-12-03 18:44:18','2024-12-03 18:44:18',9,1,NULL,9),(498,'QJcYNmfEMDff','taijibear9@gmail.com',NULL,'$2y$10$zJe1dMWr9Z37iw4DgBVM4eNsLoc0po1ChB1GMQmTRkt1bln47y7YW',NULL,'2024-12-03 18:47:51','2024-12-03 18:47:51',9,1,NULL,9),(499,'xydBuDmJICO','patrickdiana0@gmail.com',NULL,'$2y$10$UWR0iM2MEKMK7jSY7gSbOePtw3LaHbQpzLiSWMwLs4Q22HtgZFMjC',NULL,'2024-12-03 18:56:54','2024-12-03 18:56:54',9,1,NULL,9),(500,'HXxVyJrtN','dmdunlap@comcast.net',NULL,'$2y$10$9LHHsm72vBIJn7dt7FOnouvPL/xE7VSsjhGXOJ9iKTzfM7dni8f6e',NULL,'2024-12-03 19:09:01','2024-12-03 19:09:01',9,1,NULL,9),(501,'HqdJmRogkSQ','ryantweed722@gmail.com',NULL,'$2y$10$A./vKteKZ8BpzzOnnjy7y.gz04S8WRFJMTCw9okXM94Yzk1NGtVr6',NULL,'2024-12-03 19:13:32','2024-12-03 19:13:32',9,1,NULL,9),(502,'TBdvMCRppqApgdZ','wiktord1403@gmail.com',NULL,'$2y$10$gWfcOJoS6FhECAAO9gmdtuQyaLtU1L9RFC./Rdnt4DFdpamJlhmRW',NULL,'2024-12-03 19:18:59','2024-12-03 19:18:59',9,1,NULL,9),(503,'QebWZitZWjalB','chrisy998@gmx.de',NULL,'$2y$10$JEtyhPOVgHzT4eKqU.Tsqe9yisVwI79yQrVhVmoM.Y57nvsyuKcfW',NULL,'2024-12-03 19:22:22','2024-12-03 19:22:22',9,1,NULL,9),(504,'wnSDiYkBaW','hrezai2004@gmail.com',NULL,'$2y$10$duKhWCCYi8QavOufcpLGG.VsIn.yf9K8SwYb4SdIInAcIpQgVS2wW',NULL,'2024-12-03 19:37:24','2024-12-03 19:37:24',9,1,NULL,9),(505,'YAXiuxsFanyigaK','deepak.gkrishnan@gmail.com',NULL,'$2y$10$zs/uqcZDvB79detTDnljFeImGEmFIole4e3GbTbXzxeKFqJQWrMb2',NULL,'2024-12-03 19:45:21','2024-12-03 19:45:21',9,1,NULL,9),(506,'jHkWQujGVZd','dispatch@uslogisticsnj.com',NULL,'$2y$10$ZjPB8muMTC8iP6lfMuOiSuhJ0F.5CErIDbiJCXaw0VNYEccqsuZKu',NULL,'2024-12-03 19:47:29','2024-12-03 19:47:29',9,1,NULL,9),(507,'qNZDOWoIpRyOH','butcda@icloud.com',NULL,'$2y$10$Ld59WAtrpKsCYfKetZ80AOrZp0PmSBNChDdiw2xa46FzRTGlhqmJO',NULL,'2024-12-03 19:47:30','2024-12-03 19:47:30',9,1,NULL,9),(508,'IhqGbJhyCzQf','luismartinez@twc.com',NULL,'$2y$10$bIX7lWuOu.0Do2dy6P6s7.KaQQwi/9D65RJPh2ZveAdpodK7LC5Cq',NULL,'2024-12-03 19:50:37','2024-12-03 19:50:37',9,1,NULL,9),(509,'jjaMdhFGhKLwwiT','jzang3@hotmail.com',NULL,'$2y$10$tsKWzMt50oN2lF5zOzT.IeoIiE3EEeELTjFSeGik24YHKFbLVgwq6',NULL,'2024-12-03 20:01:16','2024-12-03 20:01:16',9,1,NULL,9),(510,'hOWwcJNaXAkZcCP','pat.masters@gmail.com',NULL,'$2y$10$wJt97VdVdnljEd2A2ZPZzeCDukxPZRZN.yfV51x90KpUtC.nvNZW.',NULL,'2024-12-03 20:03:59','2024-12-03 20:03:59',9,1,NULL,9),(511,'YzbLmRoUha','abbymcconna74@gmail.com',NULL,'$2y$10$s4uTz3tyn7Or4EVKVNTBqOL6JIAT84FMA37KuoZoVWlaVicTxPdaS',NULL,'2024-12-03 20:44:53','2024-12-03 20:44:53',9,1,NULL,9),(512,'xgvkiHStoCoU','davidwdixon57@gmail.com',NULL,'$2y$10$SIuqTv8ChVl715larhk4Z.xiFIBTu2NmmEBxFBz/uA0h/zXQevu36',NULL,'2024-12-03 21:12:51','2024-12-03 21:12:51',9,1,NULL,9),(513,'iCKKVSDOXJqX','djmoresmix.jovm@gmail.com',NULL,'$2y$10$WvAyN4Rk/JZTYwIcQlWhuesWaTOMXS0H.YGoiNaFva94cHiID8mWy',NULL,'2024-12-03 21:40:39','2024-12-03 21:40:39',9,1,NULL,9),(514,'RPtJpKAuS','ron@dencorp.com',NULL,'$2y$10$aKX480SQ.oQeDL7zTrnf2OWUMzhzSQB3jF/bmcDyQFj.1sgGjL0mW',NULL,'2024-12-03 21:51:09','2024-12-03 21:51:09',9,1,NULL,9),(515,'nXOFuUKqI','pchumbley65@gmail.com',NULL,'$2y$10$EYPGq7JW5rva7ByG536jG.ZR33TAq0GQhi2gNBSUDCB1Z.9jQBUmG',NULL,'2024-12-03 22:24:32','2024-12-03 22:24:32',9,1,NULL,9),(516,'AcpejVetd','bsantelli92@gmail.com',NULL,'$2y$10$QuaYhl3OmXlaWJYiQIYkE.PPowRiJPtOlvr347LLbtkVxc76O3dIa',NULL,'2024-12-03 22:29:21','2024-12-03 22:29:21',9,1,NULL,9),(517,'FvTPIiHIUlJPAkq','jcarlson@solvenergy.com',NULL,'$2y$10$Nz6vF/c8VhZuIUgs6qkhIuW7Hx5c.b1ptmU9kloCjTLzne3Hf8Ct.',NULL,'2024-12-03 22:58:41','2024-12-03 22:58:41',9,1,NULL,9),(518,'UVBOHonlMtLp','aprilhorne624@gmail.com',NULL,'$2y$10$nDmP6In6aeq.OwHqNsfqzOXfze8qiOv5SDBrizVMoEaz4G01VUMV6',NULL,'2024-12-04 00:11:38','2024-12-04 00:11:38',9,1,NULL,9),(519,'CMhQNQXObp','pabloreyes@qualityproducciones.es',NULL,'$2y$10$jxjaYf7r/zu3gVp5jYbTg.g5aPMxcV9LWEBi.TPTgIorDBNEuXe7O',NULL,'2024-12-04 00:32:42','2024-12-04 00:32:42',9,1,NULL,9),(520,'reNRYnkxLYr','mackenzie@impressionroofing.com',NULL,'$2y$10$reX4EEG9.ufYxLfzKO8IeePPe./1dwSV4G0IeRmPOmGK1EhfJ.LWW',NULL,'2024-12-04 00:50:21','2024-12-04 00:50:21',9,1,NULL,9),(521,'KNfbhBfdcR','pauldawes777@gmail.com',NULL,'$2y$10$H/wcT9xmM8EugZNd7.gYR.HFyPaNvjonAl/BSDzExcXSgT8yOmVHe',NULL,'2024-12-04 02:16:09','2024-12-04 02:16:09',9,1,NULL,9),(522,'SpTeoeKENvwVCF','perry.missy@gmail.com',NULL,'$2y$10$J6hXxHAs3PM1qk3rvCyGV.1zQXrK8RS6Yy11Zy1xzM8.EBbYlDjs2',NULL,'2024-12-04 02:52:14','2024-12-04 02:52:14',9,1,NULL,9),(523,'SDqMTUOJgvBgtT','jrbusby4me2@gmail.com',NULL,'$2y$10$.rc/ALZmVRxb0jQTyUA8g.tOBC1dIcMK2W0k0/TMkpdd3KOU4Izj2',NULL,'2024-12-04 03:06:34','2024-12-04 03:06:34',9,1,NULL,9),(524,'zgzeYUnZBaID','franvanb@gmail.com',NULL,'$2y$10$DxoL7RMRRyL6PKa3qfyfK.jKgO1yI/EXaFpgblgIxbx3ZPvBtTACC',NULL,'2024-12-04 04:34:57','2024-12-04 04:34:57',9,1,NULL,9),(525,'uKKuJAdSxbDtQV','lucymorchio@gmail.com',NULL,'$2y$10$kydpo9AeeiUPnbPfveSo.e/0Vf6uIfPC3GvHZzKAIorFS5GtwV0Hi',NULL,'2024-12-04 05:23:57','2024-12-04 05:23:57',9,1,NULL,9),(526,'hOuPxhjJsW','joshua.peck021@gmail.com',NULL,'$2y$10$byQjcINm8M7nLs4hVrV43eot1jGgs7Og.QFSJ0MVG5GgDJY8G.stC',NULL,'2024-12-04 06:24:24','2024-12-04 06:24:24',9,1,NULL,9);


